{"id":10861,"date":"2020-11-05T12:08:09","date_gmt":"2020-11-05T11:08:09","guid":{"rendered":"http:\/\/icewp.udg.edu\/?page_id=10861"},"modified":"2023-05-15T08:47:41","modified_gmt":"2023-05-15T06:47:41","slug":"politica-de-cookies","status":"publish","type":"page","link":"https:\/\/iceberg.udg.edu\/?page_id=10861","title":{"rendered":"Pol\u00edtica de cookies"},"content":{"rendered":"\n<h2 class=\"wp-block-heading\" id=\"block-745ce933-e119-4447-a1da-42d25b361d8d\">Qu\u00e8 s\u00f3n les cookies (o galetes)?<\/h2>\n\n\n\n<p id=\"block-9d7db873-7d7a-4cee-a868-5d604b831d94\">Una<strong> <em>cookie<\/em> <\/strong>o \u201cgaleta\u201d, \u00e9s un petit fitxer de text que emmagatzema en el seu navegador quan visita qualsevol p\u00e0gina web. La seva utilitat \u00e9s permetre a la web recordar la seva visita quan torni a navegar-hi.<\/p>\n\n\n\n<p id=\"block-45bc0c2d-e265-40e6-8ede-39a032e6c4b7\">Les <strong><em>cookies<\/em><\/strong> solen emmagatzemar: informaci\u00f3 de car\u00e0cter t\u00e8cnic, prefer\u00e8ncies personals, personalitzaci\u00f3 dels continguts, estad\u00edstiques d\u2019\u00fas, enlla\u00e7os a xarxes socials, acc\u00e9s a comptes d\u2019usuaris, etc.<\/p>\n\n\n\n<p id=\"block-652b0419-edb7-4ae7-8f95-0c45e5f837b5\">Les <em><strong>cookies<\/strong> <\/em>no solen emmagatzemar informaci\u00f3 sensible sobre vost\u00e8, com targetes de cr\u00e8dit o dades bancaries, fotografies, el seu DNI o informaci\u00f3 personal, etc. Les dades que guarden s\u00f3n de car\u00e0cter t\u00e8cnic, prefer\u00e8ncies personals, personalitzaci\u00f3 dels continguts, etc. El servidor web no associa a vost\u00e8 com a persona, si no al seu navegador web. De fet, si vost\u00e8 navega habitualment amb \u201c<em>Internet Explorer<\/em>\u201d i prova de navegar per la mateixa web amb \u201c<em>Firefox<\/em>\u201d o \u201c<em>Chrome<\/em>\u201d, veur\u00e0 que la web no es don\u00e0 compte de que vost\u00e8 \u00e9s la mateixa persona.<\/p>\n\n\n\n<p id=\"block-b85c6f2a-2806-4f17-af2e-74c035eb15eb\">L\u2019objectiu que tenen les <strong><em>cookies<\/em><\/strong>, \u00e9s adaptar el contingut de la p\u00e0gina web al seu perfil i a les seves necessitats (sense elles els serveis que ofereixen qualsevol p\u00e0gina web es veurien alterats notablement). Encara que molta gent no ho sap, les <strong><em>cookies<\/em><\/strong> s\u2019utilitzen des de fa m\u00e9s de 20 anys, quan apareixen els primers navegadors per \u201cWorld Wide Web\u201d.<\/p>\n\n\n\n<p id=\"block-b364c719-5573-4844-9edf-0e3b21f24a60\">Algunes <strong><em>cookies<\/em><\/strong>, per exemple les que permeten elaborar estad\u00edstiques o les publicit\u00e0ries, necessiten el consentiment de l\u2019usuari del nostre lloc. En canvi altres cookies, les de car\u00e0cter t\u00e8cnic o les necess\u00e0ries per oferir un servei sol\u00b7licitat per l\u2019usuari, s\u00f3n imprescindibles per al funcionament del lloc.<\/p>\n\n\n\n<h2 class=\"wp-block-heading\" id=\"block-6342dc36-4699-45c7-88ce-ab50698c7b32\">Qu\u00e8 no \u00e9s una cookie?<\/h2>\n\n\n\n<p id=\"block-a237b470-1619-47f4-946e-86ecbbfc8772\">No \u00e9s un virus, ni un \u201c<em>troyano<\/em>\u201d, ni un \u201c<em>gusano<\/em>\u201d, ni \u201c<em>spam<\/em>\u201d, ni \u201c<em>spyware<\/em>\u201d, ni obre finestres \u201c<em>pop-up<\/em>\u201d.<\/p>\n\n\n\n<h2 class=\"wp-block-heading\" id=\"block-17c00cf4-a3a5-42ab-a753-2be55015a592\">Quins tipus de cookies existeixen?<\/h2>\n\n\n\n<p id=\"block-b9c8af60-85c6-4c11-a4dc-4a7ab17a5097\">Les cookies es poden classificar segons la seva vig\u00e8ncia, qui les gestiona o la seva finalitat<\/p>\n\n\n\n<h3 class=\"wp-block-heading\" id=\"block-8a43b1c0-51dc-42d0-adcf-6bd480e8d227\">Segons la vig\u00e8ncia<\/h3>\n\n\n\n<ul class=\"wp-block-list\">\n<li><em>De sessi\u00f3:<\/em>&nbsp;s\u00f3n temporals i queden a l\u2019arxiu de galetes del vostre navegador fins el moment que abandoneu el lloc web.<\/li>\n\n\n\n<li><em>Persistents:<\/em>&nbsp;queden emmagatzemades i el lloc web els llegeix cada vegada que hi feu una visita.<\/li>\n<\/ul>\n\n\n\n<h3 class=\"wp-block-heading\" id=\"block-9e7b4e69-c4b7-45ac-8aae-ea87c1c0c803\">Segons qui les gestioni<\/h3>\n\n\n\n<ul class=\"wp-block-list\">\n<li><em>Pr\u00f2pies:<\/em>&nbsp;s\u00f3n les pr\u00f2pies del titular del lloc web des del que es presten els serveis a l\u2019usuari.<\/li>\n\n\n\n<li><em>De tercers:<\/em>&nbsp;s\u2019envien a l\u2019usuari per part d\u2019un tercer, diferent al titular del lloc.<\/li>\n<\/ul>\n\n\n\n<h3 class=\"wp-block-heading\" id=\"block-d58a670f-09bf-4caf-9903-c4cf867fdc5a\">Segons la finalitat<\/h3>\n\n\n\n<ul class=\"wp-block-list\">\n<li><em><strong>Cookies t\u00e8cniques<\/strong>: <\/em>S\u00f3n les m\u00e9s elementals i permeten, entre altres coses, saber quan est\u00e0 navegant un hum\u00e0 o una aplicaci\u00f3 automatitzada, o quan navega un usuari an\u00f2nim o un usuari registrat, tamb\u00e9 permet realitzar feines b\u00e0siques per el funcionament de qualsevol web din\u00e0mica.<\/li>\n\n\n\n<li><em><strong>Cookies d\u2019an\u00e0lisi<\/strong>: <\/em>Recullen informaci\u00f3 sobre el tipus de navegaci\u00f3 que est\u00e0 realitzant, les seccions que m\u00e9s utilitza, productes consultats, franja hor\u00e0ria d\u2019\u00fas, idioma, etc. Aquestes cookies ens ajuden a millorar la funcionalitat i l&#8217;estructura del lloc web, en funci\u00f3 de com aquest lloc web s&#8217;utilitzi.<\/li>\n\n\n\n<li><strong><em>Cookies d&#8217;experi\u00e8ncia:<\/em><\/strong> Permeten el m\u00e0xim rendiment possible durant la visita dels usuaris. Sense elles, es perden funcionalitats del lloc web.<\/li>\n\n\n\n<li><em><strong>Cookies de m\u00e0rqueting<\/strong>: <\/em>Mostren publicitat en funci\u00f3 de la seva navegaci\u00f3, del pa\u00eds de proced\u00e8ncia, idioma, etc.<\/li>\n<\/ul>\n\n\n\n<h2 class=\"wp-block-heading\" id=\"block-a8ec1def-dd68-4238-8aad-bd52fea73640\">Cookies utilitzades en aquesta p\u00e0gina web<\/h2>\n\n\n\n<p id=\"block-33b0e8d5-b4ca-44ac-acf6-2544ce85a769\">Volem que aquest lloc ofereixi un bon servei i que sigui f\u00e0cil d&#8217;utilitzar. En aquest sentit utilitzem cookies de Google Analytics i de WordPress. Aix\u00f2 ens permet:<\/p>\n\n\n\n<ul class=\"wp-block-list\">\n<li>Recopilar i utilitzar la vostra informaci\u00f3 personal per operar dins el&nbsp;web iceberg.udg.edu&nbsp;i proporcionar els serveis que heu sol\u00b7licitat.<\/li>\n\n\n\n<li>Garantir que els usuaris que escriuen comentaries en el blog siguin humans i no aplicacions automatitzades. D\u2019aquesta forma combatem l&#8217;\u201c<em>spam<\/em>\u201d.<\/li>\n\n\n\n<li>Analitzar estad\u00edsticament la informaci\u00f3 a qu\u00e8 accedeixen els usuaris del nostre lloc. Les dades recopilades poden incloure l&#8217;activitat del navegador de l&#8217;usuari quan ens visita, la ruta que segueixen els usuaris en el nostre lloc, informaci\u00f3 del prove\u00efdor de serveis d&#8217;Internet del visitant, el nombre de vegades que els usuaris accedeixen al lloc i el comportament dels usuaris al nostre lloc (p\u00e0gines que ha visitat, formularis que s&#8217;han completat i similars).<\/li>\n\n\n\n<li>Identificar els usuaris que ens visiten des de la invitaci\u00f3 d&#8217;un lloc web associat o d&#8217;un enlla\u00e7 patrocinat.<\/li>\n<\/ul>\n\n\n\n<p id=\"block-a3ef340f-1f34-4db5-83ff-38a9c54b4c77\">Seguint la normativa de la \u201c<em>Agencia Espa\u00f1ola de Protecci\u00f3n de Dato<\/em>s\u201d procedim a detallar l\u2019\u00fas de les <strong><em>cookies<\/em> <\/strong>que realitza la nostre web, amb l\u2019objectiu d\u2019informar als nostres usuaris amb la m\u00e0xima exactitud possible.<\/p>\n\n\n\n<figure class=\"wp-block-table\"><table><tbody><tr><th>Finalitat<\/th><th>Prove\u00efdor<\/th><th>Nom de la cookie<\/th><th>Gesti\u00f3<\/th><th>Vig\u00e8ncia<\/th><th>Funci\u00f3<\/th><th>Tipus<\/th><\/tr><tr><td>T\u00e8cnica<\/td><td>Universitat de Girona<\/td><td>cookies_and_content_security_policy<\/td><td>Pr\u00f2pia<\/td><td>1 any<\/td><td>Emmagatzema l&#8217;estat de consentiment de cookies de l&#8217;usuari per al domini iceberg.udg.edu.<\/td><td>HTTP Cookie<\/td><\/tr><tr><td>An\u00e0lisi<\/td><td>Google, knightlab.com<\/td><td>_ga<\/td><td>Tercers<\/td><td>2 anys<\/td><td>Registra una identificaci\u00f3 \u00fanica que s&#8217;utilitza per generar dades estad\u00edstiques de com l&#8217;usuari utilitza el lloc web.<\/td><td>HTTP Cookie<\/td><\/tr><tr><td>An\u00e0lisi<\/td><td>Google, knightlab.com<\/td><td>_gid<\/td><td>Tercers<\/td><td>1 dia<\/td><td>Registra una identificaci\u00f3 \u00fanica que s&#8217;utilitza per generar dades estad\u00edstiques de com l&#8217;usuari utilitza el lloc web.<\/td><td>HTTP Cookie<\/td><\/tr><tr><td>An\u00e0lisi<\/td><td>Google<\/td><td>_gat<\/td><td>Tercers<\/td><td>1 dia<\/td><td>Utilitzat per Google Analytics per controlar la taxa de peticions.<\/td><td>HTTP Cookie<\/td><\/tr><tr><td>M\u00e0rqueting<\/td><td>bing.com<\/td><td>MUID<\/td><td>Tercers<\/td><td>1 any<\/td><td>Utilitzada \u00e0mpliament per Microsoft com a identificaci\u00f3 \u00fanica d&#8217;usuari. La cookie permee el seguiment de l&#8217;usuari sincronitzant l&#8217;identificaci\u00f3 al llarg de molts dominis de Microsoft.<\/td><td>HTTP Cookie<\/td><\/tr><tr><td>M\u00e0rqueting<\/td><td>facebook.com<\/td><td>fr<\/td><td>Tercers<\/td><td>3 mesos<\/td><td>Utilitzada per Facebook per a proporcionar una s\u00e8rie de productes publicitaris com a licitacions en temps real de tercers anunciants. <\/td><td>HTTP Cookie<\/td><\/tr><tr><td>M\u00e0rqueting<\/td><td>facebook.com<\/td><td>tr<\/td><td>Tercers<\/td><td>Sessi\u00f3<\/td><td>Utilitzada per Facebook per a proporcionar una s\u00e8rie de productes publicitaris com a licitacions en temps real de tercers anunciants.<\/td><td>Pixel Tracker<\/td><\/tr><tr><td>M\u00e0rqueting<\/td><td>facebook.com<\/td><td>_fbp<\/td><td>Tercers<\/td><td>4 mesos<\/td><td>Utilitzada per Facebook per a proporcionar una s\u00e8rie de productes publicitaris com a licitacions en temps real de tercers anunciants.<\/td><td>HTTP Cookie<\/td><\/tr><tr><td>M\u00e0rqueting<\/td><td>view.genial.ly<\/td><td>_uetsid_exp<\/td><td>Tercers<\/td><td>Persistent<\/td><td>Cont\u00e9 la data de caducitat per a la cookie amb el nom corresponent.<\/td><td>HTML Local Storage<\/td><\/tr><tr><td>M\u00e0rqueting<\/td><td>view.genial.ly<\/td><td>_uetvid<\/td><td>Tercers<\/td><td>Persistent<\/td><td>Utilizada per a rastrejar els visitants en les m\u00faltiples webs per a presentar publicitat rellevant basada en les prefer\u00e8ncies del visitant.<\/td><td>HTML Local Storage<\/td><\/tr><tr><td>M\u00e0rqueting<\/td><td>view.genial.ly<\/td><td>_uetvid_exp<\/td><td>Tercers<\/td><td>Persistent<\/td><td>Cont\u00e9 la data de caducitat per a la cookie amb el nom corresponent.<\/td><td>HTML Local Storage<\/td><\/tr><tr><td>M\u00e0rqueting<\/td><td>view.genial.ly<\/td><td>_uetsid<\/td><td>Tercers<\/td><td>Persistent<\/td><td>Utilizada per a rastrejar els visitants en les m\u00faltiples webs per a presentar publicitat rellevant basada en les prefer\u00e8ncies del visitant.<\/td><td>HTML Local Storage<\/td><\/tr><tr><td>M\u00e0rqueting<\/td><td>youtube.com<\/td><td>yt-remote-device-id<\/td><td>Tercers<\/td><td>Persistent<\/td><td>Registra les prefer\u00e8ncies del reproductor de v\u00eddeo de l&#8217;usuari en veure v\u00eddeos incrustats de YouTube.<\/td><td>HTML Local Storage<\/td><\/tr><tr><td>M\u00e0rqueting<\/td><td>youtube.com<\/td><td>yt-remote-connected-devices<\/td><td>Tercers<\/td><td>Persistent<\/td><td>Registra les prefer\u00e8ncies del reproductor de v\u00eddeo de l&#8217;usuari en veure v\u00eddeos incrustats de YouTube.<\/td><td>HTML Local Storage<\/td><\/tr><tr><td>An\u00e0lisi<\/td><td>youtube.com<\/td><td>yt-player-headers-readable<\/td><td>Tercers<\/td><td>Persistent<\/td><td>Utilitzada per determinar la qualitat \u00f2ptima de v\u00eddeo basant-se en el dispositiu de l&#8217;usuari i la configuraci\u00f3 de xarxa.<\/td><td>HTML Local Storage<\/td><\/tr><tr><td>Experi\u00e8ncia<\/td><td>youtube.com<\/td><td>yt-player-bandaid-host<\/td><td>Tercers<\/td><td>Persistent<\/td><td>Utilitzada per determinar la qualitat \u00f2ptima de v\u00eddeo basant-se en el dispositiu de l&#8217;usuari i la configuraci\u00f3 de xarxa.<\/td><td>HTML Local Storage<\/td><\/tr><tr><td>Experi\u00e8ncia<\/td><td>youtube.com<\/td><td>yt-player-bandwidth<\/td><td>Tercers<\/td><td>Persistent<\/td><td>Utilitzada per determinar la qualitat \u00f2ptima de v\u00eddeo basant-se en el dispositiu de l&#8217;usuari i la configuraci\u00f3 de xarxa.<\/td><td>HTML Local Storage<\/td><\/tr><tr><td>Experi\u00e8ncia<\/td><td>youtube.com<\/td><td>yt-player-volume<\/td><td>Tercers<\/td><td>Persistent<\/td><td>Registra les prefer\u00e8ncies del reproductor de v\u00eddeo de l&#8217;usuari en veure v\u00eddeos incrustats de YouTube.<\/td><td>HTML Local Storage<\/td><\/tr><tr><td>M\u00e0rqueting<\/td><td>doubleclick.net<\/td><td>IDE<\/td><td>Tercers<\/td><td>1 any<\/td><td>Utilitzada per Google DoubleClick per a registrar i informar sobre les accions de l&#8217;usuari al lloc web despr\u00e9s de visualitzar o fer clic en un dels anuncis de l&#8217;anunciant amb el prop\u00f2sit de mesurar l&#8217;efic\u00e0cia d&#8217;un anunci i presentar anuncis espec\u00edfics per a l&#8217;usuari.<\/td><td>HTTP Cookie<\/td><\/tr><tr><td>T\u00e8cnica<\/td><td>Universitat de Girona<\/td><td>comment_author_{HASH}<\/td><td>Pr\u00f2pia<\/td><td>1 any<\/td><td>Recorda el valor entrat al camp &#8220;El teu nom&#8221; del comentari.<\/td><td>HTTP Cookie<\/td><\/tr><tr><td>T\u00e8cnica<\/td><td>Universitat de Girona<\/td><td>comment_author_email_{HASH}<\/td><td>Pr\u00f2pia<\/td><td>1 any<\/td><td>Recorda el valor entrat al camp &#8220;El teu email&#8221; del comentari.<\/td><td>HTTP Cookie<\/td><\/tr><tr><td>T\u00e8cnica<\/td><td>Universitat de Girona<\/td><td>comment_author_url_{HASH}<\/td><td>Pr\u00f2pia<\/td><td>1 any<\/td><td>Recorda el valor entrat al camp &#8220;El teu lloc web&#8221; del comentari.<\/td><td>HTTP Cookie<\/td><\/tr><tr><td>T\u00e8cnica<\/td><td>Universitat de Girona<\/td><td>popup_form_dismissed<\/td><td>Pr\u00f2pia<\/td><td>1 any<\/td><td>Recorda si s&#8217;ha descartat el formulari de subscripci\u00f3 del Newsletter ICEberg UdG.<\/td><td> HTTP Cookie<\/td><\/tr><tr><td><em>Pendent<\/em><\/td><td>h5p.org<\/td><td>H5PUserUUID<\/td><td>Tercers<\/td><td>Persistent<\/td><td><em>Pendent<\/em><\/td><td>HTML Local Storage<\/td><\/tr><\/tbody><\/table><figcaption class=\"wp-element-caption\">\u00daltima actualitzaci\u00f3 el 15\/05\/2023<\/figcaption><\/figure>\n\n\n\n<h2 class=\"wp-block-heading\" id=\"block-7fde6978-2e5d-486e-a381-38e02b076fc7\">Desactivar o eliminar cookies<\/h2>\n\n\n\n<p id=\"block-8196ded8-7f5b-48c4-900b-0d2f899ef90d\">En qualsevol moment vost\u00e8 pot exercir el seu dret a desactivar o eliminar les <em><strong>cookies<\/strong> <\/em>d\u2019aquest lloc web. Aquestes accions es realitzen de forma diferent en funci\u00f3 del navegador que estigui utilitzant.<\/p>\n\n\n\n<h3 class=\"wp-block-heading\" id=\"block-33363cee-ee6f-41ca-9807-10c63df41eaa\">Es poden eliminar les cookies?<\/h3>\n\n\n\n<p id=\"block-33869cd6-74a3-4fdd-8b8f-aee92ca3c676\">S\u00ed. No tant sols es poden eliminar, tamb\u00e9 bloquejar, de forma general o particular per un domini espec\u00edfic.<\/p>\n\n\n\n<p id=\"block-2471a67f-38a7-4969-a899-80439f5796ec\">Per eliminar les <em><strong>cookies<\/strong> <\/em>d\u2019un lloc web, haur\u00e0 d\u2019accedir a la configuraci\u00f3 del seu navegador. All\u00e0 podr\u00e0 buscar les <em><strong>cookies<\/strong> <\/em>associades al domini en q\u00fcesti\u00f3, llavors podr\u00e0 procedir a la seva eliminaci\u00f3.<\/p>\n\n\n\n<h3 class=\"wp-block-heading\" id=\"block-001f3bd9-ee7a-4aa2-aca9-984cc0b20245\">Configuraci\u00f3 de cookies per als navegadors m\u00e9s populars<\/h3>\n\n\n\n<p id=\"block-c1dd4ec6-504e-4b6f-9aca-6a0d186950a5\">Pots configurar el teu navegador per tal que t&#8217;informi pr\u00e8viament de la possible instal\u00b7laci\u00f3 de cookies. Tamb\u00e9 podr\u00e0s optar per tal que se suprimeixin autom\u00e0ticament un cop es tanqui el navegador, equip o dispositiu. Pots trobar informaci\u00f3 sobre com fer-ho a:<\/p>\n\n\n\n<ul class=\"wp-block-list\">\n<li>Per a&nbsp;<a rel=\"noreferrer noopener\" href=\"https:\/\/support.mozilla.org\/ca\/kb\/Galetes\" target=\"_BLANK\">Firefox<\/a><\/li>\n\n\n\n<li>Per a&nbsp;<a rel=\"noreferrer noopener\" href=\"https:\/\/support.google.com\/chrome\/bin\/answer.py?hl=es&amp;answer=95647\" target=\"_BLANK\">Chrome<\/a><\/li>\n\n\n\n<li>Per a&nbsp;<a href=\"https:\/\/support.microsoft.com\/es-es\/topic\/eliminar-y-administrar-cookies-168dab11-0753-043d-7c16-ede5947fc64d\">Internet Explorer<\/a><\/li>\n\n\n\n<li>Per a <a href=\"https:\/\/support.microsoft.com\/es-es\/microsoft-edge\/eliminar-las-cookies-en-microsoft-edge-63947406-40ac-c3b8-57b9-2a946a29ae09\">Microsoft Edge<\/a><\/li>\n\n\n\n<li>Per a&nbsp;<a rel=\"noreferrer noopener\" href=\"https:\/\/support.apple.com\/kb\/ph5042\" target=\"_BLANK\">Safari<\/a><\/li>\n\n\n\n<li>Per a&nbsp;<a rel=\"noreferrer noopener\" href=\"https:\/\/support.apple.com\/kb\/HT1677?viewlocale=es_ES&amp;locale=es_ES\" target=\"_BLANK\">Safari per a iOS<\/a><\/li>\n\n\n\n<li>Per a&nbsp;<a rel=\"noreferrer noopener\" href=\"https:\/\/help.opera.com\/Windows\/11.50\/es-ES\/cookies.html\" target=\"_BLANK\">Opera<\/a><\/li>\n<\/ul>\n\n\n\n<h2 class=\"wp-block-heading\" id=\"block-5e7d5af6-1aac-4e73-9ffd-b7fb971c36a2\">Notes addicionals<\/h2>\n\n\n\n<ul class=\"wp-block-list\">\n<li>Ni aquesta web ni els seus representants legals, es fan responsables ni del contingut, ni de la veracitat de les pol\u00edtiques de privacitat que poden tenir tercers mencionats en aquesta pol\u00edtica de <em><strong>cookies<\/strong><\/em>.<\/li>\n\n\n\n<li>Pots obtenir m\u00e9s informaci\u00f3 sobre WordPress a&nbsp;<a href=\"https:\/\/wordpress.org\/\">www.wordpress.org<\/a>. Per controlar l&#8217;\u00fas i finalitat de les dades pots anar a&nbsp;<a href=\"https:\/\/wordpress.org\/support\/article\/cookies\/\">https:\/\/wordpress.org\/support\/article\/cookies\/<\/a><\/li>\n\n\n\n<li>Els navegadors web s\u00f3n eines encarregades d\u2019emmagatzemar les <em><strong>cookies.&nbsp;<\/strong><\/em>Des del vostre navegador podeu exercir el dret a eliminar-les o desactivar-les. Ni aquesta web ni cap dels seus representants legals, poden garantir la correcte o incorrecte manipulaci\u00f3 de les <em><strong>cookies<\/strong> <\/em>per part dels navegadors mencionats.<\/li>\n\n\n\n<li>En alguns casos es necessari instal\u00b7lar <em><strong>cookies<\/strong> <\/em>per tal que el vostre navegador no oblidi la decisi\u00f3 de no acceptar-les.<\/li>\n\n\n\n<li>Al utilitzar aquest lloc web est\u00e0 consentint el tractament d\u2019informaci\u00f3 respecte vost\u00e8 per Google Analytics. Per tant, l\u2019exercici de qualsevol dels seus drets, ho haur\u00e0 de fer comunicant-se directament amb Google. Pots obtenir m\u00e9s informaci\u00f3 sobre Google Analytics a&nbsp;<a rel=\"noreferrer noopener\" href=\"https:\/\/www.google.com\/analytics\/\" target=\"_BLANK\">www.google.com\/analytics\/<\/a>. Si desitja m\u00e9s informaci\u00f3 sobre l\u2019\u00fas que realitza <strong>Google<\/strong> amb les <strong><em>cookies<\/em><\/strong>, <a rel=\"noreferrer noopener\" href=\"https:\/\/developers.google.com\/analytics\/devguides\/collection\/analyticsjs\/cookie-usage?hl=es&amp;csw=1\" target=\"_blank\">pot consular aquest enlla\u00e7<\/a>. Per controlar la recopilaci\u00f3 de dades amb finalitats anal\u00edtiques per part de Google Analytics, pots anar a&nbsp;<a rel=\"noreferrer noopener\" href=\"https:\/\/tools.google.com\/dlpage\/gaoptout?hl=en\" target=\"_BLANK\">https:\/\/tools.google.com\/dlpage\/gaoptout?hl=en<\/a><\/li>\n\n\n\n<li>Al utilitzar aquest lloc web est\u00e0 consentint el tractament d&#8217;informaci\u00f3 respecte vost\u00e8 per YouTube i DoubleClick. Per tant, l&#8217;exercici de qualsevol dels seus drets, ho haur\u00e0 de fer comunicant-se directament amb Google. Si desitja m\u00e9s informaci\u00f3 sobre l&#8217;\u00fas que realitza <strong>Google<\/strong> amb les <em><strong>cookies<\/strong><\/em>, pot consultar<a href=\"https:\/\/policies.google.com\/technologies\/cookies\"> https:\/\/policies.google.com\/technologies\/cookies<\/a>.<\/li>\n\n\n\n<li>Al utilitzar aquest lloc web est\u00e0 consentint el tractament d&#8217;informaci\u00f3 respecte vost\u00e8 per GENIALLY. Per tant, l&#8217;exercici de qualsevol dels seus drets, ho haur\u00e0 de fer comunicant-se directament amb GENIALLY. M\u00e9s informaci\u00f3 a <a href=\"https:\/\/www.genial.ly\/terms \">https:\/\/www.genial.ly\/terms<\/a>.<\/li>\n\n\n\n<li>Al utilitzar aquest lloc web est\u00e0 consentint el tractament d&#8217;informaci\u00f3 respecte vost\u00e8 per Microsoft Bing. Per tant, l&#8217;exercici de qualsevol dels seus drets, ho haur\u00e0 de fer comunicant-se directament amb Microsoft. M\u00e9s informaci\u00f3 a <a href=\"https:\/\/privacy.microsoft.com\/es-es\/privacystatement\">https:\/\/privacy.microsoft.com\/es-es\/privacystatement<\/a>.<\/li>\n\n\n\n<li>Al utilitzar aquest lloc web est\u00e0 consentint el tractament d&#8217;informaci\u00f3 respecte vost\u00e8 per Facebook. Per tant, l&#8217;exercici de qualsevol dels seus drets, ho haur\u00e0 de fer comunicant-se directament amb Facebook. M\u00e9s informaci\u00f3 a <a href=\"https:\/\/www.facebook.com\/policy\/cookies\/\">https:\/\/www.facebook.com\/policy\/cookies\/<\/a>.<\/li>\n\n\n\n<li>Cada xarxa social utilitza les seves pr\u00f2pies <strong><em>cookies<\/em> <\/strong>per tal que vost\u00e8 pugui fer clic en els botons del tipus \u201cTuit\u201d, \u201cCompartir\u201d, \u201cM\u2019agrada\u201d, etc.<\/li>\n\n\n\n<li>Si desitges obtenir informaci\u00f3 addicional sobre l\u2019activitat de les empreses de publicitat a Internet i sobre com eliminar les teves dades dels registres d&#8217;aquestes empreses, et recomanem la visita de&nbsp;<a rel=\"noreferrer noopener\" href=\"https:\/\/www.networkadvertising.org\/\" target=\"_BLANK\">www.networkadvertising.org.<\/a><\/li>\n\n\n\n<li>Per qualsevol dubte o consulta respecte la pol\u00edtica de <em><strong>cookies<\/strong> <\/em>no dubti en comunicar-se amb nosaltres a trav\u00e9s del nostre apartat de \u201c<em>Contacte<\/em>\u201d.<\/li>\n<\/ul>\n","protected":false},"excerpt":{"rendered":"<p>Qu\u00e8 s\u00f3n les cookies (o galetes)? Una cookie o \u201cgaleta\u201d, \u00e9s un petit fitxer de text que emmagatzema en el seu navegador quan visita qualsevol p\u00e0gina web. La seva utilitat \u00e9s permetre a la web recordar la seva visita quan torni a navegar-hi. Les cookies solen emmagatzemar: informaci\u00f3 de car\u00e0cter t\u00e8cnic, prefer\u00e8ncies personals, personalitzaci\u00f3 dels [&hellip;]<\/p>\n","protected":false},"author":1,"featured_media":0,"parent":0,"menu_order":0,"comment_status":"closed","ping_status":"closed","template":"","meta":{"footnotes":""},"class_list":["post-10861","page","type-page","status-publish","hentry"],"_links":{"self":[{"href":"https:\/\/iceberg.udg.edu\/index.php?rest_route=\/wp\/v2\/pages\/10861","targetHints":{"allow":["GET"]}}],"collection":[{"href":"https:\/\/iceberg.udg.edu\/index.php?rest_route=\/wp\/v2\/pages"}],"about":[{"href":"https:\/\/iceberg.udg.edu\/index.php?rest_route=\/wp\/v2\/types\/page"}],"author":[{"embeddable":true,"href":"https:\/\/iceberg.udg.edu\/index.php?rest_route=\/wp\/v2\/users\/1"}],"replies":[{"embeddable":true,"href":"https:\/\/iceberg.udg.edu\/index.php?rest_route=%2Fwp%2Fv2%2Fcomments&post=10861"}],"version-history":[{"count":39,"href":"https:\/\/iceberg.udg.edu\/index.php?rest_route=\/wp\/v2\/pages\/10861\/revisions"}],"predecessor-version":[{"id":16345,"href":"https:\/\/iceberg.udg.edu\/index.php?rest_route=\/wp\/v2\/pages\/10861\/revisions\/16345"}],"wp:attachment":[{"href":"https:\/\/iceberg.udg.edu\/index.php?rest_route=%2Fwp%2Fv2%2Fmedia&parent=10861"}],"curies":[{"name":"wp","href":"https:\/\/api.w.org\/{rel}","templated":true}]}}