{"id":10925,"date":"2020-11-06T13:29:07","date_gmt":"2020-11-06T12:29:07","guid":{"rendered":"http:\/\/icewp.udg.edu\/?page_id=10925"},"modified":"2023-03-15T12:44:21","modified_gmt":"2023-03-15T11:44:21","slug":"inici__trashed-2","status":"publish","type":"page","link":"https:\/\/iceberg.udg.edu\/","title":{"rendered":"Inici"},"content":{"rendered":"\n<h1 class=\"format-intro titol-home wp-block-heading\">Blog d&#8217;Innovaci\u00f3, Creativitat i Educaci\u00f3 de l&#8217;Institut de Ci\u00e8ncies de l\u2019Educaci\u00f3 Josep Pallach (ICE)<\/h1>\n\n\n<div  class=\"ultp-post-grid-block wp-block-ultimate-post-post-grid-1 ultp-block-03fab0 caixa-home\"><div class=\"ultp-block-wrapper\"><div class=\"ultp-loading\"><div class=\"ultp-loading-blocks\" style=\"width:100%;height:100%;\"><div style=\"left: 0;top: 0;animation-delay:0s;\"><\/div><div style=\"left: 21px;top: 0;animation-delay:0.125s;\"><\/div><div style=\"left: 42px;top: 0;animation-delay:0.25s;\"><\/div><div style=\"left: 0;top: 21px;animation-delay:0.875s;\"><\/div><div style=\"left: 42px;top: 21px;animation-delay:0.375s;\"><\/div><div style=\"left: 0;top: 42px;animation-delay:0.75s;\"><\/div><div style=\"left: 42px;top: 42px;animation-delay:0.625s;\"><\/div><div style=\"left: 21px;top: 42px;animation-delay:0.5s;\"><\/div><\/div><\/div><div class=\"ultp-block-items-wrap ultp-block-row ultp-pg1a-style1 ultp-grid1-responsive ultp-block-column-4 ultp-sm-column-2 ultp-xs-column-1 ultp-layout1\"><div class=\"ultp-block-item post-id-22272\"><div class=\"ultp-block-content-wrap\"><div class=\"ultp-block-image ultp-block-image-opacity ultp-block-image-overlay ultp-block-image-custom ultp-block-image-custom0\"><a href=\"https:\/\/iceberg.udg.edu\/?p=22272\" ><img decoding=\"async\"  class=\"ultp-block-image-content\"  alt=\"Vibe coding: programar amb IA seguint la intu\u00efci\u00f3\"  src=\"https:\/\/iceberg.udg.edu\/wp-content\/uploads\/2026\/04\/vibe.png\" \/><\/a><\/div><div class=\"ultp-block-content\"><div class=\"ultp-block-meta ultp-block-meta-dot ultp-block-meta-style3\"><span class=\"ultp-block-date ultp-block-meta-element\"><svg xmlns=\"http:\/\/www.w3.org\/2000\/svg\" fill=\"none\" viewBox=\"0 0 24 24\">\n  <path stroke=\"currentColor\" stroke-linecap=\"round\" stroke-linejoin=\"round\" stroke-width=\"1.5\" d=\"M3 5.5a2 2 0 0 1 2-2h14a2 2 0 0 1 2 2v14a2 2 0 0 1-2 2H5a2 2 0 0 1-2-2v-14ZM8 2v3m8-3v3M3 9h18\"\/>\n<\/svg>\nabr. 23, 2026<\/span><\/div><h2 class=\"ultp-block-title \"><a href=\"https:\/\/iceberg.udg.edu\/?p=22272\" >Vibe coding: programar amb IA seguint la intu\u00efci\u00f3<\/a><\/h2><\/div><\/div><\/div><div class=\"ultp-block-item post-id-22265\"><div class=\"ultp-block-content-wrap\"><div class=\"ultp-block-image ultp-block-image-opacity ultp-block-image-overlay ultp-block-image-custom ultp-block-image-custom1\"><a href=\"https:\/\/iceberg.udg.edu\/?p=22265\" ><img decoding=\"async\"  class=\"ultp-block-image-content\"  alt=\"Compilatio\u00a0Magister+: el\u00a0nou\u00a0sistema de\u00a0detecci\u00f3\u00a0de\u00a0plagi\"  src=\"https:\/\/iceberg.udg.edu\/wp-content\/uploads\/2026\/04\/logo-compilatio.png\" \/><\/a><\/div><div class=\"ultp-block-content\"><div class=\"ultp-block-meta ultp-block-meta-dot ultp-block-meta-style3\"><span class=\"ultp-block-date ultp-block-meta-element\"><svg xmlns=\"http:\/\/www.w3.org\/2000\/svg\" fill=\"none\" viewBox=\"0 0 24 24\">\n  <path stroke=\"currentColor\" stroke-linecap=\"round\" stroke-linejoin=\"round\" stroke-width=\"1.5\" d=\"M3 5.5a2 2 0 0 1 2-2h14a2 2 0 0 1 2 2v14a2 2 0 0 1-2 2H5a2 2 0 0 1-2-2v-14ZM8 2v3m8-3v3M3 9h18\"\/>\n<\/svg>\nabr. 23, 2026<\/span><\/div><h2 class=\"ultp-block-title \"><a href=\"https:\/\/iceberg.udg.edu\/?p=22265\" >Compilatio\u00a0Magister+: el\u00a0nou\u00a0sistema de\u00a0detecci\u00f3\u00a0de\u00a0plagi<\/a><\/h2><\/div><\/div><\/div><div class=\"ultp-block-item post-id-22235\"><div class=\"ultp-block-content-wrap\"><div class=\"ultp-block-image ultp-block-image-opacity ultp-block-image-overlay ultp-block-image-custom ultp-block-image-custom2\"><a href=\"https:\/\/iceberg.udg.edu\/?p=22235\" ><img decoding=\"async\"  class=\"ultp-block-image-content\"  alt=\"Wooclap: tot all\u00f2 que has de saber\"  src=\"https:\/\/iceberg.udg.edu\/wp-content\/uploads\/2026\/03\/wooclap.png\" \/><\/a><\/div><div class=\"ultp-block-content\"><div class=\"ultp-block-meta ultp-block-meta-dot ultp-block-meta-style3\"><span class=\"ultp-block-date ultp-block-meta-element\"><svg xmlns=\"http:\/\/www.w3.org\/2000\/svg\" fill=\"none\" viewBox=\"0 0 24 24\">\n  <path stroke=\"currentColor\" stroke-linecap=\"round\" stroke-linejoin=\"round\" stroke-width=\"1.5\" d=\"M3 5.5a2 2 0 0 1 2-2h14a2 2 0 0 1 2 2v14a2 2 0 0 1-2 2H5a2 2 0 0 1-2-2v-14ZM8 2v3m8-3v3M3 9h18\"\/>\n<\/svg>\nabr. 15, 2026<\/span><\/div><h2 class=\"ultp-block-title \"><a href=\"https:\/\/iceberg.udg.edu\/?p=22235\" >Wooclap: tot all\u00f2 que has de saber<\/a><\/h2><\/div><\/div><\/div><div class=\"ultp-block-item post-id-22232\"><div class=\"ultp-block-content-wrap\"><div class=\"ultp-block-image ultp-block-image-opacity ultp-block-image-overlay ultp-block-image-custom ultp-block-image-custom3\"><a href=\"https:\/\/iceberg.udg.edu\/?p=22232\" ><img decoding=\"async\"  class=\"ultp-block-image-content\"  alt=\"Joc negre. Misteris per a resoldre\"  src=\"https:\/\/iceberg.udg.edu\/wp-content\/uploads\/2026\/04\/joc.negre_400x300.jpg\" \/><\/a><\/div><div class=\"ultp-block-content\"><div class=\"ultp-block-meta ultp-block-meta-dot ultp-block-meta-style3\"><span class=\"ultp-block-date ultp-block-meta-element\"><svg xmlns=\"http:\/\/www.w3.org\/2000\/svg\" fill=\"none\" viewBox=\"0 0 24 24\">\n  <path stroke=\"currentColor\" stroke-linecap=\"round\" stroke-linejoin=\"round\" stroke-width=\"1.5\" d=\"M3 5.5a2 2 0 0 1 2-2h14a2 2 0 0 1 2 2v14a2 2 0 0 1-2 2H5a2 2 0 0 1-2-2v-14ZM8 2v3m8-3v3M3 9h18\"\/>\n<\/svg>\nabr. 15, 2026<\/span><\/div><h2 class=\"ultp-block-title \"><a href=\"https:\/\/iceberg.udg.edu\/?p=22232\" >Joc negre. Misteris per a resoldre<\/a><\/h2><\/div><\/div><\/div><div class=\"ultp-block-item post-id-22202\"><div class=\"ultp-block-content-wrap\"><div class=\"ultp-block-image ultp-block-image-opacity ultp-block-image-overlay ultp-block-image-custom ultp-block-image-custom4\"><a href=\"https:\/\/iceberg.udg.edu\/?p=22202\" ><img decoding=\"async\"  class=\"ultp-block-image-content\"  alt=\"Experi\u00e8ncies en xarxa: Abordatge infermer de la sexualitat en el cicle vital\"  src=\"https:\/\/iceberg.udg.edu\/wp-content\/uploads\/2024\/11\/noticia.primera_Q_des24.01.jpg\" \/><\/a><\/div><div class=\"ultp-block-content\"><div class=\"ultp-block-meta ultp-block-meta-dot ultp-block-meta-style3\"><span class=\"ultp-block-date ultp-block-meta-element\"><svg xmlns=\"http:\/\/www.w3.org\/2000\/svg\" fill=\"none\" viewBox=\"0 0 24 24\">\n  <path stroke=\"currentColor\" stroke-linecap=\"round\" stroke-linejoin=\"round\" stroke-width=\"1.5\" d=\"M3 5.5a2 2 0 0 1 2-2h14a2 2 0 0 1 2 2v14a2 2 0 0 1-2 2H5a2 2 0 0 1-2-2v-14ZM8 2v3m8-3v3M3 9h18\"\/>\n<\/svg>\nmar\u00e7 23, 2026<\/span><\/div><h2 class=\"ultp-block-title \"><a href=\"https:\/\/iceberg.udg.edu\/?p=22202\" >Experi\u00e8ncies en xarxa: Abordatge infermer de la sexualitat en el cicle vital<\/a><\/h2><\/div><\/div><\/div><div class=\"ultp-block-item post-id-22213\"><div class=\"ultp-block-content-wrap\"><div class=\"ultp-block-image ultp-block-image-opacity ultp-block-image-overlay ultp-block-image-custom ultp-block-image-custom5\"><a href=\"https:\/\/iceberg.udg.edu\/?p=22213\" ><img decoding=\"async\"  class=\"ultp-block-image-content\"  alt=\"XIV Simposi CIDUI. La identitat docent en temps d&#8217;IA\"  src=\"https:\/\/iceberg.udg.edu\/wp-content\/uploads\/2020\/06\/03_def_simposi_2026_CIDUI.jpg\" \/><\/a><\/div><div class=\"ultp-block-content\"><div class=\"ultp-block-meta ultp-block-meta-dot ultp-block-meta-style3\"><span class=\"ultp-block-date ultp-block-meta-element\"><svg xmlns=\"http:\/\/www.w3.org\/2000\/svg\" fill=\"none\" viewBox=\"0 0 24 24\">\n  <path stroke=\"currentColor\" stroke-linecap=\"round\" stroke-linejoin=\"round\" stroke-width=\"1.5\" d=\"M3 5.5a2 2 0 0 1 2-2h14a2 2 0 0 1 2 2v14a2 2 0 0 1-2 2H5a2 2 0 0 1-2-2v-14ZM8 2v3m8-3v3M3 9h18\"\/>\n<\/svg>\nmar\u00e7 23, 2026<\/span><\/div><h2 class=\"ultp-block-title \"><a href=\"https:\/\/iceberg.udg.edu\/?p=22213\" >XIV Simposi CIDUI. La identitat docent en temps d&#8217;IA<\/a><\/h2><\/div><\/div><\/div><div class=\"ultp-block-item post-id-22181\"><div class=\"ultp-block-content-wrap\"><div class=\"ultp-block-image ultp-block-image-opacity ultp-block-image-overlay ultp-block-image-custom ultp-block-image-custom6\"><a href=\"https:\/\/iceberg.udg.edu\/?p=22181\" ><img decoding=\"async\"  class=\"ultp-block-image-content\"  alt=\"Creaci\u00f3 d\u2019una base de dades en SPSS\"  src=\"https:\/\/iceberg.udg.edu\/wp-content\/uploads\/2026\/03\/35104_400x300.jpg\" \/><\/a><\/div><div class=\"ultp-block-content\"><div class=\"ultp-block-meta ultp-block-meta-dot ultp-block-meta-style3\"><span class=\"ultp-block-date ultp-block-meta-element\"><svg xmlns=\"http:\/\/www.w3.org\/2000\/svg\" fill=\"none\" viewBox=\"0 0 24 24\">\n  <path stroke=\"currentColor\" stroke-linecap=\"round\" stroke-linejoin=\"round\" stroke-width=\"1.5\" d=\"M3 5.5a2 2 0 0 1 2-2h14a2 2 0 0 1 2 2v14a2 2 0 0 1-2 2H5a2 2 0 0 1-2-2v-14ZM8 2v3m8-3v3M3 9h18\"\/>\n<\/svg>\nmar\u00e7 17, 2026<\/span><\/div><h2 class=\"ultp-block-title \"><a href=\"https:\/\/iceberg.udg.edu\/?p=22181\" >Creaci\u00f3 d\u2019una base de dades en SPSS<\/a><\/h2><\/div><\/div><\/div><div class=\"ultp-block-item post-id-22185\"><div class=\"ultp-block-content-wrap\"><div class=\"ultp-block-image ultp-block-image-opacity ultp-block-image-overlay ultp-block-image-custom ultp-block-image-custom7\"><a href=\"https:\/\/iceberg.udg.edu\/?p=22185\" ><img decoding=\"async\"  class=\"ultp-block-image-content\"  alt=\"Modelitzaci\u00f3 estad\u00edstica amb SPSS\"  src=\"https:\/\/iceberg.udg.edu\/wp-content\/uploads\/2026\/03\/35105.jpg\" \/><\/a><\/div><div class=\"ultp-block-content\"><div class=\"ultp-block-meta ultp-block-meta-dot ultp-block-meta-style3\"><span class=\"ultp-block-date ultp-block-meta-element\"><svg xmlns=\"http:\/\/www.w3.org\/2000\/svg\" fill=\"none\" viewBox=\"0 0 24 24\">\n  <path stroke=\"currentColor\" stroke-linecap=\"round\" stroke-linejoin=\"round\" stroke-width=\"1.5\" d=\"M3 5.5a2 2 0 0 1 2-2h14a2 2 0 0 1 2 2v14a2 2 0 0 1-2 2H5a2 2 0 0 1-2-2v-14ZM8 2v3m8-3v3M3 9h18\"\/>\n<\/svg>\nmar\u00e7 17, 2026<\/span><\/div><h2 class=\"ultp-block-title \"><a href=\"https:\/\/iceberg.udg.edu\/?p=22185\" >Modelitzaci\u00f3 estad\u00edstica amb SPSS<\/a><\/h2><\/div><\/div><\/div><\/div><\/div><div class=\"pagination-block-html\" aria-hidden=\"true\" style=\"display: none;\"><\/div><\/div>\n\n\n<div class=\"wp-block-columns is-layout-flex wp-container-core-columns-is-layout-9d6595d7 wp-block-columns-is-layout-flex\">\n<div class=\"wp-block-column voradalt is-layout-flow wp-block-column-is-layout-flow\"><\/div>\n\n\n\n<div class=\"wp-block-column is-vertically-aligned-top is-layout-flow wp-block-column-is-layout-flow\" style=\"flex-basis:22.2%\">\n<div class=\"wp-block-buttons is-horizontal is-content-justification-center is-layout-flex wp-container-core-buttons-is-layout-499968f5 wp-block-buttons-is-layout-flex\">\n<div class=\"wp-block-button boto-home is-style-fill\"><a class=\"wp-block-button__link has-white-color has-text-color has-background no-border-radius wp-element-button\" href=\"https:\/\/iceberg.udg.edu\/?page_id=10469\" style=\"background-color:#3f3f3f\" rel=\"voradalt\">Totes les entrades<\/a><\/div>\n<\/div>\n<\/div>\n\n\n\n<div class=\"wp-block-column voradalt is-layout-flow wp-block-column-is-layout-flow\"><\/div>\n<\/div>\n\n\n\n<div style=\"height:100px\" aria-hidden=\"true\" class=\"wp-block-spacer\"><\/div>\n","protected":false},"excerpt":{"rendered":"<p>Blog d&#8217;Innovaci\u00f3, Creativitat i Educaci\u00f3 de l&#8217;Institut de Ci\u00e8ncies de l\u2019Educaci\u00f3 Josep Pallach (ICE)<\/p>\n","protected":false},"author":1,"featured_media":0,"parent":0,"menu_order":0,"comment_status":"closed","ping_status":"closed","template":"","meta":{"footnotes":""},"class_list":["post-10925","page","type-page","status-publish","hentry"],"_links":{"self":[{"href":"https:\/\/iceberg.udg.edu\/index.php?rest_route=\/wp\/v2\/pages\/10925","targetHints":{"allow":["GET"]}}],"collection":[{"href":"https:\/\/iceberg.udg.edu\/index.php?rest_route=\/wp\/v2\/pages"}],"about":[{"href":"https:\/\/iceberg.udg.edu\/index.php?rest_route=\/wp\/v2\/types\/page"}],"author":[{"embeddable":true,"href":"https:\/\/iceberg.udg.edu\/index.php?rest_route=\/wp\/v2\/users\/1"}],"replies":[{"embeddable":true,"href":"https:\/\/iceberg.udg.edu\/index.php?rest_route=%2Fwp%2Fv2%2Fcomments&post=10925"}],"version-history":[{"count":45,"href":"https:\/\/iceberg.udg.edu\/index.php?rest_route=\/wp\/v2\/pages\/10925\/revisions"}],"predecessor-version":[{"id":17569,"href":"https:\/\/iceberg.udg.edu\/index.php?rest_route=\/wp\/v2\/pages\/10925\/revisions\/17569"}],"wp:attachment":[{"href":"https:\/\/iceberg.udg.edu\/index.php?rest_route=%2Fwp%2Fv2%2Fmedia&parent=10925"}],"curies":[{"name":"wp","href":"https:\/\/api.w.org\/{rel}","templated":true}]}}