{"id":11259,"date":"2020-11-17T10:06:28","date_gmt":"2020-11-17T09:06:28","guid":{"rendered":"http:\/\/icewp.udg.edu\/?page_id=11259"},"modified":"2020-11-17T10:06:28","modified_gmt":"2020-11-17T09:06:28","slug":"i-si-vull-organitzar-grups-de-treball","status":"publish","type":"page","link":"https:\/\/iceberg.udg.edu\/?page_id=11259","title":{"rendered":"I si vull organitzar grups de treball?"},"content":{"rendered":"\n<p>Podem organitzar els estudiants en grups de forma ben senzilla. Segur que a la nostra assignatura ja hi tenim creat(s) el(s) grup(s) de matr\u00edcula. Per\u00f2 es poden crear tants grups com convingui. I cada estudiant pot estar a tants grups com faci falta. Tamb\u00e9 podem organitzar els grups en agrupaments, que ens facilitaran diverses accions dins l\u2019assignatura. I encara m\u00e9s, podem fer que siguin els propis alumnes els que s\u2019apuntin a un grup o un altre.<\/p>\n\n\n\n<p>Crear grups de treball ens permetr\u00e0 crear activitats per grups. Aquestes activitats tenen un doble avantatge:<\/p>\n\n\n\n<ul class=\"wp-block-list\"><li>Nom\u00e9s cal que un membre del grup faci el lliurament de la tasca.<\/li><li>Nom\u00e9s cal avaluar una tasca per cada grup; la nota es repeteix a tots els membres del grup.<\/li><\/ul>\n\n\n\n<p><strong>Recomanaci\u00f3<\/strong>: Crea grups nom\u00e9s en el cas que prevegis que els necessitar\u00e0s per alguna tasca de grups o per comunicar-te\u00a0 amb un grup i prou. En cas contrari, no caldr\u00e0 que els cre\u00efs.<\/p>\n\n\n\n<h2 class=\"wp-block-heading\">Crear grups<\/h2>\n\n\n\n<p>Crear grups no t\u00e9 cap dificultat. Pots seguir les indicacions d\u2019aquest\u00a0<a rel=\"noreferrer noopener\" href=\"https:\/\/www.youtube.com\/watch?v=_yj6gkIgVCo\" target=\"_blank\">v\u00eddeo sobre com crear grups<\/a>.<\/p>\n\n\n\n<h2 class=\"wp-block-heading\">Crear agrupaments<\/h2>\n\n\n\n<p>Es tracta de crear \u201cgrups de grups\u201d. Ens ser\u00e0 especialment \u00fatil quan vulguem proposar tasques per grups de treball. Pots descobrir com crear agrupaments en aquest\u00a0<a rel=\"noreferrer noopener\" href=\"https:\/\/www.youtube.com\/watch?v=z1JMw-3_sN8\" target=\"_blank\">v\u00eddeo sobre com crear agrupaments<\/a>.<\/p>\n\n\n\n<h2 class=\"wp-block-heading\">Crear tasques per grups<\/h2>\n\n\n\n<p>Un cop tenim els estudiants organitzats en grups i els grups organitzats en agrupaments, ja podem plantejar la creaci\u00f3 de tasques per grups. Per fer-ho, segueix les indicacions d\u2019aquest\u00a0<a rel=\"noreferrer noopener\" href=\"https:\/\/www.youtube.com\/watch?v=oHIlq_dQ5FE\" target=\"_blank\">v\u00eddeo sobre com crear tasques per grups<\/a>.<\/p>\n\n\n\n<h2 class=\"wp-block-heading\">Vols fer un pas m\u00e9s?<\/h2>\n\n\n\n<h3 class=\"wp-block-heading\">L\u2019alumnat s\u2019inscriu a un grup de treball<\/h3>\n\n\n\n<p>La creaci\u00f3 de grups a voltes es pot fer pesada perqu\u00e8 cada cop que volem afegir estudiants a un grup, es parteix de la llista completa. Hi ha una activitat que pot facilitar aquesta feina: l\u2019activitat\u00a0<strong>Elecci\u00f3 de grup<\/strong>. Amb ella, es permet que cada alumne s\u2019inscrigui a un grup determinat a partir de l\u2019oferta que nosaltres fem. Si vols saber com crear aquesta activitat, mira aquest\u00a0<a rel=\"noreferrer noopener\" href=\"https:\/\/www.youtube.com\/watch?v=7MrqybM7j-c\" target=\"_blank\">v\u00eddeo sobre activitat elecci\u00f3 de grup<\/a>.<\/p>\n","protected":false},"excerpt":{"rendered":"<p>Podem organitzar els estudiants en grups de forma ben senzilla. Segur que a la nostra assignatura ja hi tenim creat(s) el(s) grup(s) de matr\u00edcula. Per\u00f2 es poden crear tants grups com convingui. I cada estudiant pot estar a tants grups com faci falta. Tamb\u00e9 podem organitzar els grups en agrupaments, que ens facilitaran diverses accions [&hellip;]<\/p>\n","protected":false},"author":1,"featured_media":0,"parent":10283,"menu_order":0,"comment_status":"closed","ping_status":"closed","template":"","meta":{"footnotes":""},"class_list":["post-11259","page","type-page","status-publish","hentry"],"_links":{"self":[{"href":"https:\/\/iceberg.udg.edu\/index.php?rest_route=\/wp\/v2\/pages\/11259","targetHints":{"allow":["GET"]}}],"collection":[{"href":"https:\/\/iceberg.udg.edu\/index.php?rest_route=\/wp\/v2\/pages"}],"about":[{"href":"https:\/\/iceberg.udg.edu\/index.php?rest_route=\/wp\/v2\/types\/page"}],"author":[{"embeddable":true,"href":"https:\/\/iceberg.udg.edu\/index.php?rest_route=\/wp\/v2\/users\/1"}],"replies":[{"embeddable":true,"href":"https:\/\/iceberg.udg.edu\/index.php?rest_route=%2Fwp%2Fv2%2Fcomments&post=11259"}],"version-history":[{"count":1,"href":"https:\/\/iceberg.udg.edu\/index.php?rest_route=\/wp\/v2\/pages\/11259\/revisions"}],"predecessor-version":[{"id":11262,"href":"https:\/\/iceberg.udg.edu\/index.php?rest_route=\/wp\/v2\/pages\/11259\/revisions\/11262"}],"up":[{"embeddable":true,"href":"https:\/\/iceberg.udg.edu\/index.php?rest_route=\/wp\/v2\/pages\/10283"}],"wp:attachment":[{"href":"https:\/\/iceberg.udg.edu\/index.php?rest_route=%2Fwp%2Fv2%2Fmedia&parent=11259"}],"curies":[{"name":"wp","href":"https:\/\/api.w.org\/{rel}","templated":true}]}}