{"id":11280,"date":"2020-11-17T10:39:16","date_gmt":"2020-11-17T09:39:16","guid":{"rendered":"http:\/\/icewp.udg.edu\/?page_id=11280"},"modified":"2023-07-05T12:16:52","modified_gmt":"2023-07-05T10:16:52","slug":"suport","status":"publish","type":"page","link":"https:\/\/iceberg.udg.edu\/?page_id=11280","title":{"rendered":"Suport"},"content":{"rendered":"\n<h2 class=\"wp-block-heading\">De forma aut\u00f2noma<\/h2>\n\n\n\n<p>Disposeu d&#8217;un conjunt de recursos disponibles que podeu consultar personalment.<\/p>\n\n\n\n<ul class=\"wp-block-list\">\n<li>En el&nbsp;<strong><a href=\"http:\/\/bit.ly\/videosudgmoodle.\">canal de YouTube de l\u2019ICE Josep Pallach de la UdG<\/a><\/strong>&nbsp;s\u2019hi pot trobar un conjunt de v\u00eddeos sobre el correcte \u00fas docent dels recursos i activitats que ofereix la plataforma Moodle.&nbsp;En aquests v\u00eddeos s&#8217;hi poden trobar la major part d&#8217;explicacions del que s&#8217;ha explicat en aquet document.&nbsp;La llista de v\u00eddeos es va ampliant de forma peri\u00f2dica.<\/li>\n\n\n\n<li>Tamb\u00e9 des de l\u2019ICE de la UdG s\u2019ha creat un&nbsp;<strong><a href=\"http:\/\/bit.ly\/tutorialudgmoodle\">tutorial de Moodle<\/a><\/strong>&nbsp;on es pot trobar, de forma estructurada, l\u2019explicaci\u00f3 de com es poden utilitzar les eines de Moodle per a una doc\u00e8ncia efectiva i de qualitat.Es tracta d\u2019un curs creat a la mateixa plataforma que permet l\u2019autoinscripci\u00f3 per a tot el professorat de la comunitat UdG.<\/li>\n<\/ul>\n\n\n\n<h2 class=\"wp-block-heading\">Personalitzat: equip de suport a la doc\u00e8ncia<\/h2>\n\n\n\n<p>Adreceu-vos als t\u00e8cnics inform\u00e0tics la vostra facultat o escola per rebre suport sobre Moodle o Blackboard Collaborate.<\/p>\n\n\n\n<figure class=\"wp-block-table\"><table><tbody><tr><th>Infermeria i Medicina<\/th><td>972 41 8072<\/td><\/tr><tr><th>Ci\u00e8ncies<\/th><td>972 41 8287<\/td><\/tr><tr><th>Ci\u00e8ncies de l&#8217;educaci\u00f3<\/th><td>972 41 8304<\/td><\/tr><tr><th>Dret i Econ\u00f2miques<\/th><td>Dret: 629 825 251 (9125)<br>Econ\u00f2miques: 629 815 170 (9126)<\/td><\/tr><tr><th>Polit\u00e8cnica<\/th><td>972 41 8425<\/td><\/tr><tr><th>Turisme i Lletres<\/th><td>Turisme: 972 41 9708<br>Lletres: 972 41 8114<\/td><\/tr><\/tbody><\/table><\/figure>\n","protected":false},"excerpt":{"rendered":"<p>De forma aut\u00f2noma Disposeu d&#8217;un conjunt de recursos disponibles que podeu consultar personalment. Personalitzat: equip de suport a la doc\u00e8ncia Adreceu-vos als t\u00e8cnics inform\u00e0tics la vostra facultat o escola per rebre suport sobre Moodle o Blackboard Collaborate. Infermeria i Medicina 972 41 8072 Ci\u00e8ncies 972 41 8287 Ci\u00e8ncies de l&#8217;educaci\u00f3 972 41 8304 Dret i [&hellip;]<\/p>\n","protected":false},"author":1,"featured_media":0,"parent":10283,"menu_order":0,"comment_status":"closed","ping_status":"closed","template":"","meta":{"footnotes":""},"class_list":["post-11280","page","type-page","status-publish","hentry"],"_links":{"self":[{"href":"https:\/\/iceberg.udg.edu\/index.php?rest_route=\/wp\/v2\/pages\/11280","targetHints":{"allow":["GET"]}}],"collection":[{"href":"https:\/\/iceberg.udg.edu\/index.php?rest_route=\/wp\/v2\/pages"}],"about":[{"href":"https:\/\/iceberg.udg.edu\/index.php?rest_route=\/wp\/v2\/types\/page"}],"author":[{"embeddable":true,"href":"https:\/\/iceberg.udg.edu\/index.php?rest_route=\/wp\/v2\/users\/1"}],"replies":[{"embeddable":true,"href":"https:\/\/iceberg.udg.edu\/index.php?rest_route=%2Fwp%2Fv2%2Fcomments&post=11280"}],"version-history":[{"count":4,"href":"https:\/\/iceberg.udg.edu\/index.php?rest_route=\/wp\/v2\/pages\/11280\/revisions"}],"predecessor-version":[{"id":16616,"href":"https:\/\/iceberg.udg.edu\/index.php?rest_route=\/wp\/v2\/pages\/11280\/revisions\/16616"}],"up":[{"embeddable":true,"href":"https:\/\/iceberg.udg.edu\/index.php?rest_route=\/wp\/v2\/pages\/10283"}],"wp:attachment":[{"href":"https:\/\/iceberg.udg.edu\/index.php?rest_route=%2Fwp%2Fv2%2Fmedia&parent=11280"}],"curies":[{"name":"wp","href":"https:\/\/api.w.org\/{rel}","templated":true}]}}