{"id":12546,"date":"2021-01-28T14:16:01","date_gmt":"2021-01-28T13:16:01","guid":{"rendered":"https:\/\/icebergng.udg.edu\/?page_id=12546"},"modified":"2024-07-22T13:44:44","modified_gmt":"2024-07-22T11:44:44","slug":"genere-i-docencia","status":"publish","type":"page","link":"https:\/\/iceberg.udg.edu\/?page_id=12546","title":{"rendered":"G\u00e8nere i doc\u00e8ncia"},"content":{"rendered":"\n<h2 class=\"wp-block-heading\">La perspectiva de g\u00e8nere a la doc\u00e8ncia<\/h2>\n\n\n\n<p>Tal i com informa l\u2019Ag\u00e8ncia Catalana de Qualificaci\u00f3 (AQU), la transversalitat de la perspectiva de g\u00e8nere \u00e9s un principi d\u2019actuaci\u00f3 de tots els poders p\u00fablics que implica la presa en consideraci\u00f3 de les difer\u00e8ncies entre dones i homes en l\u2019an\u00e0lisi, la planificaci\u00f3, el disseny i l\u2019execuci\u00f3 de les pol\u00edtiques, tenint en compte la manera en qu\u00e8 les diverses actuacions, situacions i necessitats afecten les dones i els homes. Aquesta perspectiva ha de ser aplicada tamb\u00e9 a la doc\u00e8ncia universit\u00e0ria, incloent els processos de qualitat, tal com estableix <strong>l\u2019article 28 de la Llei 17\/2015, del 21 de juliol, d\u2019igualtat efectiva de dones i homes que exigeix<\/strong> &#8220;incloure en el curr\u00edculum dels graus i dels programes de postgrau la promoci\u00f3 de la perspectiva de g\u00e8nere d&#8217;una manera transversal i dels estudis sobre la contribuci\u00f3 de les dones al llarg de la hist\u00f2ria en tots els \u00e0mbits del coneixement i en l&#8217;activitat acad\u00e8mica i investigadora&#8221;.&nbsp;<\/p>\n\n\n\n<p>Aix\u00ed, indica l\u2019AQU, el disseny de qualsevol nova titulaci\u00f3 que es pretengui implantar haur\u00e0 d&#8217;haver incorporat la perspectiva de g\u00e8nere en el moment de la seva verificaci\u00f3. La resta de titulacions l&#8217;hauran d&#8217;incorporar gradualment, per mitj\u00e0 dels processos avaluatius corresponents (seguiment, modificaci\u00f3 i acreditaci\u00f3). Amb aquest motiu, publica al 2018 el <strong>Marc general per a la incorporaci\u00f3 de la perspectiva de g\u00e8nere en la doc\u00e8ncia universit\u00e0ria<\/strong>, elaborat per la Comissi\u00f3 Dones i Ci\u00e8ncia del Consell Interuniversitari de Catalunya (CIC) i incorpora pautes i recomanacions per a realitzar aquesta incorporaci\u00f3 des de totes les seves vessants: des dels responsables de la planificaci\u00f3, gesti\u00f3 i avaluaci\u00f3, fins el PAS, PDI o estudiantat. En aquest sentit, el grup de treball d\u2019Igualtat de G\u00e8nere de la Xarxa Vives publica un informe sobre la perspectiva de g\u00e8nere a la doc\u00e8ncia i recerca a les Universitats de la Xarxa Vives. Aix\u00ed neix una col\u00b7lecci\u00f3 d\u201911 \u201c<strong>Guies per a una doc\u00e8ncia universit\u00e0ria amb perspectiva de g\u00e8nere<\/strong>\u201d&nbsp;que acompanyen a la revisi\u00f3 i planificaci\u00f3 de la doc\u00e8ncia en perspectiva de g\u00e8nere a diferents disciplines i \u00e0mbits de coneixement.<\/p>\n\n\n\n<p>Amb intenci\u00f3 de desenvolupar la legislaci\u00f3, la UdG ha incorporat la perspectiva de g\u00e8nere en el pla de qualitat que s\u2019est\u00e0 dissenyant. D&#8217;altra banda, des de l&#8217;\u00c0rea d&#8217;Igualtat de la UCSOP conjuntament amb l&#8217;ICE s&#8217;han organitzat diferents cursos de formaci\u00f3 adre\u00e7ats al PDI amb l&#8217;objectiu de promoure la incorporaci\u00f3 de la perspectiva de g\u00e8nere en la doc\u00e8ncia. S&#8217;informa d&#8217;aquestes formacions a trav\u00e9s del Butllet\u00ed ICEberg que s&#8217;envia quinzenalment des de l&#8217;ICE-SAID a tot el PDI de la UdG. Cal esmentar tamb\u00e9 la tasca que es realitza des de la <a rel=\"noreferrer noopener\" href=\"https:\/\/www.udg.edu\/ca\/ice\/innovacio-docent\/xarxes-dinnovacio-docent\/xid-perspectiva-de-genere\" target=\"_blank\">Xarxa d&#8217;Innovaci\u00f3 Docent sobre Perspectiva de G\u00e8nere<\/a> i des del <a rel=\"noreferrer noopener\" href=\"https:\/\/www.udg.edu\/ca\/ice\/innovacio-docent\/grups-dinnovacio-docent\/gid-transversalitzacio-de-genere\" target=\"_blank\">Grup d&#8217;Innovaci\u00f3 Docent sobre Transversalitzaci\u00f3 de G\u00e8nere de la Facultat de Dret<\/a> amb la coordinaci\u00f3 de l&#8217;ICE Josep Pallach. <\/p>\n\n\n\n<h2 class=\"wp-block-heading\">Materials i recursos:<\/h2>\n\n\n\n<div class=\"wp-block-columns is-layout-flex wp-container-core-columns-is-layout-9d6595d7 wp-block-columns-is-layout-flex\">\n<div class=\"wp-block-column is-layout-flow wp-block-column-is-layout-flow\">\n<figure class=\"wp-block-image size-large\"><img loading=\"lazy\" decoding=\"async\" width=\"400\" height=\"267\" src=\"https:\/\/iceberg.udg.edu\/wp-content\/uploads\/2020\/10\/img_deco_2.jpg\" alt=\"imatge de prova\" class=\"wp-image-10102\" srcset=\"https:\/\/iceberg.udg.edu\/wp-content\/uploads\/2020\/10\/img_deco_2.jpg 400w, https:\/\/iceberg.udg.edu\/wp-content\/uploads\/2020\/10\/img_deco_2-300x200.jpg 300w\" sizes=\"auto, (max-width: 400px) 100vw, 400px\" \/><\/figure>\n\n\n\n<p><a href=\"https:\/\/www.udg.edu\/ca\/portals\/50\/OContent_Docs\/Marc_general_perspectiva_AQU.pdf\">Marc general per a la incorporaci\u00f3 de la perspectiva de g\u00e8nere en la doc\u00e8ncia universit\u00e0ria<\/a><\/p>\n\n\n\n<div style=\"height:36px\" aria-hidden=\"true\" class=\"wp-block-spacer\"><\/div>\n<\/div>\n\n\n\n<div class=\"wp-block-column is-layout-flow wp-block-column-is-layout-flow\">\n<figure class=\"wp-block-image size-large is-resized\"><img decoding=\"async\" src=\"https:\/\/iceberg.udg.edu\/wp-content\/uploads\/2021\/02\/ING_39829_12461.jpg\" alt=\"\" class=\"wp-image-12563\" width=\"400\" srcset=\"https:\/\/iceberg.udg.edu\/wp-content\/uploads\/2021\/02\/ING_39829_12461.jpg 600w, https:\/\/iceberg.udg.edu\/wp-content\/uploads\/2021\/02\/ING_39829_12461-300x200.jpg 300w\" sizes=\"(max-width: 600px) 100vw, 600px\" \/><\/figure>\n\n\n\n<p><a href=\"https:\/\/www.udg.edu\/ca\/compromis-social\/arees\/igualtat-de-genere\/guies-per-fer-docencia-amb-perspectiva-de-genere\">Guies per a una doc\u00e8ncia universit\u00e0ria amb perspectiva de g\u00e8nere<\/a><\/p>\n\n\n\n<div style=\"height:36px\" aria-hidden=\"true\" class=\"wp-block-spacer\"><\/div>\n<\/div>\n\n\n\n<div class=\"wp-block-column is-layout-flow wp-block-column-is-layout-flow\">\n<figure class=\"wp-block-image size-large is-resized\"><img decoding=\"async\" src=\"https:\/\/iceberg.udg.edu\/wp-content\/uploads\/2021\/02\/paraigues.jpg\" alt=\"\" class=\"wp-image-12560\" width=\"400\" srcset=\"https:\/\/iceberg.udg.edu\/wp-content\/uploads\/2021\/02\/paraigues.jpg 600w, https:\/\/iceberg.udg.edu\/wp-content\/uploads\/2021\/02\/paraigues-300x200.jpg 300w\" sizes=\"(max-width: 600px) 100vw, 600px\" \/><\/figure>\n\n\n\n<p><a href=\"https:\/\/iceberg.udg.edu\/?page_id=12610\" data-type=\"page\" data-id=\"12610\">P\u00edndoles virtuals de formaci\u00f3 en perspectiva de g\u00e8nere per al PDI<\/a><\/p>\n\n\n\n<div style=\"height:20px\" aria-hidden=\"true\" class=\"wp-block-spacer\"><\/div>\n<\/div>\n<\/div>\n\n\n\n<h2 class=\"wp-block-heading\"><\/h2>\n\n\n\n<div class=\"wp-block-columns is-layout-flex wp-container-core-columns-is-layout-9d6595d7 wp-block-columns-is-layout-flex\">\n<div class=\"wp-block-column is-layout-flow wp-block-column-is-layout-flow\">\n<figure class=\"wp-block-image size-large\"><img loading=\"lazy\" decoding=\"async\" width=\"1024\" height=\"683\" src=\"https:\/\/iceberg.udg.edu\/wp-content\/uploads\/2024\/07\/curs_genere-1024x683.jpg\" alt=\"\" class=\"wp-image-18273\" srcset=\"https:\/\/iceberg.udg.edu\/wp-content\/uploads\/2024\/07\/curs_genere-1024x683.jpg 1024w, https:\/\/iceberg.udg.edu\/wp-content\/uploads\/2024\/07\/curs_genere-300x200.jpg 300w, https:\/\/iceberg.udg.edu\/wp-content\/uploads\/2024\/07\/curs_genere-768x512.jpg 768w, https:\/\/iceberg.udg.edu\/wp-content\/uploads\/2024\/07\/curs_genere-1536x1024.jpg 1536w, https:\/\/iceberg.udg.edu\/wp-content\/uploads\/2024\/07\/curs_genere-1200x800.jpg 1200w, https:\/\/iceberg.udg.edu\/wp-content\/uploads\/2024\/07\/curs_genere-1320x880.jpg 1320w, https:\/\/iceberg.udg.edu\/wp-content\/uploads\/2024\/07\/curs_genere.jpg 1920w\" sizes=\"auto, (max-width: 1024px) 100vw, 1024px\" \/><\/figure>\n\n\n\n<p><a href=\"https:\/\/www.udg.edu\/ca\/Portals\/51\/Xarxes innovaci\u00f3 docent\/genere\/GUIA PER A LA INTRODUCCI\u00d3 DE LA PERSPECTIVA DE G\u00c8NERE EN LA DOC\u00c8NCIA (FI).pdf?ver=Usi_ypOmpou1s9Q4VfL7hw%3d%3d\" target=\"_blank\" rel=\"noreferrer noopener\">Infografia- Guia per a la Introducci\u00f3 de la PG en la doc\u00e8ncia en els estudis d&#8217;Infermeria (2023)<\/a><\/p>\n\n\n\n<div style=\"height:36px\" aria-hidden=\"true\" class=\"wp-block-spacer\"><\/div>\n<\/div>\n\n\n\n<div class=\"wp-block-column is-layout-flow wp-block-column-is-layout-flow\">\n<p><\/p>\n\n\n\n<div style=\"height:36px\" aria-hidden=\"true\" class=\"wp-block-spacer\"><\/div>\n<\/div>\n\n\n\n<div class=\"wp-block-column is-layout-flow wp-block-column-is-layout-flow\">\n<p><\/p>\n\n\n\n<div style=\"height:20px\" aria-hidden=\"true\" class=\"wp-block-spacer\"><\/div>\n<\/div>\n<\/div>\n\n\n\n<p>Per a m\u00e9s informaci\u00f3 relacionada amb la perspectiva de g\u00e8nere o al treball en igualtat que es realitza a la UdG podeu adre\u00e7ar-vos a l\u2019<a rel=\"noreferrer noopener\" href=\"https:\/\/www.udg.edu\/ca\/compromis-social\/arees\/igualtat-de-genere\" target=\"_blank\">\u00c0rea d&#8217;Igualtat de G\u00e8nere<\/a><\/p>\n","protected":false},"excerpt":{"rendered":"<p>La perspectiva de g\u00e8nere a la doc\u00e8ncia Tal i com informa l\u2019Ag\u00e8ncia Catalana de Qualificaci\u00f3 (AQU), la transversalitat de la perspectiva de g\u00e8nere \u00e9s un principi d\u2019actuaci\u00f3 de tots els poders p\u00fablics que implica la presa en consideraci\u00f3 de les difer\u00e8ncies entre dones i homes en l\u2019an\u00e0lisi, la planificaci\u00f3, el disseny i l\u2019execuci\u00f3 de les [&hellip;]<\/p>\n","protected":false},"author":1,"featured_media":0,"parent":0,"menu_order":0,"comment_status":"closed","ping_status":"closed","template":"","meta":{"footnotes":""},"class_list":["post-12546","page","type-page","status-publish","hentry"],"_links":{"self":[{"href":"https:\/\/iceberg.udg.edu\/index.php?rest_route=\/wp\/v2\/pages\/12546","targetHints":{"allow":["GET"]}}],"collection":[{"href":"https:\/\/iceberg.udg.edu\/index.php?rest_route=\/wp\/v2\/pages"}],"about":[{"href":"https:\/\/iceberg.udg.edu\/index.php?rest_route=\/wp\/v2\/types\/page"}],"author":[{"embeddable":true,"href":"https:\/\/iceberg.udg.edu\/index.php?rest_route=\/wp\/v2\/users\/1"}],"replies":[{"embeddable":true,"href":"https:\/\/iceberg.udg.edu\/index.php?rest_route=%2Fwp%2Fv2%2Fcomments&post=12546"}],"version-history":[{"count":29,"href":"https:\/\/iceberg.udg.edu\/index.php?rest_route=\/wp\/v2\/pages\/12546\/revisions"}],"predecessor-version":[{"id":18280,"href":"https:\/\/iceberg.udg.edu\/index.php?rest_route=\/wp\/v2\/pages\/12546\/revisions\/18280"}],"wp:attachment":[{"href":"https:\/\/iceberg.udg.edu\/index.php?rest_route=%2Fwp%2Fv2%2Fmedia&parent=12546"}],"curies":[{"name":"wp","href":"https:\/\/api.w.org\/{rel}","templated":true}]}}

Gènere i docència

<h2 class="wp-block-heading">La perspectiva de gènere a la docència</h2>



<p>Tal i com informa l’Agència Catalana de Qualificació (AQU), la transversalitat de la perspectiva de gènere és un principi d’actuació de tots els poders públics que implica la presa en consideració de les diferències entre dones i homes en l’anàlisi, la planificació, el disseny i l’execució de les polítiques, tenint en compte la manera en què les diverses actuacions, situacions i necessitats afecten les dones i els homes. Aquesta perspectiva ha de ser aplicada també a la docència universitària, incloent els processos de qualitat, tal com estableix <strong>l’article 28 de la Llei 17/2015, del 21 de juliol, d’igualtat efectiva de dones i homes que exigeix</strong> &#8220;incloure en el currículum dels graus i dels programes de postgrau la promoció de la perspectiva de gènere d&#8217;una manera transversal i dels estudis sobre la contribució de les dones al llarg de la història en tots els àmbits del coneixement i en l&#8217;activitat acadèmica i investigadora&#8221;.&nbsp;</p>



<p>Així, indica l’AQU, el disseny de qualsevol nova titulació que es pretengui implantar haurà d&#8217;haver incorporat la perspectiva de gènere en el moment de la seva verificació. La resta de titulacions l&#8217;hauran d&#8217;incorporar gradualment, per mitjà dels processos avaluatius corresponents (seguiment, modificació i acreditació). Amb aquest motiu, publica al 2018 el <strong>Marc general per a la incorporació de la perspectiva de gènere en la docència universitària</strong>, elaborat per la Comissió Dones i Ciència del Consell Interuniversitari de Catalunya (CIC) i incorpora pautes i recomanacions per a realitzar aquesta incorporació des de totes les seves vessants: des dels responsables de la planificació, gestió i avaluació, fins el PAS, PDI o estudiantat. En aquest sentit, el grup de treball d’Igualtat de Gènere de la Xarxa Vives publica un informe sobre la perspectiva de gènere a la docència i recerca a les Universitats de la Xarxa Vives. Així neix una col·lecció d’11 “<strong>Guies per a una docència universitària amb perspectiva de gènere</strong>”&nbsp;que acompanyen a la revisió i planificació de la docència en perspectiva de gènere a diferents disciplines i àmbits de coneixement.</p>



<p>Amb intenció de desenvolupar la legislació, la UdG ha incorporat la perspectiva de gènere en el pla de qualitat que s’està dissenyant. D&#8217;altra banda, des de l&#8217;Àrea d&#8217;Igualtat de la UCSOP conjuntament amb l&#8217;ICE s&#8217;han organitzat diferents cursos de formació adreçats al PDI amb l&#8217;objectiu de promoure la incorporació de la perspectiva de gènere en la docència. S&#8217;informa d&#8217;aquestes formacions a través del Butlletí ICEberg que s&#8217;envia quinzenalment des de l&#8217;ICE-SAID a tot el PDI de la UdG. Cal esmentar també la tasca que es realitza des de la <a rel="noreferrer noopener" href="https://www.udg.edu/ca/ice/innovacio-docent/xarxes-dinnovacio-docent/xid-perspectiva-de-genere" target="_blank">Xarxa d&#8217;Innovació Docent sobre Perspectiva de Gènere</a> i des del <a rel="noreferrer noopener" href="https://www.udg.edu/ca/ice/innovacio-docent/grups-dinnovacio-docent/gid-transversalitzacio-de-genere" target="_blank">Grup d&#8217;Innovació Docent sobre Transversalització de Gènere de la Facultat de Dret</a> amb la coordinació de l&#8217;ICE Josep Pallach. </p>



<h2 class="wp-block-heading">Materials i recursos:</h2>



<div class="wp-block-columns is-layout-flex wp-container-core-columns-is-layout-9d6595d7 wp-block-columns-is-layout-flex">
<div class="wp-block-column is-layout-flow wp-block-column-is-layout-flow">
<figure class="wp-block-image size-large"><img loading="lazy" decoding="async" width="400" height="267" src="https://iceberg.udg.edu/wp-content/uploads/2020/10/img_deco_2.jpg" alt="imatge de prova" class="wp-image-10102" srcset="https://iceberg.udg.edu/wp-content/uploads/2020/10/img_deco_2.jpg 400w, https://iceberg.udg.edu/wp-content/uploads/2020/10/img_deco_2-300x200.jpg 300w" sizes="auto, (max-width: 400px) 100vw, 400px" /></figure>



<p><a href="https://www.udg.edu/ca/portals/50/OContent_Docs/Marc_general_perspectiva_AQU.pdf">Marc general per a la incorporació de la perspectiva de gènere en la docència universitària</a></p>



<div style="height:36px" aria-hidden="true" class="wp-block-spacer"></div>
</div>



<div class="wp-block-column is-layout-flow wp-block-column-is-layout-flow">
<figure class="wp-block-image size-large is-resized"><img decoding="async" src="https://iceberg.udg.edu/wp-content/uploads/2021/02/ING_39829_12461.jpg" alt="" class="wp-image-12563" width="400" srcset="https://iceberg.udg.edu/wp-content/uploads/2021/02/ING_39829_12461.jpg 600w, https://iceberg.udg.edu/wp-content/uploads/2021/02/ING_39829_12461-300x200.jpg 300w" sizes="(max-width: 600px) 100vw, 600px" /></figure>



<p><a href="https://www.udg.edu/ca/compromis-social/arees/igualtat-de-genere/guies-per-fer-docencia-amb-perspectiva-de-genere">Guies per a una docència universitària amb perspectiva de gènere</a></p>



<div style="height:36px" aria-hidden="true" class="wp-block-spacer"></div>
</div>



<div class="wp-block-column is-layout-flow wp-block-column-is-layout-flow">
<figure class="wp-block-image size-large is-resized"><img decoding="async" src="https://iceberg.udg.edu/wp-content/uploads/2021/02/paraigues.jpg" alt="" class="wp-image-12560" width="400" srcset="https://iceberg.udg.edu/wp-content/uploads/2021/02/paraigues.jpg 600w, https://iceberg.udg.edu/wp-content/uploads/2021/02/paraigues-300x200.jpg 300w" sizes="(max-width: 600px) 100vw, 600px" /></figure>



<p><a href="https://iceberg.udg.edu/?page_id=12610" data-type="page" data-id="12610">Píndoles virtuals de formació en perspectiva de gènere per al PDI</a></p>



<div style="height:20px" aria-hidden="true" class="wp-block-spacer"></div>
</div>
</div>



<h2 class="wp-block-heading"></h2>



<div class="wp-block-columns is-layout-flex wp-container-core-columns-is-layout-9d6595d7 wp-block-columns-is-layout-flex">
<div class="wp-block-column is-layout-flow wp-block-column-is-layout-flow">
<figure class="wp-block-image size-large"><img loading="lazy" decoding="async" width="1024" height="683" src="https://iceberg.udg.edu/wp-content/uploads/2024/07/curs_genere-1024x683.jpg" alt="" class="wp-image-18273" srcset="https://iceberg.udg.edu/wp-content/uploads/2024/07/curs_genere-1024x683.jpg 1024w, https://iceberg.udg.edu/wp-content/uploads/2024/07/curs_genere-300x200.jpg 300w, https://iceberg.udg.edu/wp-content/uploads/2024/07/curs_genere-768x512.jpg 768w, https://iceberg.udg.edu/wp-content/uploads/2024/07/curs_genere-1536x1024.jpg 1536w, https://iceberg.udg.edu/wp-content/uploads/2024/07/curs_genere-1200x800.jpg 1200w, https://iceberg.udg.edu/wp-content/uploads/2024/07/curs_genere-1320x880.jpg 1320w, https://iceberg.udg.edu/wp-content/uploads/2024/07/curs_genere.jpg 1920w" sizes="auto, (max-width: 1024px) 100vw, 1024px" /></figure>



<p><a href="https://www.udg.edu/ca/Portals/51/Xarxes innovació docent/genere/GUIA PER A LA INTRODUCCIÓ DE LA PERSPECTIVA DE GÈNERE EN LA DOCÈNCIA (FI).pdf?ver=Usi_ypOmpou1s9Q4VfL7hw%3d%3d" target="_blank" rel="noreferrer noopener">Infografia- Guia per a la Introducció de la PG en la docència en els estudis d&#8217;Infermeria (2023)</a></p>



<div style="height:36px" aria-hidden="true" class="wp-block-spacer"></div>
</div>



<div class="wp-block-column is-layout-flow wp-block-column-is-layout-flow">
<p></p>



<div style="height:36px" aria-hidden="true" class="wp-block-spacer"></div>
</div>



<div class="wp-block-column is-layout-flow wp-block-column-is-layout-flow">
<p></p>



<div style="height:20px" aria-hidden="true" class="wp-block-spacer"></div>
</div>
</div>



<p>Per a més informació relacionada amb la perspectiva de gènere o al treball en igualtat que es realitza a la UdG podeu adreçar-vos a l’<a rel="noreferrer noopener" href="https://www.udg.edu/ca/compromis-social/arees/igualtat-de-genere" target="_blank">Àrea d&#8217;Igualtat de Gènere</a></p>

<p>La perspectiva de gènere a la docència Tal i com informa l’Agència Catalana de Qualificació (AQU), la transversalitat de la perspectiva de gènere és un principi d’actuació de tots els poders públics que implica la presa en consideració de les diferències entre dones i homes en l’anàlisi, la planificació, el disseny i l’execució de les [&hellip;]</p>
