{"id":12964,"date":"2021-04-21T15:02:07","date_gmt":"2021-04-21T13:02:07","guid":{"rendered":"https:\/\/icebergng.udg.edu\/?page_id=12964"},"modified":"2021-04-22T09:37:07","modified_gmt":"2021-04-22T07:37:07","slug":"premis-iceberg","status":"publish","type":"page","link":"https:\/\/iceberg.udg.edu\/?page_id=12964","title":{"rendered":"Premis Iceberg"},"content":{"rendered":"\n<figure class=\"wp-block-image size-large\"><img loading=\"lazy\" decoding=\"async\" width=\"1024\" height=\"184\" src=\"https:\/\/iceberg.udg.edu\/wp-content\/uploads\/2021\/04\/iceberg-capc\u0327alera-1024x184-1.png\" alt=\"\" class=\"wp-image-13038\" srcset=\"https:\/\/iceberg.udg.edu\/wp-content\/uploads\/2021\/04\/iceberg-capc\u0327alera-1024x184-1.png 1024w, https:\/\/iceberg.udg.edu\/wp-content\/uploads\/2021\/04\/iceberg-capc\u0327alera-1024x184-1-300x54.png 300w, https:\/\/iceberg.udg.edu\/wp-content\/uploads\/2021\/04\/iceberg-capc\u0327alera-1024x184-1-768x138.png 768w\" sizes=\"auto, (max-width: 1024px) 100vw, 1024px\" \/><\/figure>\n\n\n\n<h2 class=\"wp-block-heading\">Premi d\u2019innovaci\u00f3 docent ICEberg UdG. Segona edici\u00f3<\/h2>\n\n\n\n<p>L\u2019<a href=\"https:\/\/www.udg.edu\/ca\/ice\/\">Institut de Ci\u00e8ncies de l\u2019Educaci\u00f3 Josep Pallach<\/a>&nbsp;ha convocat aquest curs la segona edici\u00f3 del Premi ICEberg UdG, amb la finalitat de fomentar la innovaci\u00f3 docent a la Universitat de Girona i premiar les millors iniciatives dutes a terme en el context d\u2019un o varis estudis de la Universitat de Girona.<\/p>\n\n\n\n<p>Amb aquest premi es pret\u00e9n impulsar el reconeixement als docents implicats en projectes d\u2019innovaci\u00f3 docent i de millora dels estudis de la nostra universitat. Tamb\u00e9, contribuir a l\u2019impuls i la consolidaci\u00f3 d\u2019una doc\u00e8ncia centrada en l\u2019estudiant, en la qual es fomenti la seva implicaci\u00f3 i participaci\u00f3 activa en el seu proc\u00e9s d\u2019aprenentatge.<\/p>\n\n\n\n<p>La convocat\u00f2ria de la segona edici\u00f3 est\u00e0 oberta des del 2 de mar\u00e7 fins el 30 de setembre de 2020.<\/p>\n\n\n\n<div class=\"wp-block-file\"><a href=\"https:\/\/iceberg.udg.edu\/wp-content\/uploads\/2021\/04\/premi.pdf\">Bases del premi<\/a><\/div>\n","protected":false},"excerpt":{"rendered":"<p>Premi d\u2019innovaci\u00f3 docent ICEberg UdG. Segona edici\u00f3 L\u2019Institut de Ci\u00e8ncies de l\u2019Educaci\u00f3 Josep Pallach&nbsp;ha convocat aquest curs la segona edici\u00f3 del Premi ICEberg UdG, amb la finalitat de fomentar la innovaci\u00f3 docent a la Universitat de Girona i premiar les millors iniciatives dutes a terme en el context d\u2019un o varis estudis de la Universitat [&hellip;]<\/p>\n","protected":false},"author":1,"featured_media":0,"parent":12919,"menu_order":0,"comment_status":"closed","ping_status":"closed","template":"","meta":{"footnotes":""},"class_list":["post-12964","page","type-page","status-publish","hentry"],"_links":{"self":[{"href":"https:\/\/iceberg.udg.edu\/index.php?rest_route=\/wp\/v2\/pages\/12964","targetHints":{"allow":["GET"]}}],"collection":[{"href":"https:\/\/iceberg.udg.edu\/index.php?rest_route=\/wp\/v2\/pages"}],"about":[{"href":"https:\/\/iceberg.udg.edu\/index.php?rest_route=\/wp\/v2\/types\/page"}],"author":[{"embeddable":true,"href":"https:\/\/iceberg.udg.edu\/index.php?rest_route=\/wp\/v2\/users\/1"}],"replies":[{"embeddable":true,"href":"https:\/\/iceberg.udg.edu\/index.php?rest_route=%2Fwp%2Fv2%2Fcomments&post=12964"}],"version-history":[{"count":2,"href":"https:\/\/iceberg.udg.edu\/index.php?rest_route=\/wp\/v2\/pages\/12964\/revisions"}],"predecessor-version":[{"id":13040,"href":"https:\/\/iceberg.udg.edu\/index.php?rest_route=\/wp\/v2\/pages\/12964\/revisions\/13040"}],"up":[{"embeddable":true,"href":"https:\/\/iceberg.udg.edu\/index.php?rest_route=\/wp\/v2\/pages\/12919"}],"wp:attachment":[{"href":"https:\/\/iceberg.udg.edu\/index.php?rest_route=%2Fwp%2Fv2%2Fmedia&parent=12964"}],"curies":[{"name":"wp","href":"https:\/\/api.w.org\/{rel}","templated":true}]}}

<figure class="wp-block-image size-large"><img loading="lazy" decoding="async" width="1024" height="184" src="https://iceberg.udg.edu/wp-content/uploads/2021/04/iceberg-capçalera-1024x184-1.png" alt="" class="wp-image-13038" srcset="https://iceberg.udg.edu/wp-content/uploads/2021/04/iceberg-capçalera-1024x184-1.png 1024w, https://iceberg.udg.edu/wp-content/uploads/2021/04/iceberg-capçalera-1024x184-1-300x54.png 300w, https://iceberg.udg.edu/wp-content/uploads/2021/04/iceberg-capçalera-1024x184-1-768x138.png 768w" sizes="auto, (max-width: 1024px) 100vw, 1024px" /></figure>



<h2 class="wp-block-heading">Premi d’innovació docent ICEberg UdG. Segona edició</h2>



<p>L’<a href="https://www.udg.edu/ca/ice/">Institut de Ciències de l’Educació Josep Pallach</a>&nbsp;ha convocat aquest curs la segona edició del Premi ICEberg UdG, amb la finalitat de fomentar la innovació docent a la Universitat de Girona i premiar les millors iniciatives dutes a terme en el context d’un o varis estudis de la Universitat de Girona.</p>



<p>Amb aquest premi es pretén impulsar el reconeixement als docents implicats en projectes d’innovació docent i de millora dels estudis de la nostra universitat. També, contribuir a l’impuls i la consolidació d’una docència centrada en l’estudiant, en la qual es fomenti la seva implicació i participació activa en el seu procés d’aprenentatge.</p>



<p>La convocatòria de la segona edició està oberta des del 2 de març fins el 30 de setembre de 2020.</p>



<div class="wp-block-file"><a href="https://iceberg.udg.edu/wp-content/uploads/2021/04/premi.pdf">Bases del premi</a></div>

<p>Premi d’innovació docent ICEberg UdG. Segona edició L’Institut de Ciències de l’Educació Josep Pallach&nbsp;ha convocat aquest curs la segona edició del Premi ICEberg UdG, amb la finalitat de fomentar la innovació docent a la Universitat de Girona i premiar les millors iniciatives dutes a terme en el context d’un o varis estudis de la Universitat [&hellip;]</p>
