{"id":12970,"date":"2021-04-21T15:03:02","date_gmt":"2021-04-21T13:03:02","guid":{"rendered":"https:\/\/icebergng.udg.edu\/?page_id=12970"},"modified":"2021-04-22T11:40:59","modified_gmt":"2021-04-22T09:40:59","slug":"difusio","status":"publish","type":"page","link":"https:\/\/iceberg.udg.edu\/?page_id=12970","title":{"rendered":"Difusi\u00f3"},"content":{"rendered":"\n<p>La difusi\u00f3 de les accions i activitats es realitza a trav\u00e9s de diferents canals<\/p>\n\n\n\n<ol class=\"wp-block-list\"><li>P\u00e0gines web<\/li><li>Butlletins informatius<\/li><li>Xarxes socials<\/li><\/ol>\n\n\n\n<h2 class=\"wp-block-heading\">1. P\u00e0gines web<\/h2>\n\n\n\n<ul class=\"wp-block-list\"><li><a href=\"https:\/\/www.udg.edu\/ca\/ice\" target=\"_blank\" rel=\"noreferrer noopener\">Web de l\u2019Institut de Ci\u00e8ncies de l\u2019Educaci\u00f3 Josep Pallach<\/a><\/li><li><a href=\"https:\/\/iceberg.udg.edu\/\" target=\"_blank\" rel=\"noreferrer noopener\">Espai ICEberg<\/a><\/li><\/ul>\n\n\n\n<h2 class=\"wp-block-heading\">2. Butlletins informatius<\/h2>\n\n\n\n<p>A partir de l\u2019espai web ICEberg, elaborat amb WordPress, s\u2019edita quinzenalment el Butllet\u00ed informatiu ICEberg.<\/p>\n\n\n\n<p>Aquest butllet\u00ed va adre\u00e7at priorit\u00e0riament a tot el PDI de la UdG. Tamb\u00e9 s\u2019envia a altres membres de la comunitat UdG (caps de servei, administradors de centre, t\u00e8cnics i altres persones d\u2019administraci\u00f3 i serveis).<\/p>\n\n\n\n<p>Tamb\u00e9 est\u00e0 obert a la subscripci\u00f3 de professionals externs (acad\u00e8mics i t\u00e8cnics d\u2019altres universitats, docents d\u2019altres nivells educatius, etc).<\/p>\n\n\n\n<p>El Butllet\u00ed recull informacions i novetats sobre l\u2019actuaci\u00f3 de l\u2019ICE en relaci\u00f3 a la innovaci\u00f3 docent i les accions de suport a la millora de la doc\u00e8ncia, les activitats de formaci\u00f3 i actualitzaci\u00f3, recursos tic i aplicacions docents, esdeveniments sobre doc\u00e8ncia universit\u00e0ria i altres projectes d\u2019aquest \u00e0mbit.<\/p>\n\n\n\n<p><strong>Les diferents informacions s\u2019estructuren en base als apartats seg\u00fcents:<\/strong><\/p>\n\n\n\n<ul class=\"wp-block-list\"><li>Activitats amb matr\u00edcula oberta<\/li><li>Not\u00edcies<\/li><li>Recursos<\/li><li>Altres propostes<\/li><\/ul>\n\n\n\n<p>A continuaci\u00f3 es mostren imatges d\u2019alguns dels Butlletins enviats aquest curs.<\/p>\n\n\n\n<div class=\"wp-block-columns is-layout-flex wp-container-core-columns-is-layout-9d6595d7 wp-block-columns-is-layout-flex\">\n<div class=\"wp-block-column is-layout-flow wp-block-column-is-layout-flow\">\n<div class=\"wp-block-columns is-layout-flex wp-container-core-columns-is-layout-9d6595d7 wp-block-columns-is-layout-flex\">\n<div class=\"wp-block-column is-layout-flow wp-block-column-is-layout-flow\">\n<figure class=\"wp-block-image size-large\"><img loading=\"lazy\" decoding=\"async\" width=\"312\" height=\"1024\" src=\"https:\/\/iceberg.udg.edu\/wp-content\/uploads\/2021\/04\/b1_3-312x1024.png\" alt=\"\" class=\"wp-image-13051\"\/><\/figure>\n<\/div>\n\n\n\n<div class=\"wp-block-column is-layout-flow wp-block-column-is-layout-flow\">\n<figure class=\"wp-block-image size-large\"><img loading=\"lazy\" decoding=\"async\" width=\"338\" height=\"1024\" src=\"https:\/\/iceberg.udg.edu\/wp-content\/uploads\/2021\/04\/b1_1-e1585307921912-1-338x1024.png\" alt=\"\" class=\"wp-image-13053\" srcset=\"https:\/\/iceberg.udg.edu\/wp-content\/uploads\/2021\/04\/b1_1-e1585307921912-1-338x1024.png 338w, https:\/\/iceberg.udg.edu\/wp-content\/uploads\/2021\/04\/b1_1-e1585307921912-1-99x300.png 99w, https:\/\/iceberg.udg.edu\/wp-content\/uploads\/2021\/04\/b1_1-e1585307921912-1.png 647w\" sizes=\"auto, (max-width: 338px) 100vw, 338px\" \/><\/figure>\n<\/div>\n<\/div>\n<\/div>\n\n\n\n<div class=\"wp-block-column is-layout-flow wp-block-column-is-layout-flow\">\n<div class=\"wp-block-columns is-layout-flex wp-container-core-columns-is-layout-9d6595d7 wp-block-columns-is-layout-flex\">\n<div class=\"wp-block-column is-layout-flow wp-block-column-is-layout-flow\">\n<figure class=\"wp-block-image size-large\"><img loading=\"lazy\" decoding=\"async\" width=\"331\" height=\"1024\" src=\"https:\/\/iceberg.udg.edu\/wp-content\/uploads\/2021\/04\/b2_1-e1585308555328-331x1024.png\" alt=\"\" class=\"wp-image-13054\" srcset=\"https:\/\/iceberg.udg.edu\/wp-content\/uploads\/2021\/04\/b2_1-e1585308555328-331x1024.png 331w, https:\/\/iceberg.udg.edu\/wp-content\/uploads\/2021\/04\/b2_1-e1585308555328-97x300.png 97w, https:\/\/iceberg.udg.edu\/wp-content\/uploads\/2021\/04\/b2_1-e1585308555328-497x1536.png 497w, https:\/\/iceberg.udg.edu\/wp-content\/uploads\/2021\/04\/b2_1-e1585308555328.png 652w\" sizes=\"auto, (max-width: 331px) 100vw, 331px\" \/><\/figure>\n<\/div>\n\n\n\n<div class=\"wp-block-column is-layout-flow wp-block-column-is-layout-flow\">\n<figure class=\"wp-block-image size-large\"><img loading=\"lazy\" decoding=\"async\" width=\"348\" height=\"1024\" src=\"https:\/\/iceberg.udg.edu\/wp-content\/uploads\/2021\/04\/b2_3-348x1024.png\" alt=\"\" class=\"wp-image-13055\" srcset=\"https:\/\/iceberg.udg.edu\/wp-content\/uploads\/2021\/04\/b2_3-348x1024.png 348w, https:\/\/iceberg.udg.edu\/wp-content\/uploads\/2021\/04\/b2_3-102x300.png 102w, https:\/\/iceberg.udg.edu\/wp-content\/uploads\/2021\/04\/b2_3-522x1536.png 522w, https:\/\/iceberg.udg.edu\/wp-content\/uploads\/2021\/04\/b2_3.png 658w\" sizes=\"auto, (max-width: 348px) 100vw, 348px\" \/><\/figure>\n<\/div>\n<\/div>\n<\/div>\n<\/div>\n\n\n\n<h2 class=\"wp-block-heading\">3. Xarxes socials<\/h2>\n\n\n\n<p>Des del compte&nbsp;<a href=\"https:\/\/twitter.com\/iceudg\" target=\"_blank\" rel=\"noreferrer noopener\">@iceudg<\/a>, es publiquen tamb\u00e9 peri\u00f2dicament a Twitter informacions de les activitats realitzades.<\/p>\n\n\n\n<p>A m\u00e9s, es va habilitar un nou compte,\u00a0<a rel=\"noreferrer noopener\" href=\"https:\/\/twitter.com\/ICEUdGinnovacio\" target=\"_blank\">@ICEUdGinnovacio<\/a>, amb l\u2019objectiu de facilitar la difusi\u00f3 de les accions que es realitzen a trav\u00e9s de les Xarxes d\u2019Innovaci\u00f3 Docent i dels Grups d\u2019Innovaci\u00f3 Docent, i contribuir a la divulgaci\u00f3 de les innovacions i projectes de millora en doc\u00e8ncia que es duen a terme a la Universitat de Girona.<\/p>\n\n\n\n<figure class=\"wp-block-image size-large\"><img loading=\"lazy\" decoding=\"async\" width=\"491\" height=\"375\" src=\"https:\/\/iceberg.udg.edu\/wp-content\/uploads\/2021\/04\/imatge-twitter.png\" alt=\"\" class=\"wp-image-13056\" srcset=\"https:\/\/iceberg.udg.edu\/wp-content\/uploads\/2021\/04\/imatge-twitter.png 491w, https:\/\/iceberg.udg.edu\/wp-content\/uploads\/2021\/04\/imatge-twitter-300x229.png 300w\" sizes=\"auto, (max-width: 491px) 100vw, 491px\" \/><\/figure>\n","protected":false},"excerpt":{"rendered":"<p>La difusi\u00f3 de les accions i activitats es realitza a trav\u00e9s de diferents canals P\u00e0gines web Butlletins informatius Xarxes socials 1. P\u00e0gines web Web de l\u2019Institut de Ci\u00e8ncies de l\u2019Educaci\u00f3 Josep Pallach Espai ICEberg 2. Butlletins informatius A partir de l\u2019espai web ICEberg, elaborat amb WordPress, s\u2019edita quinzenalment el Butllet\u00ed informatiu ICEberg. Aquest butllet\u00ed va [&hellip;]<\/p>\n","protected":false},"author":1,"featured_media":0,"parent":12919,"menu_order":0,"comment_status":"closed","ping_status":"closed","template":"","meta":{"footnotes":""},"class_list":["post-12970","page","type-page","status-publish","hentry"],"_links":{"self":[{"href":"https:\/\/iceberg.udg.edu\/index.php?rest_route=\/wp\/v2\/pages\/12970","targetHints":{"allow":["GET"]}}],"collection":[{"href":"https:\/\/iceberg.udg.edu\/index.php?rest_route=\/wp\/v2\/pages"}],"about":[{"href":"https:\/\/iceberg.udg.edu\/index.php?rest_route=\/wp\/v2\/types\/page"}],"author":[{"embeddable":true,"href":"https:\/\/iceberg.udg.edu\/index.php?rest_route=\/wp\/v2\/users\/1"}],"replies":[{"embeddable":true,"href":"https:\/\/iceberg.udg.edu\/index.php?rest_route=%2Fwp%2Fv2%2Fcomments&post=12970"}],"version-history":[{"count":2,"href":"https:\/\/iceberg.udg.edu\/index.php?rest_route=\/wp\/v2\/pages\/12970\/revisions"}],"predecessor-version":[{"id":13057,"href":"https:\/\/iceberg.udg.edu\/index.php?rest_route=\/wp\/v2\/pages\/12970\/revisions\/13057"}],"up":[{"embeddable":true,"href":"https:\/\/iceberg.udg.edu\/index.php?rest_route=\/wp\/v2\/pages\/12919"}],"wp:attachment":[{"href":"https:\/\/iceberg.udg.edu\/index.php?rest_route=%2Fwp%2Fv2%2Fmedia&parent=12970"}],"curies":[{"name":"wp","href":"https:\/\/api.w.org\/{rel}","templated":true}]}}