{"id":13020,"date":"2021-04-22T09:00:26","date_gmt":"2021-04-22T07:00:26","guid":{"rendered":"https:\/\/icebergng.udg.edu\/?page_id=13020"},"modified":"2021-07-22T13:28:40","modified_gmt":"2021-07-22T11:28:40","slug":"avaluacio-de-les-activitats-realitzades-per-part-dels-participants","status":"publish","type":"page","link":"https:\/\/iceberg.udg.edu\/?page_id=13020","title":{"rendered":"Avaluaci\u00f3 de les activitats realitzades per part dels participants"},"content":{"rendered":"\n<p>Una vegada finalitzades les activitats, s\u2019envia als participants una enquesta en l\u00ednia de valoraci\u00f3 de l\u2019activitat a la qual han assistit.<br>Aquesta enquesta \u00e9s an\u00f2nima i consta de 12 preguntes de resposta tipus Likert (1= Totalment desacord; 4= Totalment d\u2019acord), i quatre preguntes de resposta oberta.<\/p>\n\n\n\n<figure class=\"wp-block-image size-large is-resized\"><img loading=\"lazy\" decoding=\"async\" src=\"https:\/\/iceberg.udg.edu\/wp-content\/uploads\/2021\/04\/imatgeenquesta-participants-1024x625-1.png\" alt=\"\" class=\"wp-image-13023\" width=\"512\" height=\"313\" srcset=\"https:\/\/iceberg.udg.edu\/wp-content\/uploads\/2021\/04\/imatgeenquesta-participants-1024x625-1.png 1024w, https:\/\/iceberg.udg.edu\/wp-content\/uploads\/2021\/04\/imatgeenquesta-participants-1024x625-1-300x183.png 300w, https:\/\/iceberg.udg.edu\/wp-content\/uploads\/2021\/04\/imatgeenquesta-participants-1024x625-1-768x469.png 768w\" sizes=\"auto, (max-width: 512px) 100vw, 512px\" \/><\/figure>\n\n\n\n<p><strong>En la taula seg\u00fcent es mostren les mitjanes de les puntuacions donades a les preguntes quantitatives.<\/strong><\/p>\n\n\n\n<figure class=\"wp-block-table\"><table><thead><tr><th>Pregunta<\/th><th>Puntuacio\u0301 mitjana<\/th><\/tr><\/thead><tbody><tr><td>L\u2019organitzacio\u0301 general d\u2019aquesta activitat ha funcionat correctamen<\/td><td>3,75<\/td><\/tr><tr><td>La tema\u0300tica que s\u2019ha tractat ha estat interessant<\/td><td>3,63<\/td><\/tr><tr><td>El clima de treball que s\u2019ha generat durant l\u2019activitat ha estat participatiu<\/td><td>3,56<\/td><\/tr><tr><td>Els continguts de l\u2019activitat ha respost a les meves expectatives<\/td><td>3,47<\/td><\/tr><tr><td>La tasca desenvolupada pel ponent\/s ha estat adequada<\/td><td>3,68<\/td><\/tr><tr><td>La dina\u0300mica general de l\u2019activitat m\u2019ha satisfet<\/td><td>3,1<\/td><\/tr><tr><td>Participar en aquesta activitat em permetra\u0300 millorar elements de la meva doce\u0300ncia<\/td><td>3,49<\/td><\/tr><tr><td>Realitzar aquesta activitat em permetra\u0300 participar en projectes d\u2019innovacio\u0301 docent<\/td><td>3,16<\/td><\/tr><tr><td>Tinc intere\u0300s en continuar participant en altres activitats formatives<\/td><td>3,74<\/td><\/tr><tr><td>L\u2019equilibri entre les aportacions teo\u0300riques i la practica , si e\u0301s el cas, ha estat adequat<\/td><td>3,29<\/td><\/tr><tr><td>La documentacio\u0301 que s\u2019ha lliurat ha estat adequada<\/td><td>3,65<\/td><\/tr><tr><td>L\u2019espai o entorn on s\u2019ha realitzat l\u2019activitat ha estat adequat<\/td><td>3,52<\/td><\/tr><\/tbody><tfoot><tr><th>Total<\/th><th>3,54<\/th><\/tr><\/tfoot><\/table><\/figure>\n\n\n\n<p>Cal subratllar l\u2019alta puntuaci\u00f3 donada en tots els \u00edtems, obtenint una puntuaci\u00f3 mitjana general de 3.54 sobre 4, lleugerament superior al curs passat en qu\u00e8 es va obtenir una valoraci\u00f3 mitjana de 3,38 sobre 4.<\/p>\n\n\n\n<p><strong>Destaquen de manera especialment positiva els seg\u00fcents \u00edtems:<\/strong><\/p>\n\n\n\n<ul class=\"wp-block-list\"><li>L\u2019organitzaci\u00f3 general de l\u2019activitat<\/li><li>La tem\u00e0tica tractada<\/li><li>La tasca desenvolupada pels ponents<\/li><li>L\u2019inter\u00e8s en continuar participant en altres activitats formatives<\/li><li>La documentaci\u00f3 lliurada<\/li><\/ul>\n\n\n\n<p>D\u2019altra banda, les preguntes de resposta oberta fan refer\u00e8ncia a temes sobre els quals interessaria que s\u2019organitz\u00e9s alguna activitat formativa, tamb\u00e9 a propostes i suggeriments de millora per a futures edicions i a aspectes positius a destacar sobre les activitats realitzades.<\/p>\n\n\n\n<p>Respecte dels temes sobre els quals interessaria que s\u2019organitz\u00e9s alguna activitat formativa, els temes que proposen els enquestats s\u00f3n (en it\u00e0lica els que s\u2019esmenten dues vegades o m\u00e9s):<\/p>\n\n\n\n<ul class=\"wp-block-list\"><li>En relaci\u00f3 a doc\u00e8ncia i innovaci\u00f3:<ul><li>Metodologies actives i participatives: panor\u00e0mica general o T\u00e8cniques de doc\u00e8ncia en l\u00ednia<\/li><li>Avaluaci\u00f3 de compet\u00e8ncies<\/li><li>Com plantejar una assignatura de manera virtual<\/li><li>Treball en equip<\/li><\/ul><\/li><li>En relaci\u00f3 a metodologies actives concretes:<ul><li>APP<\/li><li>Classe inversa<\/li><li>Gamificaci\u00f3<\/li><\/ul><\/li><li>En relaci\u00f3 a gesti\u00f3 de la recerca:<ul><li>Estad\u00edstica i an\u00e0lisi de dades<\/li><li>Programari per a la recerca qualitativa<\/li><li>SPSS i estad\u00edstica avan\u00e7ada (models jer\u00e0rquics lineals i an\u00e0lisi mediacional)<\/li><li>\u00das del programa R<\/li><li>Gesti\u00f3, motivaci\u00f3 i lideratge de grups de recerca o Com elaborar un projecte de recerca<\/li><li>Comunicaci\u00f3 de la recerca<\/li><li>Mineria de dades<\/li><li>Excel per a principiants<\/li><\/ul><\/li><li>Sobre eines TIC:<ul><li>Preparaci\u00f3 i edici\u00f3 de v\u00eddeos docents<\/li><li>Moodle: avaluaci\u00f3, qualificador, \u00fas de r\u00fabriques, q\u00fcestionaris o Eines per a la doc\u00e8ncia virtual<\/li><li>Preparaci\u00f3 de videoconfer\u00e8ncies<\/li><li>Xarxes socials (Twitter i altres)<\/li><li>BB Collaborate<\/li><li>Pissarres electr\u00f2niques en l\u00ednia<\/li><li>Com treure m\u00e9s profit del Google Meet<\/li><li>Aplicacions de veu per donar feedback als estudiants<\/li><\/ul><\/li><li>Sobre gesti\u00f3:<ul><li>Gesti\u00f3 del temps<\/li><li>Lideratge de grups<\/li><\/ul><\/li><li>Lleng\u00fces<ul><li>Doc\u00e8ncia en angl\u00e8s<\/li><\/ul><\/li><li>Salut<ul><li>T\u00e8cniques de respiraci\u00f3 per fer classes<\/li><\/ul><\/li><\/ul>\n\n\n\n<p>Per altra banda, pel que fa a suggeriments i propostes de millora de cara a futures edicions de les activitats, es fa refer\u00e8ncia, entre d\u2019altres, a les q\u00fcestions seg\u00fcents:<\/p>\n\n\n\n<ul class=\"wp-block-list\"><li>Procurar enfocaments m\u00e9s transversals en algunes sessions, tenint en compte els diferents \u00e0mbits de coneixement<\/li><li>Preveure m\u00e9s temps en algunes sessions, donat que en algun cas s\u2019han tractat temes de forma massa r\u00e0pida<\/li><li>Promoure m\u00e9s interacci\u00f3 entre els participants<\/li><li>Destinar m\u00e9s temps a debat i a preguntes i consultes al final de l\u2019explicaci\u00f3<\/li><li>Organitzar sessions d\u2019aprofundiment d\u2019alguns temes i continguts<\/li><li>En alguns casos, limitar els continguts per sessi\u00f3, incloure-hi menys temes<\/li><li>Especificar m\u00e9s els requeriments t\u00e8cnics necessaris en les sessions en qu\u00e8 elsparticipants han de dur el seu ordinador<\/li><li>Aprofitar el format on-line per fer sessions de resoluci\u00f3 de dubtes<\/li><li>Intentar organitzar sessions segons nivells de coneixement<\/li><li>Incloure m\u00e9s casos pr\u00e0ctics i exemples reals en algunes sessions que han estat excessivament te\u00f2riques<\/li><li>Enviar la documentaci\u00f3 amb antelaci\u00f3 a les activitats (si \u00e9s el cas)<\/li><li>Preveure un possible substitut en cas que el\/la ponent no pugui fer una sessi\u00f3<\/li><li>Anar actualitzant el Moodle amb les darreres versions<\/li><li>Millorar la temperatura de la sala de formaci\u00f3<\/li><\/ul>\n\n\n\n<p>En relaci\u00f3 als aspectes positius de les activitats formatives realitzades, destaquen especialment:<\/p>\n\n\n\n<ul class=\"wp-block-list\"><li>La compet\u00e8ncia i v\u00e0lua dels ponents i formadors<\/li><li>La bona disposici\u00f3, implicaci\u00f3 i entusiasme dels formadors \uf0d8 La claredat de les explicacions<\/li><li>El bon clima de treball generat<\/li><li>La bona organitzaci\u00f3 de les activitats<\/li><li>La quantitat de continguts facilitats en diferents formats<\/li><li>Els materials elaborats sobre doc\u00e8ncia en l\u00ednia<\/li><li>El fet de facilitar les gravacions de les sessions<\/li><li>Els v\u00eddeo-tutorials de Moodle<\/li><li>La durada habitual de les activitats (format de curta durada)<\/li><\/ul>\n\n\n\n<p>S\u2019agraeix tamb\u00e9 el suport donat des de l\u2019ICE i la r\u00e0pida resposta a les consultes plantejades, tant per tel\u00e8fon com per mail.<\/p>\n","protected":false},"excerpt":{"rendered":"<p>Una vegada finalitzades les activitats, s\u2019envia als participants una enquesta en l\u00ednia de valoraci\u00f3 de l\u2019activitat a la qual han assistit.Aquesta enquesta \u00e9s an\u00f2nima i consta de 12 preguntes de resposta tipus Likert (1= Totalment desacord; 4= Totalment d\u2019acord), i quatre preguntes de resposta oberta. En la taula seg\u00fcent es mostren les mitjanes de les [&hellip;]<\/p>\n","protected":false},"author":1,"featured_media":0,"parent":12959,"menu_order":0,"comment_status":"closed","ping_status":"closed","template":"","meta":{"footnotes":""},"class_list":["post-13020","page","type-page","status-publish","hentry"],"_links":{"self":[{"href":"https:\/\/iceberg.udg.edu\/index.php?rest_route=\/wp\/v2\/pages\/13020","targetHints":{"allow":["GET"]}}],"collection":[{"href":"https:\/\/iceberg.udg.edu\/index.php?rest_route=\/wp\/v2\/pages"}],"about":[{"href":"https:\/\/iceberg.udg.edu\/index.php?rest_route=\/wp\/v2\/types\/page"}],"author":[{"embeddable":true,"href":"https:\/\/iceberg.udg.edu\/index.php?rest_route=\/wp\/v2\/users\/1"}],"replies":[{"embeddable":true,"href":"https:\/\/iceberg.udg.edu\/index.php?rest_route=%2Fwp%2Fv2%2Fcomments&post=13020"}],"version-history":[{"count":3,"href":"https:\/\/iceberg.udg.edu\/index.php?rest_route=\/wp\/v2\/pages\/13020\/revisions"}],"predecessor-version":[{"id":13547,"href":"https:\/\/iceberg.udg.edu\/index.php?rest_route=\/wp\/v2\/pages\/13020\/revisions\/13547"}],"up":[{"embeddable":true,"href":"https:\/\/iceberg.udg.edu\/index.php?rest_route=\/wp\/v2\/pages\/12959"}],"wp:attachment":[{"href":"https:\/\/iceberg.udg.edu\/index.php?rest_route=%2Fwp%2Fv2%2Fmedia&parent=13020"}],"curies":[{"name":"wp","href":"https:\/\/api.w.org\/{rel}","templated":true}]}}

Avaluació de les activitats realitzades per part dels participants

<p>Una vegada finalitzades les activitats, s’envia als participants una enquesta en línia de valoració de l’activitat a la qual han assistit.<br>Aquesta enquesta és anònima i consta de 12 preguntes de resposta tipus Likert (1= Totalment desacord; 4= Totalment d’acord), i quatre preguntes de resposta oberta.</p>



<figure class="wp-block-image size-large is-resized"><img loading="lazy" decoding="async" src="https://iceberg.udg.edu/wp-content/uploads/2021/04/imatgeenquesta-participants-1024x625-1.png" alt="" class="wp-image-13023" width="512" height="313" srcset="https://iceberg.udg.edu/wp-content/uploads/2021/04/imatgeenquesta-participants-1024x625-1.png 1024w, https://iceberg.udg.edu/wp-content/uploads/2021/04/imatgeenquesta-participants-1024x625-1-300x183.png 300w, https://iceberg.udg.edu/wp-content/uploads/2021/04/imatgeenquesta-participants-1024x625-1-768x469.png 768w" sizes="auto, (max-width: 512px) 100vw, 512px" /></figure>



<p><strong>En la taula següent es mostren les mitjanes de les puntuacions donades a les preguntes quantitatives.</strong></p>



<figure class="wp-block-table"><table><thead><tr><th>Pregunta</th><th>Puntuació mitjana</th></tr></thead><tbody><tr><td>L’organització general d’aquesta activitat ha funcionat correctamen</td><td>3,75</td></tr><tr><td>La temàtica que s’ha tractat ha estat interessant</td><td>3,63</td></tr><tr><td>El clima de treball que s’ha generat durant l’activitat ha estat participatiu</td><td>3,56</td></tr><tr><td>Els continguts de l’activitat ha respost a les meves expectatives</td><td>3,47</td></tr><tr><td>La tasca desenvolupada pel ponent/s ha estat adequada</td><td>3,68</td></tr><tr><td>La dinàmica general de l’activitat m’ha satisfet</td><td>3,1</td></tr><tr><td>Participar en aquesta activitat em permetrà millorar elements de la meva docència</td><td>3,49</td></tr><tr><td>Realitzar aquesta activitat em permetrà participar en projectes d’innovació docent</td><td>3,16</td></tr><tr><td>Tinc interès en continuar participant en altres activitats formatives</td><td>3,74</td></tr><tr><td>L’equilibri entre les aportacions teòriques i la practica , si és el cas, ha estat adequat</td><td>3,29</td></tr><tr><td>La documentació que s’ha lliurat ha estat adequada</td><td>3,65</td></tr><tr><td>L’espai o entorn on s’ha realitzat l’activitat ha estat adequat</td><td>3,52</td></tr></tbody><tfoot><tr><th>Total</th><th>3,54</th></tr></tfoot></table></figure>



<p>Cal subratllar l’alta puntuació donada en tots els ítems, obtenint una puntuació mitjana general de 3.54 sobre 4, lleugerament superior al curs passat en què es va obtenir una valoració mitjana de 3,38 sobre 4.</p>



<p><strong>Destaquen de manera especialment positiva els següents ítems:</strong></p>



<ul class="wp-block-list"><li>L’organització general de l’activitat</li><li>La temàtica tractada</li><li>La tasca desenvolupada pels ponents</li><li>L’interès en continuar participant en altres activitats formatives</li><li>La documentació lliurada</li></ul>



<p>D’altra banda, les preguntes de resposta oberta fan referència a temes sobre els quals interessaria que s’organitzés alguna activitat formativa, també a propostes i suggeriments de millora per a futures edicions i a aspectes positius a destacar sobre les activitats realitzades.</p>



<p>Respecte dels temes sobre els quals interessaria que s’organitzés alguna activitat formativa, els temes que proposen els enquestats són (en itàlica els que s’esmenten dues vegades o més):</p>



<ul class="wp-block-list"><li>En relació a docència i innovació:<ul><li>Metodologies actives i participatives: panoràmica general o Tècniques de docència en línia</li><li>Avaluació de competències</li><li>Com plantejar una assignatura de manera virtual</li><li>Treball en equip</li></ul></li><li>En relació a metodologies actives concretes:<ul><li>APP</li><li>Classe inversa</li><li>Gamificació</li></ul></li><li>En relació a gestió de la recerca:<ul><li>Estadística i anàlisi de dades</li><li>Programari per a la recerca qualitativa</li><li>SPSS i estadística avançada (models jeràrquics lineals i anàlisi mediacional)</li><li>Ús del programa R</li><li>Gestió, motivació i lideratge de grups de recerca o Com elaborar un projecte de recerca</li><li>Comunicació de la recerca</li><li>Mineria de dades</li><li>Excel per a principiants</li></ul></li><li>Sobre eines TIC:<ul><li>Preparació i edició de vídeos docents</li><li>Moodle: avaluació, qualificador, ús de rúbriques, qüestionaris o Eines per a la docència virtual</li><li>Preparació de videoconferències</li><li>Xarxes socials (Twitter i altres)</li><li>BB Collaborate</li><li>Pissarres electròniques en línia</li><li>Com treure més profit del Google Meet</li><li>Aplicacions de veu per donar feedback als estudiants</li></ul></li><li>Sobre gestió:<ul><li>Gestió del temps</li><li>Lideratge de grups</li></ul></li><li>Llengües<ul><li>Docència en anglès</li></ul></li><li>Salut<ul><li>Tècniques de respiració per fer classes</li></ul></li></ul>



<p>Per altra banda, pel que fa a suggeriments i propostes de millora de cara a futures edicions de les activitats, es fa referència, entre d’altres, a les qüestions següents:</p>



<ul class="wp-block-list"><li>Procurar enfocaments més transversals en algunes sessions, tenint en compte els diferents àmbits de coneixement</li><li>Preveure més temps en algunes sessions, donat que en algun cas s’han tractat temes de forma massa ràpida</li><li>Promoure més interacció entre els participants</li><li>Destinar més temps a debat i a preguntes i consultes al final de l’explicació</li><li>Organitzar sessions d’aprofundiment d’alguns temes i continguts</li><li>En alguns casos, limitar els continguts per sessió, incloure-hi menys temes</li><li>Especificar més els requeriments tècnics necessaris en les sessions en què elsparticipants han de dur el seu ordinador</li><li>Aprofitar el format on-line per fer sessions de resolució de dubtes</li><li>Intentar organitzar sessions segons nivells de coneixement</li><li>Incloure més casos pràctics i exemples reals en algunes sessions que han estat excessivament teòriques</li><li>Enviar la documentació amb antelació a les activitats (si és el cas)</li><li>Preveure un possible substitut en cas que el/la ponent no pugui fer una sessió</li><li>Anar actualitzant el Moodle amb les darreres versions</li><li>Millorar la temperatura de la sala de formació</li></ul>



<p>En relació als aspectes positius de les activitats formatives realitzades, destaquen especialment:</p>



<ul class="wp-block-list"><li>La competència i vàlua dels ponents i formadors</li><li>La bona disposició, implicació i entusiasme dels formadors  La claredat de les explicacions</li><li>El bon clima de treball generat</li><li>La bona organització de les activitats</li><li>La quantitat de continguts facilitats en diferents formats</li><li>Els materials elaborats sobre docència en línia</li><li>El fet de facilitar les gravacions de les sessions</li><li>Els vídeo-tutorials de Moodle</li><li>La durada habitual de les activitats (format de curta durada)</li></ul>



<p>S’agraeix també el suport donat des de l’ICE i la ràpida resposta a les consultes plantejades, tant per telèfon com per mail.</p>

<p>Una vegada finalitzades les activitats, s’envia als participants una enquesta en línia de valoració de l’activitat a la qual han assistit.Aquesta enquesta és anònima i consta de 12 preguntes de resposta tipus Likert (1= Totalment desacord; 4= Totalment d’acord), i quatre preguntes de resposta oberta. En la taula següent es mostren les mitjanes de les [&hellip;]</p>
