{"id":13983,"date":"2021-12-10T11:57:55","date_gmt":"2021-12-10T10:57:55","guid":{"rendered":"https:\/\/icebergng.udg.edu\/?page_id=13983"},"modified":"2022-07-22T12:57:03","modified_gmt":"2022-07-22T10:57:03","slug":"activitats-formatives","status":"publish","type":"page","link":"https:\/\/iceberg.udg.edu\/?page_id=13983","title":{"rendered":"Activitats formatives"},"content":{"rendered":"\n<h2 class=\"wp-block-heading\">Doc\u00e8ncia Universit\u00e0ria<\/h2>\n\n\n\n<div data-wp-interactive=\"core\/file\" class=\"wp-block-file\"><object data-wp-bind--hidden=\"!state.hasPdfPreview\" hidden class=\"wp-block-file__embed\" data=\"https:\/\/iceberg.udg.edu\/wp-content\/uploads\/2022\/07\/Docencia-Universitaria-21-22.pdf\" type=\"application\/pdf\" style=\"width:100%;height:600px\" aria-label=\"Incrustaci\u00f3 del fitxer Incrustaci\u00f3 del fitxer Doc\u00e8ncia Universit\u00e0ria 21-22..\"><\/object><a href=\"https:\/\/iceberg.udg.edu\/wp-content\/uploads\/2022\/07\/Docencia-Universitaria-21-22.pdf\" target=\"_blank\" rel=\"noreferrer noopener\">Doc\u00e8ncia Universit\u00e0ria 21-22<\/a><a href=\"https:\/\/iceberg.udg.edu\/wp-content\/uploads\/2022\/07\/Docencia-Universitaria-21-22.pdf\" class=\"wp-block-file__button\" download>Baixa<\/a><\/div>\n\n\n\n<h2 class=\"wp-block-heading\">Gesti\u00f3 Universit\u00e0ria<\/h2>\n\n\n\n<div data-wp-interactive=\"core\/file\" class=\"wp-block-file\"><object data-wp-bind--hidden=\"!state.hasPdfPreview\" hidden class=\"wp-block-file__embed\" data=\"https:\/\/iceberg.udg.edu\/wp-content\/uploads\/2022\/07\/Gestio-Universitaria-21-22.pdf\" type=\"application\/pdf\" style=\"width:100%;height:600px\" aria-label=\"Incrustaci\u00f3 del fitxer Incrustaci\u00f3 del fitxer Gestio Universit\u00e0ria 21-22..\"><\/object><a href=\"https:\/\/iceberg.udg.edu\/wp-content\/uploads\/2022\/07\/Gestio-Universitaria-21-22.pdf\" target=\"_blank\" rel=\"noreferrer noopener\">Gestio Universit\u00e0ria 21-22<\/a><a href=\"https:\/\/iceberg.udg.edu\/wp-content\/uploads\/2022\/07\/Gestio-Universitaria-21-22.pdf\" class=\"wp-block-file__button\" download>Baixa<\/a><\/div>\n\n\n\n<h2 class=\"wp-block-heading\">Metodologies Docents<\/h2>\n\n\n\n<div data-wp-interactive=\"core\/file\" class=\"wp-block-file\"><object data-wp-bind--hidden=\"!state.hasPdfPreview\" hidden class=\"wp-block-file__embed\" data=\"https:\/\/iceberg.udg.edu\/wp-content\/uploads\/2022\/07\/Metodologies-Docents-21-22.pdf\" type=\"application\/pdf\" style=\"width:100%;height:600px\" aria-label=\"Incrustaci\u00f3 del fitxer Incrustaci\u00f3 del fitxer Metodologies Docents 21-22..\"><\/object><a href=\"https:\/\/iceberg.udg.edu\/wp-content\/uploads\/2022\/07\/Metodologies-Docents-21-22.pdf\" target=\"_blank\" rel=\"noreferrer noopener\">Metodologies Docents 21-22<\/a><a href=\"https:\/\/iceberg.udg.edu\/wp-content\/uploads\/2022\/07\/Metodologies-Docents-21-22.pdf\" class=\"wp-block-file__button\" download>Baixa<\/a><\/div>\n\n\n\n<h2 class=\"wp-block-heading\">Recerca<\/h2>\n\n\n\n<div data-wp-interactive=\"core\/file\" class=\"wp-block-file\"><object data-wp-bind--hidden=\"!state.hasPdfPreview\" hidden class=\"wp-block-file__embed\" data=\"https:\/\/iceberg.udg.edu\/wp-content\/uploads\/2022\/07\/Recerca-21-22.pdf\" type=\"application\/pdf\" style=\"width:100%;height:600px\" aria-label=\"Incrustaci\u00f3 del fitxer Incrustaci\u00f3 del fitxer Recerca 21-22..\"><\/object><a href=\"https:\/\/iceberg.udg.edu\/wp-content\/uploads\/2022\/07\/Recerca-21-22.pdf\" target=\"_blank\" rel=\"noreferrer noopener\">Recerca 21-22<\/a><a href=\"https:\/\/iceberg.udg.edu\/wp-content\/uploads\/2022\/07\/Recerca-21-22.pdf\" class=\"wp-block-file__button\" download>Baixa<\/a><\/div>\n\n\n\n<h2 class=\"wp-block-heading\">Recursos Docents<\/h2>\n\n\n\n<div data-wp-interactive=\"core\/file\" class=\"wp-block-file\"><object data-wp-bind--hidden=\"!state.hasPdfPreview\" hidden class=\"wp-block-file__embed\" data=\"https:\/\/iceberg.udg.edu\/wp-content\/uploads\/2022\/07\/Recursos-Docents-21-22.pdf\" type=\"application\/pdf\" style=\"width:100%;height:600px\" aria-label=\"Incrustaci\u00f3 del fitxer Incrustaci\u00f3 del fitxer Recursos Docents 21-22..\"><\/object><a href=\"https:\/\/iceberg.udg.edu\/wp-content\/uploads\/2022\/07\/Recursos-Docents-21-22.pdf\" target=\"_blank\" rel=\"noreferrer noopener\">Recursos Docents 21-22<\/a><a href=\"https:\/\/iceberg.udg.edu\/wp-content\/uploads\/2022\/07\/Recursos-Docents-21-22.pdf\" class=\"wp-block-file__button\" download>Baixa<\/a><\/div>\n\n\n\n<h2 class=\"wp-block-heading\">Salut Laboral<\/h2>\n\n\n\n<div data-wp-interactive=\"core\/file\" class=\"wp-block-file\"><object data-wp-bind--hidden=\"!state.hasPdfPreview\" hidden class=\"wp-block-file__embed\" data=\"https:\/\/iceberg.udg.edu\/wp-content\/uploads\/2022\/07\/Salut-Laboral-21-22.pdf\" type=\"application\/pdf\" style=\"width:100%;height:600px\" aria-label=\"Incrustaci\u00f3 del fitxer Incrustaci\u00f3 del fitxer Salut Laboral 21-22..\"><\/object><a href=\"https:\/\/iceberg.udg.edu\/wp-content\/uploads\/2022\/07\/Salut-Laboral-21-22.pdf\" target=\"_blank\" rel=\"noreferrer noopener\">Salut Laboral 21-22<\/a><a href=\"https:\/\/iceberg.udg.edu\/wp-content\/uploads\/2022\/07\/Salut-Laboral-21-22.pdf\" class=\"wp-block-file__button\" download>Baixa<\/a><\/div>\n\n\n\n<h2 class=\"wp-block-heading\">TIC<\/h2>\n\n\n\n<div data-wp-interactive=\"core\/file\" class=\"wp-block-file\"><object data-wp-bind--hidden=\"!state.hasPdfPreview\" hidden class=\"wp-block-file__embed\" data=\"https:\/\/iceberg.udg.edu\/wp-content\/uploads\/2022\/07\/TIC-21-22.pdf\" type=\"application\/pdf\" style=\"width:100%;height:600px\" aria-label=\"Incrustaci\u00f3 del fitxer Incrustaci\u00f3 del fitxer TIC 21-22..\"><\/object><a href=\"https:\/\/iceberg.udg.edu\/wp-content\/uploads\/2022\/07\/TIC-21-22.pdf\" target=\"_blank\" rel=\"noreferrer noopener\">TIC 21-22<\/a><a href=\"https:\/\/iceberg.udg.edu\/wp-content\/uploads\/2022\/07\/TIC-21-22.pdf\" class=\"wp-block-file__button\" download>Baixa<\/a><\/div>\n","protected":false},"excerpt":{"rendered":"<p>Doc\u00e8ncia Universit\u00e0ria Gesti\u00f3 Universit\u00e0ria Metodologies Docents Recerca Recursos Docents Salut Laboral TIC<\/p>\n","protected":false},"author":1,"featured_media":0,"parent":13978,"menu_order":0,"comment_status":"closed","ping_status":"closed","template":"","meta":{"footnotes":""},"class_list":["post-13983","page","type-page","status-publish","hentry"],"_links":{"self":[{"href":"https:\/\/iceberg.udg.edu\/index.php?rest_route=\/wp\/v2\/pages\/13983","targetHints":{"allow":["GET"]}}],"collection":[{"href":"https:\/\/iceberg.udg.edu\/index.php?rest_route=\/wp\/v2\/pages"}],"about":[{"href":"https:\/\/iceberg.udg.edu\/index.php?rest_route=\/wp\/v2\/types\/page"}],"author":[{"embeddable":true,"href":"https:\/\/iceberg.udg.edu\/index.php?rest_route=\/wp\/v2\/users\/1"}],"replies":[{"embeddable":true,"href":"https:\/\/iceberg.udg.edu\/index.php?rest_route=%2Fwp%2Fv2%2Fcomments&post=13983"}],"version-history":[{"count":5,"href":"https:\/\/iceberg.udg.edu\/index.php?rest_route=\/wp\/v2\/pages\/13983\/revisions"}],"predecessor-version":[{"id":16743,"href":"https:\/\/iceberg.udg.edu\/index.php?rest_route=\/wp\/v2\/pages\/13983\/revisions\/16743"}],"up":[{"embeddable":true,"href":"https:\/\/iceberg.udg.edu\/index.php?rest_route=\/wp\/v2\/pages\/13978"}],"wp:attachment":[{"href":"https:\/\/iceberg.udg.edu\/index.php?rest_route=%2Fwp%2Fv2%2Fmedia&parent=13983"}],"curies":[{"name":"wp","href":"https:\/\/api.w.org\/{rel}","templated":true}]}}