{"id":14010,"date":"2021-12-10T12:25:19","date_gmt":"2021-12-10T11:25:19","guid":{"rendered":"https:\/\/icebergng.udg.edu\/?page_id=14010"},"modified":"2022-07-22T10:06:51","modified_gmt":"2022-07-22T08:06:51","slug":"propostes-del-professorat-participant-en-activitats-del-curs-anterior","status":"publish","type":"page","link":"https:\/\/iceberg.udg.edu\/?page_id=14010","title":{"rendered":"Propostes del professorat participant en activitats del curs anterior"},"content":{"rendered":"\n<p>Una vegada finalitzades les activitats, la Secretaria de l\u2019ICE envia de forma on-line als participants una enquesta de valoraci\u00f3 de l\u2019activitat a la qual han assistit.<\/p>\n\n\n\n<p>De les propostes recollides respecte temes sobre els quals interessaria que s\u2019organitz\u00e9s alguna activitat formativa, s\u2019esmenten en m\u00e9s de dues ocasions s\u00f3n:<\/p>\n\n\n\n<ul class=\"wp-block-list\"><li>En relaci\u00f3 a doc\u00e8ncia i innovaci\u00f3:<ul><li>Innovaci\u00f3 docent amb grups grans<\/li><\/ul><ul><li>\u00das de la veu en doc\u00e8ncia<\/li><\/ul><ul><li>Eines per gestionar el dia a dia amb els estudiants<\/li><\/ul><\/li><li>Innovaci\u00f3 i pr\u00e0ctica avan\u00e7ada en infermeria<\/li><\/ul>\n\n\n\n<ul class=\"wp-block-list\"><li>En relaci\u00f3 a gesti\u00f3 de la recerca:<ul><li>SPSS<\/li><\/ul><ul><li>ATLAS Ti<\/li><\/ul><ul><li>Software d\u2019an\u00e0lisi estad\u00edstica<\/li><\/ul><ul><li>An\u00e0lisi de dades composicionals<\/li><\/ul><ul><li>Programa R<\/li><\/ul><ul><li>Mendeley\u00d8RCID\/Researchgate<\/li><\/ul><ul><li>Nvivo<\/li><\/ul><\/li><\/ul>\n\n\n\n<ul class=\"wp-block-list\"><li>Sobre eines TIC:<ul><li>Moodle<\/li><\/ul><\/li><\/ul>\n\n\n\n<ul class=\"wp-block-list\"><li>Lleng\u00fces<ul><li>Angl\u00e8s de perfeccionament<\/li><\/ul><\/li><\/ul>\n\n\n\n<p>Per altra banda, pel que fa a suggeriments i propostes de millora de cara a futures edicions de les activitats, es fa refer\u00e8ncia, entre d\u2019altres, a les q\u00fcestions seg\u00fcents:<\/p>\n\n\n\n<ul class=\"wp-block-list\"><li>M\u00e9s durada per a alguna activitat<\/li><li>Poder disposar de material te\u00f2ric de suport<\/li><li>Comptar amb documentaci\u00f3 complement\u00e0ria<\/li><li>En cas que&nbsp; hi hagi diferents nivells entre els participants, fer dos grups<\/li><\/ul>\n","protected":false},"excerpt":{"rendered":"<p>Una vegada finalitzades les activitats, la Secretaria de l\u2019ICE envia de forma on-line als participants una enquesta de valoraci\u00f3 de l\u2019activitat a la qual han assistit. De les propostes recollides respecte temes sobre els quals interessaria que s\u2019organitz\u00e9s alguna activitat formativa, s\u2019esmenten en m\u00e9s de dues ocasions s\u00f3n: En relaci\u00f3 a doc\u00e8ncia i innovaci\u00f3: Innovaci\u00f3 [&hellip;]<\/p>\n","protected":false},"author":1,"featured_media":0,"parent":13985,"menu_order":0,"comment_status":"closed","ping_status":"closed","template":"","meta":{"footnotes":""},"class_list":["post-14010","page","type-page","status-publish","hentry"],"_links":{"self":[{"href":"https:\/\/iceberg.udg.edu\/index.php?rest_route=\/wp\/v2\/pages\/14010","targetHints":{"allow":["GET"]}}],"collection":[{"href":"https:\/\/iceberg.udg.edu\/index.php?rest_route=\/wp\/v2\/pages"}],"about":[{"href":"https:\/\/iceberg.udg.edu\/index.php?rest_route=\/wp\/v2\/types\/page"}],"author":[{"embeddable":true,"href":"https:\/\/iceberg.udg.edu\/index.php?rest_route=\/wp\/v2\/users\/1"}],"replies":[{"embeddable":true,"href":"https:\/\/iceberg.udg.edu\/index.php?rest_route=%2Fwp%2Fv2%2Fcomments&post=14010"}],"version-history":[{"count":4,"href":"https:\/\/iceberg.udg.edu\/index.php?rest_route=\/wp\/v2\/pages\/14010\/revisions"}],"predecessor-version":[{"id":14994,"href":"https:\/\/iceberg.udg.edu\/index.php?rest_route=\/wp\/v2\/pages\/14010\/revisions\/14994"}],"up":[{"embeddable":true,"href":"https:\/\/iceberg.udg.edu\/index.php?rest_route=\/wp\/v2\/pages\/13985"}],"wp:attachment":[{"href":"https:\/\/iceberg.udg.edu\/index.php?rest_route=%2Fwp%2Fv2%2Fmedia&parent=14010"}],"curies":[{"name":"wp","href":"https:\/\/api.w.org\/{rel}","templated":true}]}}