{"id":14876,"date":"2022-07-19T12:06:39","date_gmt":"2022-07-19T10:06:39","guid":{"rendered":"https:\/\/icebergng.udg.edu\/?page_id=14876"},"modified":"2022-07-21T09:04:10","modified_gmt":"2022-07-21T07:04:10","slug":"valoracio-de-les-activitats-realitzades-per-part-del-pdi-participant","status":"publish","type":"page","link":"https:\/\/iceberg.udg.edu\/?page_id=14876","title":{"rendered":"Valoraci\u00f3 de les activitats realitzades per part del PDI participant"},"content":{"rendered":"\n<p>Una vegada finalitzades les activitats, s&#8217;ha enviat als participants una enquesta en l\u00ednia de valoraci\u00f3 de cada activitat.<br>Aquesta enquesta \u00e9s an\u00f2nima i consta de 12 preguntes de resposta tipus Likert (1= Totalment desacord; 4= Totalment d\u2019acord), i quatre preguntes de resposta oberta.<\/p>\n\n\n\n<p>En la taula seg\u00fcent es mostren les mitjanes de les puntuacions donades a les preguntes quantitatives (sobre 4).<\/p>\n\n\n\n<figure class=\"wp-block-table\"><table><tbody><tr><th>PREGUNTA<\/th><th>MITJANA<\/th><\/tr><tr><td>L\u2019organitzaci\u00f3 general d\u2019aquesta activitat ha funcionat correctament<\/td><td>3.79<\/td><\/tr><tr><td>La tem\u00e0tica que s\u2019ha tractat ha estat interessant<\/td><td>3.76<\/td><\/tr><tr><td>El clima de treball que s\u2019ha generat durant l\u2019activitat ha estat participatiu<\/td><td>3.69<\/td><\/tr><tr><td>Els continguts de l\u2019activitat han respost a les meves expectatives<\/td><td>3.51<\/td><\/tr><tr><td>La tasca desenvolupada pel ponent\/s ha estat adequada<\/td><td>3.74<\/td><\/tr><tr><td>La din\u00e0mica general de les sessions m\u2019ha satisfet<\/td><td>3.58<\/td><\/tr><tr><td>Participar en aquesta activitat em permetr\u00e0 millorar elements de la meva doc\u00e8ncia<\/td><td>3.45<\/td><\/tr><tr><td>Realitzar aquesta activitat em permetr\u00e0 participar en projectes d\u2019innovaci\u00f3 docent<\/td><td>3.16<\/td><\/tr><tr><td>Tinc inter\u00e8s en continuar participant en altres activitats formatives<\/td><td>3.89<\/td><\/tr><tr><td>L\u2019equilibri entre la pr\u00e0ctica i les exposicions te\u00f2riques ha estat adequat<\/td><td>3.48<\/td><\/tr><tr><td>La documentaci\u00f3 que s\u2019ha lliurat ha estat adequada (en cas que s\u2019hagi lliurat)<\/td><td>3.62<\/td><\/tr><tr><td>L\u2019espai on s\u2019ha realitzat l\u2019activitat ha estat adequat<\/td><td>3.60<\/td><\/tr><tr><td><strong>Puntuaci\u00f3 mitjana total (sobre 4)<\/strong><\/td><td><strong>3.63<\/strong><\/td><\/tr><\/tbody><\/table><\/figure>\n\n\n\n<p>Destaca l\u2019alta puntuaci\u00f3 donada en tots els \u00edtems, obtenint una puntuaci\u00f3 mitjana general de 3.63 sobre 4, lleugerament superior al curs anterior, en qu\u00e8 fou de 3.62. Amb aix\u00f2, es continua amb la tend\u00e8ncia de millora progressiva respecte dels cursos anteriors (la valoraci\u00f3 mitjana obtinguda fa dos anys fou de 3.54 i la de l&#8217;any anterior, de 3.38).<\/p>\n\n\n\n<p>Destaquen de manera especialment positiva els seg\u00fcents \u00edtems:<\/p>\n\n\n\n<ul class=\"wp-block-list\"><li>L\u2019inter\u00e8s en continuar participant en altres activitats formatives<\/li><li>L\u2019organitzaci\u00f3 general de l\u2019activitat<\/li><li>Les tem\u00e0tiques tractades<\/li><li>La tasca desenvolupada pels ponents<\/li><\/ul>\n\n\n\n<p>D\u2019altra banda, les preguntes de resposta oberta fan refer\u00e8ncia a:<\/p>\n\n\n\n<ul class=\"wp-block-list\"><li>Temes sobre els quals interessaria que s\u2019organitz\u00e9s alguna activitat formativa<\/li><li>Propostes i suggeriments de millora per a futures edicions<\/li><li>Aspectes positius a destacar sobre les activitats realitzades<\/li><\/ul>\n\n\n\n<p>Respecte dels temes sobre els quals interessaria que s\u2019organitz\u00e9s alguna activitat formativa, els temes que proposen s\u00f3n (en primer lloc i en it\u00e0lica les esmentades m\u00e9s de 2 vegades):<\/p>\n\n\n\n<p><strong>Doc\u00e8ncia<\/strong><\/p>\n\n\n\n<ul class=\"wp-block-list\"><li>Formaci\u00f3 per a professorat nouvingut<\/li><li>Nous models d&#8217;avaluaci\u00f3<\/li><li>Avaluaci\u00f3, autoavaluaci\u00f3 i coavaluaci\u00f3<\/li><li>T\u00e8cniques participatives<\/li><li>Perspectiva de g\u00e8nere en la doc\u00e8ncia<\/li><li>Estrat\u00e8gies de dinamitzaci\u00f3 a l&#8217;aula<\/li><li>Expressi\u00f3 oral<\/li><li>Atenci\u00f3 a alumnes amb necessitats especials<\/li><\/ul>\n\n\n\n<p><strong>Metodologies<\/strong><\/p>\n\n\n\n<ul class=\"wp-block-list\"><li>Metodologies actives<\/li><li>ABP<\/li><li>Gamificaci\u00f3<\/li><li>COIL<\/li><\/ul>\n\n\n\n<p><strong>Recerca<\/strong><\/p>\n\n\n\n<ul class=\"wp-block-list\"><li>Investigaci\u00f3 qualitativa<\/li><li>Models d&#8217;equacions estructurals<\/li><li>Estad\u00edstica<\/li><\/ul>\n\n\n\n<p><strong>Gesti\u00f3<\/strong><\/p>\n\n\n\n<ul class=\"wp-block-list\"><li>Organitzaci\u00f3 i gesti\u00f3 del temps<\/li><li>Coaching<\/li><li>Gesti\u00f3 d&#8217;emocions i resili\u00e8ncia<\/li><li>Organitzaci\u00f3 del teletreball<\/li><\/ul>\n\n\n\n<p><strong>Virtualitat i TIC<\/strong><\/p>\n\n\n\n<ul class=\"wp-block-list\"><li>Moodle <\/li><li>Avaluaci\u00f3 amb Moodle<\/li><li>Microsoft Teams<\/li><li>Eines per a la doc\u00e8ncia virtual <\/li><\/ul>\n\n\n\n<p><strong>Programari i<\/strong> <strong>Plataformes<\/strong><\/p>\n\n\n\n<ul class=\"wp-block-list\"><li><em>&#8220;R&#8221;<\/em><\/li><li><em>SPSS<\/em><\/li><li><em>Excel<\/em><\/li><li>Canva<\/li><li>Outlook<\/li><\/ul>\n\n\n\n<p><strong>Recursos<\/strong><\/p>\n\n\n\n<ul class=\"wp-block-list\"><li>Edici\u00f3 de videos<\/li><li>Apps per a la doc\u00e8ncia<\/li><li>\u00das de xarxes socials<\/li><\/ul>\n\n\n\n<p><strong>Idiomes<\/strong><\/p>\n\n\n\n<ul class=\"wp-block-list\"><li><em>Conversa en angl\u00e8s<\/em> <\/li><li>English as a Medium of Education<\/li><\/ul>\n\n\n\n<p><strong>Salut i seguretat<\/strong><\/p>\n\n\n\n<ul class=\"wp-block-list\"><li>\u00das de la veu en doc\u00e8ncia<\/li><li>Salut<\/li><li>Mindfulness<\/li><\/ul>\n\n\n\n<p>Per altra banda, pel que fa a suggeriments i propostes de millora de cara a futures edicions de les activitats, es fa refer\u00e8ncia, entre d\u2019altres, a q\u00fcestions com:<\/p>\n\n\n\n<ul class=\"wp-block-list\"><li>Facilitar el material, documentaci\u00f3 de treball en una plataforma on poder-lo consultar<\/li><li>Tendir a la presencialitat de les formacions<\/li><li>Evitar sessions de quatre hores de durada<\/li><li>Augmentar la part pr\u00e0ctica<\/li><li>Treballar virtualment els continguts m\u00e9s informatius i unidireccionals<\/li><li>Introduir de manera pr\u00e0ctica les metodologies actives<\/li><li>Disposar de m\u00e9s temps per posar en pr\u00e0ctica les q\u00fcestions treballades<\/li><li>En les activitats en l\u00ednia, donar feed-back de manera m\u00e9s continuada<\/li><\/ul>\n\n\n\n<p>En relaci\u00f3 als aspectes positius de les activitats formatives realitzades, destaquen especialment:<\/p>\n\n\n\n<ul class=\"wp-block-list\"><li>La qualitat, professionalitat, bona predisposici\u00f3 i expertesa dels ponents.<\/li><li>El bon clima de treball.<\/li><li>La bona organitzaci\u00f3 de les activitats.<\/li><li>El fet de con\u00e8ixer materials i recursos de la UdG que el PDI t\u00e9 a la seva disposici\u00f3.<\/li><li>La possibilitat d&#8217;interactuar amb professorat de diferents centres.<\/li><li>L&#8217;equilibri entre teoria i pr\u00e0ctica.<\/li><li>La vessant pr\u00e0ctica de les sessions, amb activitats din\u00e0miques i participatives.<\/li><\/ul>\n","protected":false},"excerpt":{"rendered":"<p>Una vegada finalitzades les activitats, s&#8217;ha enviat als participants una enquesta en l\u00ednia de valoraci\u00f3 de cada activitat.Aquesta enquesta \u00e9s an\u00f2nima i consta de 12 preguntes de resposta tipus Likert (1= Totalment desacord; 4= Totalment d\u2019acord), i quatre preguntes de resposta oberta. En la taula seg\u00fcent es mostren les mitjanes de les puntuacions donades a [&hellip;]<\/p>\n","protected":false},"author":1,"featured_media":0,"parent":13987,"menu_order":0,"comment_status":"closed","ping_status":"closed","template":"","meta":{"footnotes":""},"class_list":["post-14876","page","type-page","status-publish","hentry"],"_links":{"self":[{"href":"https:\/\/iceberg.udg.edu\/index.php?rest_route=\/wp\/v2\/pages\/14876","targetHints":{"allow":["GET"]}}],"collection":[{"href":"https:\/\/iceberg.udg.edu\/index.php?rest_route=\/wp\/v2\/pages"}],"about":[{"href":"https:\/\/iceberg.udg.edu\/index.php?rest_route=\/wp\/v2\/types\/page"}],"author":[{"embeddable":true,"href":"https:\/\/iceberg.udg.edu\/index.php?rest_route=\/wp\/v2\/users\/1"}],"replies":[{"embeddable":true,"href":"https:\/\/iceberg.udg.edu\/index.php?rest_route=%2Fwp%2Fv2%2Fcomments&post=14876"}],"version-history":[{"count":12,"href":"https:\/\/iceberg.udg.edu\/index.php?rest_route=\/wp\/v2\/pages\/14876\/revisions"}],"predecessor-version":[{"id":16612,"href":"https:\/\/iceberg.udg.edu\/index.php?rest_route=\/wp\/v2\/pages\/14876\/revisions\/16612"}],"up":[{"embeddable":true,"href":"https:\/\/iceberg.udg.edu\/index.php?rest_route=\/wp\/v2\/pages\/13987"}],"wp:attachment":[{"href":"https:\/\/iceberg.udg.edu\/index.php?rest_route=%2Fwp%2Fv2%2Fmedia&parent=14876"}],"curies":[{"name":"wp","href":"https:\/\/api.w.org\/{rel}","templated":true}]}}