{"id":15024,"date":"2022-07-22T12:48:02","date_gmt":"2022-07-22T10:48:02","guid":{"rendered":"https:\/\/icebergng.udg.edu\/?page_id=15024"},"modified":"2022-07-29T09:55:29","modified_gmt":"2022-07-29T07:55:29","slug":"demandes-de-centres-departaments-i-instituts","status":"publish","type":"page","link":"https:\/\/iceberg.udg.edu\/?page_id=15024","title":{"rendered":"Demandes de centres, departaments i instituts"},"content":{"rendered":"\n<p>A m\u00e9s de la recollida de necessitats i demandes individuals per part del PDI, tamb\u00e9 es recullen les peticions de formaci\u00f3 col\u00b7lectiva que els deganats i direcci\u00f3 dels centres, departaments i instituts de recerca fan arribar al vicerectorat de Personal.<\/p>\n\n\n\n<p>En aquest sentit, i en resposta a la carta enviada des d&#8217;aquest vicerectorat, es van rebre peticions de formaci\u00f3 per part de les unitats seg\u00fcents:<\/p>\n\n\n\n<ul class=\"wp-block-list\"><li>Facultat d&#8217;Infermeria: formacions sobre ABP, perspectiva de g\u00e8nere, simulaci\u00f3 cl\u00ednica i millora de l&#8217;angl\u00e8s.<\/li><\/ul>\n\n\n\n<ul class=\"wp-block-list\"><li>Facultat de Ci\u00e8ncies Econ\u00f2miques i Empresarials: formaci\u00f3 sobre atenci\u00f3 a estudiants amb discapacitat i diversitat sociocultural a les aules.<\/li><\/ul>\n\n\n\n<ul class=\"wp-block-list\"><li>Departament de Dret P\u00fablic: formaci\u00f3 sobre aplicacions digitals<\/li><\/ul>\n\n\n\n<ul class=\"wp-block-list\"><li>Departament d&#8217;Empresa: formaci\u00f3 sobre el recurs de l&#8217;expert\u00f3<\/li><\/ul>\n\n\n\n<ul class=\"wp-block-list\"><li>Institut de Recerca en Turisme: formacions sobre cohesi\u00f3 de grups i comunicaci\u00f3, i gravaci\u00f3 de v\u00eddeos<\/li><\/ul>\n\n\n\n<p>Des de l&#8217;ICE s&#8217;ha donat resposta al llarg del curs a aquestes peticions, organitzant les diferents activitats de formaci\u00f3 plantejades i derivant aquelles que ha calgut organitzar espec\u00edficament des d&#8217;algun altre servei.<\/p>\n\n\n\n<p><\/p>\n","protected":false},"excerpt":{"rendered":"<p>A m\u00e9s de la recollida de necessitats i demandes individuals per part del PDI, tamb\u00e9 es recullen les peticions de formaci\u00f3 col\u00b7lectiva que els deganats i direcci\u00f3 dels centres, departaments i instituts de recerca fan arribar al vicerectorat de Personal. En aquest sentit, i en resposta a la carta enviada des d&#8217;aquest vicerectorat, es van [&hellip;]<\/p>\n","protected":false},"author":1,"featured_media":0,"parent":13985,"menu_order":0,"comment_status":"closed","ping_status":"closed","template":"","meta":{"footnotes":""},"class_list":["post-15024","page","type-page","status-publish","hentry"],"_links":{"self":[{"href":"https:\/\/iceberg.udg.edu\/index.php?rest_route=\/wp\/v2\/pages\/15024","targetHints":{"allow":["GET"]}}],"collection":[{"href":"https:\/\/iceberg.udg.edu\/index.php?rest_route=\/wp\/v2\/pages"}],"about":[{"href":"https:\/\/iceberg.udg.edu\/index.php?rest_route=\/wp\/v2\/types\/page"}],"author":[{"embeddable":true,"href":"https:\/\/iceberg.udg.edu\/index.php?rest_route=\/wp\/v2\/users\/1"}],"replies":[{"embeddable":true,"href":"https:\/\/iceberg.udg.edu\/index.php?rest_route=%2Fwp%2Fv2%2Fcomments&post=15024"}],"version-history":[{"count":3,"href":"https:\/\/iceberg.udg.edu\/index.php?rest_route=\/wp\/v2\/pages\/15024\/revisions"}],"predecessor-version":[{"id":15039,"href":"https:\/\/iceberg.udg.edu\/index.php?rest_route=\/wp\/v2\/pages\/15024\/revisions\/15039"}],"up":[{"embeddable":true,"href":"https:\/\/iceberg.udg.edu\/index.php?rest_route=\/wp\/v2\/pages\/13985"}],"wp:attachment":[{"href":"https:\/\/iceberg.udg.edu\/index.php?rest_route=%2Fwp%2Fv2%2Fmedia&parent=15024"}],"curies":[{"name":"wp","href":"https:\/\/api.w.org\/{rel}","templated":true}]}}