{"id":15309,"date":"2022-10-06T09:07:57","date_gmt":"2022-10-06T07:07:57","guid":{"rendered":"https:\/\/icebergng.udg.edu\/?page_id=15309"},"modified":"2022-10-06T09:22:22","modified_gmt":"2022-10-06T07:22:22","slug":"icedays","status":"publish","type":"page","link":"https:\/\/iceberg.udg.edu\/?page_id=15309","title":{"rendered":"ICEdays sessions"},"content":{"rendered":"\n<hr class=\"wp-block-separator has-alpha-channel-opacity\"\/>\n\n\n\n<div class=\"wp-block-columns is-layout-flex wp-container-core-columns-is-layout-9d6595d7 wp-block-columns-is-layout-flex\">\n<div class=\"wp-block-column is-layout-flow wp-block-column-is-layout-flow\">\n<figure class=\"wp-block-image size-full is-resized\"><img loading=\"lazy\" decoding=\"async\" src=\"https:\/\/iceberg.udg.edu\/wp-content\/uploads\/2022\/09\/FaraonICEberg.png\" alt=\"\" class=\"wp-image-15044\" width=\"460\" height=\"260\" srcset=\"https:\/\/iceberg.udg.edu\/wp-content\/uploads\/2022\/09\/FaraonICEberg.png 460w, https:\/\/iceberg.udg.edu\/wp-content\/uploads\/2022\/09\/FaraonICEberg-300x170.png 300w\" sizes=\"auto, (max-width: 460px) 100vw, 460px\" \/><\/figure>\n<\/div>\n\n\n\n<div class=\"wp-block-column is-vertically-aligned-center is-layout-flow wp-block-column-is-layout-flow\">\n<p><strong>Fara\u00f3n Llorens<\/strong><br><strong><a href=\"https:\/\/iceberg.udg.edu\/?page_id=14485\">La universitat en els temps de les plataformes<\/a><\/strong><\/p>\n<\/div>\n<\/div>\n\n\n\n<hr class=\"wp-block-separator has-alpha-channel-opacity\"\/>\n\n\n\n<div class=\"wp-block-columns is-layout-flex wp-container-core-columns-is-layout-9d6595d7 wp-block-columns-is-layout-flex\">\n<div class=\"wp-block-column is-layout-flow wp-block-column-is-layout-flow\">\n<figure class=\"wp-block-image size-full is-resized\"><img loading=\"lazy\" decoding=\"async\" src=\"https:\/\/iceberg.udg.edu\/wp-content\/uploads\/2020\/12\/icedays_1.jpg\" alt=\"\" class=\"wp-image-11953\" width=\"459\" height=\"259\" srcset=\"https:\/\/iceberg.udg.edu\/wp-content\/uploads\/2020\/12\/icedays_1.jpg 459w, https:\/\/iceberg.udg.edu\/wp-content\/uploads\/2020\/12\/icedays_1-300x169.jpg 300w\" sizes=\"auto, (max-width: 459px) 100vw, 459px\" \/><\/figure>\n<\/div>\n\n\n\n<div class=\"wp-block-column is-vertically-aligned-center is-layout-flow wp-block-column-is-layout-flow\">\n<p><strong>Ismael Pe\u00f1a-L\u00f3pez<\/strong><br><strong><a href=\"https:\/\/iceberg.udg.edu\/?page_id=11250\">Transaprenentatge: de les institucions que ensenyen a l\u2019articulaci\u00f3 de xarxes que aprenen<\/a><\/strong><\/p>\n<\/div>\n<\/div>\n\n\n\n<hr class=\"wp-block-separator has-alpha-channel-opacity\"\/>\n\n\n\n<div class=\"wp-block-columns is-layout-flex wp-container-core-columns-is-layout-9d6595d7 wp-block-columns-is-layout-flex\">\n<div class=\"wp-block-column is-layout-flow wp-block-column-is-layout-flow\">\n<figure class=\"wp-block-image size-full is-resized\"><img loading=\"lazy\" decoding=\"async\" src=\"https:\/\/iceberg.udg.edu\/wp-content\/uploads\/2020\/12\/icedays_2.jpg\" alt=\"\" class=\"wp-image-11954\" width=\"459\" height=\"259\" srcset=\"https:\/\/iceberg.udg.edu\/wp-content\/uploads\/2020\/12\/icedays_2.jpg 459w, https:\/\/iceberg.udg.edu\/wp-content\/uploads\/2020\/12\/icedays_2-300x169.jpg 300w\" sizes=\"auto, (max-width: 459px) 100vw, 459px\" \/><\/figure>\n<\/div>\n\n\n\n<div class=\"wp-block-column is-vertically-aligned-center is-layout-flow wp-block-column-is-layout-flow\">\n<p><strong>Crist\u00f2bal Cobo<\/strong><br><strong><a href=\"\/?page_id=11359\">Re-pensar el aprendizaje en la era de la <\/a><\/strong><br><strong><a href=\"\/?page_id=11359\">hiper-complejidad y el positivismo digital<\/a><\/strong><\/p>\n<\/div>\n<\/div>\n\n\n\n<hr class=\"wp-block-separator has-alpha-channel-opacity\"\/>\n\n\n\n<div class=\"wp-block-columns is-layout-flex wp-container-core-columns-is-layout-9d6595d7 wp-block-columns-is-layout-flex\">\n<div class=\"wp-block-column is-layout-flow wp-block-column-is-layout-flow\">\n<figure class=\"wp-block-image size-thumbnail is-resized\"><img loading=\"lazy\" decoding=\"async\" src=\"https:\/\/iceberg.udg.edu\/wp-content\/uploads\/2020\/11\/icedays_sessio_3-150x150.jpg\" alt=\"\" class=\"wp-image-11332\" width=\"459\" height=\"259\" srcset=\"https:\/\/iceberg.udg.edu\/wp-content\/uploads\/2020\/11\/icedays_sessio_3-300x169.jpg 300w, https:\/\/iceberg.udg.edu\/wp-content\/uploads\/2020\/11\/icedays_sessio_3.jpg 459w\" sizes=\"auto, (max-width: 459px) 100vw, 459px\" \/><\/figure>\n<\/div>\n\n\n\n<div class=\"wp-block-column is-vertically-aligned-center is-layout-flow wp-block-column-is-layout-flow\">\n<p><strong>Alice Keeler i&nbsp;Manel Trenchs<\/strong><br><strong><a href=\"\/?page_id=11363\">Engage students and use technology to interact better<\/a><\/strong><\/p>\n<\/div>\n<\/div>\n","protected":false},"excerpt":{"rendered":"<p>Fara\u00f3n LlorensLa universitat en els temps de les plataformes Ismael Pe\u00f1a-L\u00f3pezTransaprenentatge: de les institucions que ensenyen a l\u2019articulaci\u00f3 de xarxes que aprenen Crist\u00f2bal CoboRe-pensar el aprendizaje en la era de la hiper-complejidad y el positivismo digital Alice Keeler i&nbsp;Manel TrenchsEngage students and use technology to interact better<\/p>\n","protected":false},"author":1,"featured_media":0,"parent":81,"menu_order":0,"comment_status":"closed","ping_status":"closed","template":"","meta":{"footnotes":""},"class_list":["post-15309","page","type-page","status-publish","hentry"],"_links":{"self":[{"href":"https:\/\/iceberg.udg.edu\/index.php?rest_route=\/wp\/v2\/pages\/15309","targetHints":{"allow":["GET"]}}],"collection":[{"href":"https:\/\/iceberg.udg.edu\/index.php?rest_route=\/wp\/v2\/pages"}],"about":[{"href":"https:\/\/iceberg.udg.edu\/index.php?rest_route=\/wp\/v2\/types\/page"}],"author":[{"embeddable":true,"href":"https:\/\/iceberg.udg.edu\/index.php?rest_route=\/wp\/v2\/users\/1"}],"replies":[{"embeddable":true,"href":"https:\/\/iceberg.udg.edu\/index.php?rest_route=%2Fwp%2Fv2%2Fcomments&post=15309"}],"version-history":[{"count":6,"href":"https:\/\/iceberg.udg.edu\/index.php?rest_route=\/wp\/v2\/pages\/15309\/revisions"}],"predecessor-version":[{"id":15339,"href":"https:\/\/iceberg.udg.edu\/index.php?rest_route=\/wp\/v2\/pages\/15309\/revisions\/15339"}],"up":[{"embeddable":true,"href":"https:\/\/iceberg.udg.edu\/index.php?rest_route=\/wp\/v2\/pages\/81"}],"wp:attachment":[{"href":"https:\/\/iceberg.udg.edu\/index.php?rest_route=%2Fwp%2Fv2%2Fmedia&parent=15309"}],"curies":[{"name":"wp","href":"https:\/\/api.w.org\/{rel}","templated":true}]}}