{"id":16017,"date":"2023-02-27T11:58:58","date_gmt":"2023-02-27T10:58:58","guid":{"rendered":"https:\/\/icebergng.udg.edu\/?page_id=16017"},"modified":"2023-07-20T10:22:02","modified_gmt":"2023-07-20T08:22:02","slug":"vii-jornades-tic-i-educacio","status":"publish","type":"page","link":"https:\/\/iceberg.udg.edu\/?page_id=16017","title":{"rendered":"VII Jornades TIC i Educaci\u00f3"},"content":{"rendered":"\n<p>Durant aquest curs 2022-2023 s&#8217;ha estat treballant en l&#8217;organitzaci\u00f3 d&#8217;aquesta nova edici\u00f3. <\/p>\n\n\n\n<p>En aquestes jornades es veur\u00e0 com tractar la informaci\u00f3, les mesures preventives que cal tenir present, la veracitat o la mentida,\u00a0els h\u00e0bits d\u2019\u00fas cr\u00edtic, saludable, sostenible i igualitari de les tecnologies digitals per protegir els dispositius, les dades personals, la salut i el medi ambient\u00a0i com gestionar de manera responsable les nostres accions, pres\u00e8ncia i visibilitat a la xarxa, exercint una ciutadania digital activa, c\u00edvica i reflexiva.<\/p>\n\n\n<div class=\"wp-block-image\">\n<figure class=\"aligncenter is-resized\"><img loading=\"lazy\" decoding=\"async\" src=\"https:\/\/iceberg.udg.edu\/wp-content\/uploads\/2023\/07\/Diseno-sin-titulo-26-1024x1024.png\" alt=\"\" width=\"330\" height=\"330\"\/><\/figure>\n<\/div>\n\n\n<p><a rel=\"noreferrer noopener\" href=\"https:\/\/7ticedu.udg.edu\/\" data-type=\"URL\" data-id=\"https:\/\/7ticedu.udg.edu\/\" target=\"_blank\">Veure programa i informaci\u00f3<\/a><\/p>\n","protected":false},"excerpt":{"rendered":"<p>Durant aquest curs 2022-2023 s&#8217;ha estat treballant en l&#8217;organitzaci\u00f3 d&#8217;aquesta nova edici\u00f3. En aquestes jornades es veur\u00e0 com tractar la informaci\u00f3, les mesures preventives que cal tenir present, la veracitat o la mentida,\u00a0els h\u00e0bits d\u2019\u00fas cr\u00edtic, saludable, sostenible i igualitari de les tecnologies digitals per protegir els dispositius, les dades personals, la salut i el [&hellip;]<\/p>\n","protected":false},"author":1,"featured_media":16689,"parent":15782,"menu_order":0,"comment_status":"closed","ping_status":"closed","template":"","meta":{"footnotes":""},"class_list":["post-16017","page","type-page","status-publish","has-post-thumbnail","hentry"],"_links":{"self":[{"href":"https:\/\/iceberg.udg.edu\/index.php?rest_route=\/wp\/v2\/pages\/16017","targetHints":{"allow":["GET"]}}],"collection":[{"href":"https:\/\/iceberg.udg.edu\/index.php?rest_route=\/wp\/v2\/pages"}],"about":[{"href":"https:\/\/iceberg.udg.edu\/index.php?rest_route=\/wp\/v2\/types\/page"}],"author":[{"embeddable":true,"href":"https:\/\/iceberg.udg.edu\/index.php?rest_route=\/wp\/v2\/users\/1"}],"replies":[{"embeddable":true,"href":"https:\/\/iceberg.udg.edu\/index.php?rest_route=%2Fwp%2Fv2%2Fcomments&post=16017"}],"version-history":[{"count":2,"href":"https:\/\/iceberg.udg.edu\/index.php?rest_route=\/wp\/v2\/pages\/16017\/revisions"}],"predecessor-version":[{"id":16690,"href":"https:\/\/iceberg.udg.edu\/index.php?rest_route=\/wp\/v2\/pages\/16017\/revisions\/16690"}],"up":[{"embeddable":true,"href":"https:\/\/iceberg.udg.edu\/index.php?rest_route=\/wp\/v2\/pages\/15782"}],"wp:featuredmedia":[{"embeddable":true,"href":"https:\/\/iceberg.udg.edu\/index.php?rest_route=\/wp\/v2\/media\/16689"}],"wp:attachment":[{"href":"https:\/\/iceberg.udg.edu\/index.php?rest_route=%2Fwp%2Fv2%2Fmedia&parent=16017"}],"curies":[{"name":"wp","href":"https:\/\/api.w.org\/{rel}","templated":true}]}}