{"id":18903,"date":"2024-10-15T11:07:08","date_gmt":"2024-10-15T09:07:08","guid":{"rendered":"https:\/\/icebergng.udg.edu\/?page_id=18903"},"modified":"2024-10-15T11:17:54","modified_gmt":"2024-10-15T09:17:54","slug":"memoria-dactivitats-2012-2013","status":"publish","type":"page","link":"https:\/\/iceberg.udg.edu\/?page_id=18903","title":{"rendered":"Mem\u00f2ria d&#8217;activitats 2012-2013"},"content":{"rendered":"\n<h2 class=\"wp-block-heading\">1.- Doc\u00e8ncia universit\u00e0ria<\/h2>\n\n\n\n<ul class=\"wp-block-list\">\n<li>1.1.-&nbsp;<a rel=\"noreferrer noopener\" href=\"\/wp-content\/uploads\/2024\/10\/mem2012-2013enquesta_necessitats.pdf\" target=\"_blank\"><em>Resultats de l&#8217;Enquesta per a la detecci\u00f3 de necessitats formatives del PDI<\/em><\/a><\/li>\n\n\n\n<li>1.2.-&nbsp;<em>Activitats de formaci\u00f3 i actualitzaci\u00f3 sobre doc\u00e8ncia universit\u00e0ria i innovaci\u00f3 classificades per modalitat:<\/em>\n<ul class=\"wp-block-list\">\n<li>1.2.1.-&nbsp;<a rel=\"noreferrer noopener\" href=\"\/wp-content\/uploads\/2024\/10\/mem2012-2013cursos.pdf\" target=\"_blank\">Cursos<\/a><\/li>\n\n\n\n<li>1.2.2.-&nbsp;<a rel=\"noreferrer noopener\" href=\"\/wp-content\/uploads\/2024\/10\/mem2012-2013cursos_en_collaboracio.pdf\" target=\"_blank\">Cursos en col\u00b7laboraci\u00f3<\/a><\/li>\n\n\n\n<li>1.2.3.-&nbsp;<a rel=\"noreferrer noopener\" href=\"\/wp-content\/uploads\/2024\/10\/mem2012-2013especialitzacio.pdf\" target=\"_blank\">Postgrau i Cursos d&#8217;Especialitzaci\u00f3<\/a><\/li>\n\n\n\n<li>1.2.4.-\u00a0<a rel=\"noreferrer noopener\" href=\"\/wp-content\/uploads\/2024\/10\/mem2012-2013jornades.pdf\" target=\"_blank\">Jornades<\/a>\n<ul class=\"wp-block-list\">\n<li>1.2.4.1.-<a rel=\"noreferrer noopener\" href=\"\/wp-content\/uploads\/2024\/10\/mem2012-2013JBP.pdf\" target=\"_blank\">3es Jornades de Bones Pr\u00e0ctiques<\/a><\/li>\n<\/ul>\n<\/li>\n\n\n\n<li>1.2.5.-&nbsp;<a rel=\"noreferrer noopener\" href=\"\/wp-content\/uploads\/2024\/10\/mem2012-2013jornades_collaboracio.pdf\" target=\"_blank\">Jornades en col\u00b7laboraci\u00f3<\/a><\/li>\n\n\n\n<li>1.2.6.-&nbsp;<a rel=\"noreferrer noopener\" href=\"\/wp-content\/uploads\/2024\/10\/mem2012-2013sessions.pdf\" target=\"_blank\">Sessions de Formaci\u00f3<\/a><\/li>\n\n\n\n<li>1.2.7.-&nbsp;<a rel=\"noreferrer noopener\" href=\"\/wp-content\/uploads\/2024\/10\/mem2012-2013XID.pdf\" target=\"_blank\">Xarxes d&#8217;innovaci\u00f3 docent<\/a><\/li>\n\n\n\n<li>1.2.8.- Congressos i simposis\n<ul class=\"wp-block-list\">\n<li>1.2.8.1.-<a rel=\"noreferrer noopener\" href=\"\/wp-content\/uploads\/2024\/10\/mem2012-2013memoria_simposi_CIDUI.pdf\" target=\"_blank\">Simposi CIDUI<\/a><\/li>\n\n\n\n<li>1.2.8.2.-<a rel=\"noreferrer noopener\" href=\"\/wp-content\/uploads\/2024\/10\/mem2012-2013memoria_UNIVEST.pdf\" target=\"_blank\">UNIVEST&#8217;13<\/a><\/li>\n<\/ul>\n<\/li>\n<\/ul>\n<\/li>\n\n\n\n<li>1.3.-&nbsp;<a rel=\"noreferrer noopener\" href=\"\/wp-content\/uploads\/2024\/10\/mem2012-2013generals.pdf\" target=\"_blank\"><em>Dades generals<\/em><\/a>. Comparativa del nombre d&#8217;activitats i participaci\u00f3.\n<ul class=\"wp-block-list\">\n<li>1.3.1.-&nbsp;<a rel=\"noreferrer noopener\" href=\"\/wp-content\/uploads\/2024\/10\/mem2012-2013centres.pdf\" target=\"_blank\">Dades per Centres<\/a><\/li>\n\n\n\n<li>1.3.2.-&nbsp;<a rel=\"noreferrer noopener\" href=\"\/wp-content\/uploads\/2024\/10\/mem2012-2013departaments.pdf\" target=\"_blank\">Dades per Departaments<\/a><\/li>\n\n\n\n<li>1.3.3.-&nbsp;<a rel=\"noreferrer noopener\" href=\"\/wp-content\/uploads\/2024\/10\/mem2012-2013categories.pdf\" target=\"_blank\">Dades per Categoria del professorat<\/a><\/li>\n<\/ul>\n<\/li>\n\n\n\n<li>1.4.-&nbsp;<a rel=\"noreferrer noopener\" href=\"\/wp-content\/uploads\/2024\/10\/mem2012-2013pmmd.pdf\" target=\"_blank\"><em>Programa Producci\u00f3 de Materials Multim\u00e8dia per a la Doc\u00e8ncia (PMMD)<\/em><\/a><\/li>\n\n\n\n<li>1.5.-&nbsp;<a rel=\"noreferrer noopener\" href=\"\/wp-content\/uploads\/2024\/10\/mem2012-2013psqd.pdf\" target=\"_blank\"><em>Programa de Suport a la Qualitat Docent (PSQD)<\/em><\/a><\/li>\n\n\n\n<li>1.6.-&nbsp;<a rel=\"noreferrer noopener\" href=\"\/wp-content\/uploads\/2024\/10\/mem2012-2013avaluacio_activitats.pdf\" target=\"_blank\"><em>Resultats de l&#8217;Enquesta d&#8217;Avaluaci\u00f3 de les Activitats realitzades<\/em><\/a><\/li>\n\n\n\n<li>1.7.-&nbsp;<a rel=\"noreferrer noopener\" href=\"\/wp-content\/uploads\/2024\/10\/mem2012-2013evolucio_activitats_inscripcions.pdf\" target=\"_blank\"><em>Evoluci\u00f3 de les activitats i de les inscripcions en els darrers cursos<\/em><\/a><\/li>\n<\/ul>\n\n\n\n<p><\/p>\n\n\n\n<h2 class=\"wp-block-heading\">2.- Formaci\u00f3 no universit\u00e0ria<\/h2>\n\n\n\n<ul class=\"wp-block-list\">\n<li>2.1.-&nbsp;<a rel=\"noreferrer noopener\" href=\"\/wp-content\/uploads\/2024\/10\/mem2012-20132.1_activitats_formacio_ICE.pdf\" target=\"_blank\"><em>Activitats de formaci\u00f3 adre\u00e7ades al professorat d&#8217;infantil, prim\u00e0ria, secund\u00e0ria, batxillerat i formaci\u00f3 professional<\/em><\/a><\/li>\n\n\n\n<li>2.2.-&nbsp;<a rel=\"noreferrer noopener\" href=\"\/wp-content\/uploads\/2024\/10\/mem2012-20132.2_equips_ICE_formadors.pdf\" target=\"_blank\"><em>Equips ICE de formaci\u00f3 de formadors\/es<\/em><\/a><\/li>\n\n\n\n<li>2.3.-&nbsp;<a rel=\"noreferrer noopener\" href=\"\/wp-content\/uploads\/2024\/10\/mem2012-20132.3_assessoraments.pdf\" target=\"_blank\"><em>Assessoraments a centre<\/em><\/a><\/li>\n\n\n\n<li>2.4.-&nbsp;<a rel=\"noreferrer noopener\" href=\"\/wp-content\/uploads\/2024\/10\/mem2012-20132.4_coordinacio_seminaris.pdf\" target=\"_blank\"><em>Coordinaci\u00f3 de Seminaris<\/em><\/a><\/li>\n\n\n\n<li>2.5.-&nbsp;<a rel=\"noreferrer noopener\" href=\"\/wp-content\/uploads\/2024\/10\/mem2012-20132.5_beca_pallach.pdf\" target=\"_blank\"><em>Beca Pallach<\/em><\/a><\/li>\n\n\n\n<li>2.6.-&nbsp;<a rel=\"noreferrer noopener\" href=\"\/wp-content\/uploads\/2024\/10\/mem2012-20132.6_projecte_itinera.pdf\" target=\"_blank\"><em>Projecte Itinera<\/em><\/a><\/li>\n\n\n\n<li>2.7.-&nbsp;<a rel=\"noreferrer noopener\" href=\"\/wp-content\/uploads\/2024\/10\/mem2012-20132.7_collaboracions.pdf\" target=\"_blank\"><em>Col\u00b7laboracions<\/em><\/a><\/li>\n\n\n\n<li><a rel=\"noreferrer noopener\" href=\"\/wp-content\/uploads\/2024\/10\/mem2012-2013annex.pdf\" target=\"_blank\"><em>Annex (Jornades i relaci\u00f3 d&#8217;Equips ICE i activitats formatives)<\/em><\/a><\/li>\n<\/ul>\n\n\n\n<h2 class=\"wp-block-heading\">3.-&nbsp;<a rel=\"noreferrer noopener\" href=\"\/wp-content\/uploads\/2024\/10\/mem2012-2013VIIISimposi.pdf\" target=\"_blank\">VIII Simposi: Llengua, Educaci\u00f3 i Immigraci\u00f3<\/a><\/h2>\n\n\n\n<h2 class=\"wp-block-heading\">4.-&nbsp;<a rel=\"noreferrer noopener\" href=\"\/wp-content\/uploads\/2024\/10\/mem2012-2013publicacions.pdf\" target=\"_blank\">Publicacions<\/a><\/h2>\n","protected":false},"excerpt":{"rendered":"<p>1.- Doc\u00e8ncia universit\u00e0ria 2.- Formaci\u00f3 no universit\u00e0ria 3.-&nbsp;VIII Simposi: Llengua, Educaci\u00f3 i Immigraci\u00f3 4.-&nbsp;Publicacions<\/p>\n","protected":false},"author":1,"featured_media":0,"parent":12856,"menu_order":0,"comment_status":"closed","ping_status":"closed","template":"","meta":{"footnotes":""},"class_list":["post-18903","page","type-page","status-publish","hentry"],"_links":{"self":[{"href":"https:\/\/iceberg.udg.edu\/index.php?rest_route=\/wp\/v2\/pages\/18903","targetHints":{"allow":["GET"]}}],"collection":[{"href":"https:\/\/iceberg.udg.edu\/index.php?rest_route=\/wp\/v2\/pages"}],"about":[{"href":"https:\/\/iceberg.udg.edu\/index.php?rest_route=\/wp\/v2\/types\/page"}],"author":[{"embeddable":true,"href":"https:\/\/iceberg.udg.edu\/index.php?rest_route=\/wp\/v2\/users\/1"}],"replies":[{"embeddable":true,"href":"https:\/\/iceberg.udg.edu\/index.php?rest_route=%2Fwp%2Fv2%2Fcomments&post=18903"}],"version-history":[{"count":5,"href":"https:\/\/iceberg.udg.edu\/index.php?rest_route=\/wp\/v2\/pages\/18903\/revisions"}],"predecessor-version":[{"id":18942,"href":"https:\/\/iceberg.udg.edu\/index.php?rest_route=\/wp\/v2\/pages\/18903\/revisions\/18942"}],"up":[{"embeddable":true,"href":"https:\/\/iceberg.udg.edu\/index.php?rest_route=\/wp\/v2\/pages\/12856"}],"wp:attachment":[{"href":"https:\/\/iceberg.udg.edu\/index.php?rest_route=%2Fwp%2Fv2%2Fmedia&parent=18903"}],"curies":[{"name":"wp","href":"https:\/\/api.w.org\/{rel}","templated":true}]}}