{"id":20166,"date":"2025-06-13T10:59:39","date_gmt":"2025-06-13T08:59:39","guid":{"rendered":"https:\/\/icebergng.udg.edu\/?page_id=20166"},"modified":"2025-06-13T11:10:37","modified_gmt":"2025-06-13T09:10:37","slug":"memoria-2014-2015","status":"publish","type":"page","link":"https:\/\/iceberg.udg.edu\/?page_id=20166","title":{"rendered":"Mem\u00f2ria 2014-2015"},"content":{"rendered":"\n<h2 class=\"wp-block-heading\">Activitats d&#8217;innovaci\u00f3 i formaci\u00f3 adre\u00e7ades al PDI<\/h2>\n\n\n\n<p><\/p>\n\n\n\n<h3 class=\"wp-block-heading\">1.-&nbsp;<a rel=\"noreferrer noopener\" href=\"https:\/\/iceberg.udg.edu\/wp-content\/uploads\/2025\/06\/mem2014-2015enquesta_necessitats.pdf\" target=\"_blank\"><em>Resultats de l&#8217;Enquesta per a la detecci\u00f3 de necessitats formatives del PDI<\/em><\/a><\/h3>\n\n\n\n<h3 class=\"wp-block-heading\">2.-&nbsp;<em>Activitats de formaci\u00f3 i actualitzaci\u00f3 sobre doc\u00e8ncia universit\u00e0ria i innovaci\u00f3 classificades per modalitat:<\/em><\/h3>\n\n\n\n<ul class=\"wp-block-list\">\n<li>2.1.-&nbsp;<a rel=\"noreferrer noopener\" href=\"https:\/\/iceberg.udg.edu\/wp-content\/uploads\/2025\/06\/mem2014-2015cursos.pdf\" target=\"_blank\">Cursos<\/a><\/li>\n\n\n\n<li>2.2.-&nbsp;<a rel=\"noreferrer noopener\" href=\"https:\/\/iceberg.udg.edu\/wp-content\/uploads\/2025\/06\/mem2014-2015cursos_en_collaboracio.pdf\" target=\"_blank\">Cursos en col\u00b7laboraci\u00f3<\/a><\/li>\n\n\n\n<li>2.3.-&nbsp;<a rel=\"noreferrer noopener\" href=\"https:\/\/iceberg.udg.edu\/wp-content\/uploads\/2025\/06\/mem2014-2015especialitzacio.pdf\" target=\"_blank\">Postgrau i Cursos d&#8217;Especialitzaci\u00f3<\/a><\/li>\n\n\n\n<li>2.4.-&nbsp;<a rel=\"noreferrer noopener\" href=\"https:\/\/iceberg.udg.edu\/wp-content\/uploads\/2025\/06\/mem2014-2015jornades.pdf\" target=\"_blank\">Jornades<\/a><\/li>\n\n\n\n<li>2.5.-&nbsp;<a rel=\"noreferrer noopener\" href=\"https:\/\/iceberg.udg.edu\/wp-content\/uploads\/2025\/06\/mem2014-2015seminaris.pdf\" target=\"_blank\">Semiraris<\/a><\/li>\n\n\n\n<li>2.6.-&nbsp;<a rel=\"noreferrer noopener\" href=\"https:\/\/iceberg.udg.edu\/wp-content\/uploads\/2025\/06\/mem2014-2015sessions.pdf\" target=\"_blank\">Sessions de Formaci\u00f3<\/a><\/li>\n\n\n\n<li>2.7.-&nbsp;<a rel=\"noreferrer noopener\" href=\"https:\/\/iceberg.udg.edu\/wp-content\/uploads\/2025\/06\/mem2014-2015tallers.pdf\" target=\"_blank\">Tallers<\/a><\/li>\n\n\n\n<li>2.8.-&nbsp;<a rel=\"noreferrer noopener\" href=\"https:\/\/iceberg.udg.edu\/wp-content\/uploads\/2025\/06\/mem2014-2015XID.pdf\" target=\"_blank\">Xarxes d&#8217;innovaci\u00f3 docent<\/a><\/li>\n<\/ul>\n\n\n\n<h3 class=\"wp-block-heading\">2.9.- Congressos i simposis<\/h3>\n\n\n\n<ul class=\"wp-block-list\">\n<li>2.9.1.-<a rel=\"noreferrer noopener\" href=\"https:\/\/iceberg.udg.edu\/wp-content\/uploads\/2025\/06\/mem2014-2015IXSimposi.pdf\" target=\"_blank\">IX Simposi: Llengua, Educaci\u00f3 i Immigraci\u00f3. Avaluaci\u00f3: eina de selecci\u00f3 o eina d&#8217;equitat<\/a><\/li>\n\n\n\n<li>2.9.2.-<a rel=\"noreferrer noopener\" href=\"https:\/\/iceberg.udg.edu\/wp-content\/uploads\/2025\/06\/mem2014-2015SimposiCIDUI.pdf\" target=\"_blank\">Simposi CIDUI<\/a><\/li>\n\n\n\n<li>2.9.3.-<a rel=\"noreferrer noopener\" href=\"https:\/\/iceberg.udg.edu\/wp-content\/uploads\/2025\/06\/mem2014-2015UNIVEST15.pdf\" target=\"_blank\">UNIVEST&#8217;15<\/a><\/li>\n<\/ul>\n\n\n\n<h3 class=\"wp-block-heading\">3.-&nbsp;<em>Dades generals:<\/em><\/h3>\n\n\n\n<ul class=\"wp-block-list\">\n<li>3.1.-&nbsp;<a rel=\"noreferrer noopener\" href=\"https:\/\/iceberg.udg.edu\/wp-content\/uploads\/2025\/06\/mem2014-2015centres.pdf\" target=\"_blank\">Dades per Centres<\/a><\/li>\n\n\n\n<li>3.2.-&nbsp;<a rel=\"noreferrer noopener\" href=\"https:\/\/iceberg.udg.edu\/wp-content\/uploads\/2025\/06\/mem2014-2015departaments.pdf\" target=\"_blank\">Dades per Departaments<\/a><\/li>\n\n\n\n<li>3.3.-&nbsp;<a rel=\"noreferrer noopener\" href=\"https:\/\/iceberg.udg.edu\/wp-content\/uploads\/2025\/06\/mem2014-2015categories.pdf\" target=\"_blank\">Dades per Categoria del professorat<\/a><\/li>\n<\/ul>\n\n\n\n<h3 class=\"wp-block-heading\">4.-&nbsp;<a href=\"https:\/\/iceberg.udg.edu\/wp-content\/uploads\/2025\/06\/mem2014-2015pmmd.pdf\" target=\"_blank\" rel=\"noreferrer noopener\"><em>Programa Producci\u00f3 de Materials Multim\u00e8dia per a la Doc\u00e8ncia (PMMD)<\/em><\/a><\/h3>\n\n\n\n<h3 class=\"wp-block-heading\">5.-&nbsp;<a href=\"https:\/\/iceberg.udg.edu\/wp-content\/uploads\/2025\/06\/mem2014-2015enquesta_avaluacio.pdf\" target=\"_blank\" rel=\"noreferrer noopener\"><em>Resultats de l&#8217;Enquesta d&#8217;Avaluaci\u00f3 de les Activitats realitzades<\/em><\/a><\/h3>\n\n\n\n<h3 class=\"wp-block-heading\">6.-&nbsp;<a href=\"https:\/\/iceberg.udg.edu\/wp-content\/uploads\/2025\/06\/mem2014-2015evolucio_activitats_inscripcions.pdf\" target=\"_blank\" rel=\"noreferrer noopener\"><em>Evoluci\u00f3 de les activitats i de les inscripcions en els darrers cursos<\/em><\/a><\/h3>\n\n\n\n<h3 class=\"wp-block-heading\">7.-&nbsp;<a href=\"https:\/\/iceberg.udg.edu\/wp-content\/uploads\/2025\/06\/mem2014-2015publicacions.pdf\" target=\"_blank\" rel=\"noreferrer noopener\">Publicacions<\/a><\/h3>\n","protected":false},"excerpt":{"rendered":"<p>Activitats d&#8217;innovaci\u00f3 i formaci\u00f3 adre\u00e7ades al PDI 1.-&nbsp;Resultats de l&#8217;Enquesta per a la detecci\u00f3 de necessitats formatives del PDI 2.-&nbsp;Activitats de formaci\u00f3 i actualitzaci\u00f3 sobre doc\u00e8ncia universit\u00e0ria i innovaci\u00f3 classificades per modalitat: 2.9.- Congressos i simposis 3.-&nbsp;Dades generals: 4.-&nbsp;Programa Producci\u00f3 de Materials Multim\u00e8dia per a la Doc\u00e8ncia (PMMD) 5.-&nbsp;Resultats de l&#8217;Enquesta d&#8217;Avaluaci\u00f3 de les Activitats [&hellip;]<\/p>\n","protected":false},"author":1,"featured_media":0,"parent":12856,"menu_order":0,"comment_status":"closed","ping_status":"closed","template":"","meta":{"footnotes":""},"class_list":["post-20166","page","type-page","status-publish","hentry"],"_links":{"self":[{"href":"https:\/\/iceberg.udg.edu\/index.php?rest_route=\/wp\/v2\/pages\/20166","targetHints":{"allow":["GET"]}}],"collection":[{"href":"https:\/\/iceberg.udg.edu\/index.php?rest_route=\/wp\/v2\/pages"}],"about":[{"href":"https:\/\/iceberg.udg.edu\/index.php?rest_route=\/wp\/v2\/types\/page"}],"author":[{"embeddable":true,"href":"https:\/\/iceberg.udg.edu\/index.php?rest_route=\/wp\/v2\/users\/1"}],"replies":[{"embeddable":true,"href":"https:\/\/iceberg.udg.edu\/index.php?rest_route=%2Fwp%2Fv2%2Fcomments&post=20166"}],"version-history":[{"count":4,"href":"https:\/\/iceberg.udg.edu\/index.php?rest_route=\/wp\/v2\/pages\/20166\/revisions"}],"predecessor-version":[{"id":20172,"href":"https:\/\/iceberg.udg.edu\/index.php?rest_route=\/wp\/v2\/pages\/20166\/revisions\/20172"}],"up":[{"embeddable":true,"href":"https:\/\/iceberg.udg.edu\/index.php?rest_route=\/wp\/v2\/pages\/12856"}],"wp:attachment":[{"href":"https:\/\/iceberg.udg.edu\/index.php?rest_route=%2Fwp%2Fv2%2Fmedia&parent=20166"}],"curies":[{"name":"wp","href":"https:\/\/api.w.org\/{rel}","templated":true}]}}