{"id":20229,"date":"2025-06-13T12:44:45","date_gmt":"2025-06-13T10:44:45","guid":{"rendered":"https:\/\/icebergng.udg.edu\/?page_id=20229"},"modified":"2025-06-13T13:06:27","modified_gmt":"2025-06-13T11:06:27","slug":"memoria-academica-2017-2018","status":"publish","type":"page","link":"https:\/\/iceberg.udg.edu\/?page_id=20229","title":{"rendered":"Mem\u00f2ria acad\u00e8mica 2017-2018"},"content":{"rendered":"\n<div class=\"wp-block-columns is-layout-flex wp-container-core-columns-is-layout-9d6595d7 wp-block-columns-is-layout-flex\">\n<div class=\"wp-block-column is-layout-flow wp-block-column-is-layout-flow\">\n<div class=\"wp-block-media-text alignwide is-stacked-on-mobile is-vertically-aligned-top\"><figure class=\"wp-block-media-text__media\"><img loading=\"lazy\" decoding=\"async\" width=\"726\" height=\"1024\" src=\"https:\/\/iceberg.udg.edu\/wp-content\/uploads\/2025\/06\/gironariu-retallat-1-726x1024.jpg\" alt=\"\" class=\"wp-image-20230 size-full\" srcset=\"https:\/\/iceberg.udg.edu\/wp-content\/uploads\/2025\/06\/gironariu-retallat-1-726x1024.jpg 726w, https:\/\/iceberg.udg.edu\/wp-content\/uploads\/2025\/06\/gironariu-retallat-1-213x300.jpg 213w, https:\/\/iceberg.udg.edu\/wp-content\/uploads\/2025\/06\/gironariu-retallat-1-768x1084.jpg 768w, https:\/\/iceberg.udg.edu\/wp-content\/uploads\/2025\/06\/gironariu-retallat-1.jpg 854w\" sizes=\"auto, (max-width: 726px) 100vw, 726px\" \/><\/figure><div class=\"wp-block-media-text__content\">\n<h2 class=\"has-medium-font-size wp-block-heading\">Detecci\u00f3 de necessitats formatives del PDI<\/h2>\n\n\n\n<ul class=\"has-small-font-size wp-block-list\">\n<li><a href=\"https:\/\/iceberg.udg.edu\/wp-content\/uploads\/2025\/06\/mem2017-2018deteccio.pdf\">Enquesta per a la detecci\u00f3 de necessitats formatives del PDI<\/a><\/li>\n<\/ul>\n\n\n\n<h2 class=\"has-medium-font-size wp-block-heading\">Programaci\u00f3 d&#8217;activitats<\/h2>\n\n\n\n<ul class=\"has-small-font-size wp-block-list\">\n<li><a href=\"https:\/\/iceberg.udg.edu\/wp-content\/uploads\/2025\/06\/mem2017-2018calendari.pdf\">Calendari<\/a><\/li>\n<\/ul>\n<\/div><\/div>\n<\/div>\n\n\n\n<div class=\"wp-block-column is-layout-flow wp-block-column-is-layout-flow\">\n<div class=\"wp-block-media-text alignwide is-stacked-on-mobile is-vertically-aligned-top\"><figure class=\"wp-block-media-text__media\"><img loading=\"lazy\" decoding=\"async\" width=\"728\" height=\"1024\" src=\"https:\/\/iceberg.udg.edu\/wp-content\/uploads\/2025\/06\/aligues-retallat-728x1024.jpg\" alt=\"\" class=\"wp-image-20231 size-full\" srcset=\"https:\/\/iceberg.udg.edu\/wp-content\/uploads\/2025\/06\/aligues-retallat-728x1024.jpg 728w, https:\/\/iceberg.udg.edu\/wp-content\/uploads\/2025\/06\/aligues-retallat-213x300.jpg 213w, https:\/\/iceberg.udg.edu\/wp-content\/uploads\/2025\/06\/aligues-retallat-768x1081.jpg 768w, https:\/\/iceberg.udg.edu\/wp-content\/uploads\/2025\/06\/aligues-retallat.jpg 1000w\" sizes=\"auto, (max-width: 728px) 100vw, 728px\" \/><\/figure><div class=\"wp-block-media-text__content\">\n<h2 class=\"has-medium-font-size wp-block-heading\">Activitats formatives<\/h2>\n\n\n\n<p class=\"has-small-font-size\">Descripci\u00f3 de les activitats:<\/p>\n\n\n\n<ul class=\"has-small-font-size wp-block-list\">\n<li><a href=\"https:\/\/iceberg.udg.edu\/wp-content\/uploads\/2025\/06\/mem2017-2018docencia.pdf\">Doc\u00e8ncia universit\u00e0ria<\/a><\/li>\n\n\n\n<li><a href=\"https:\/\/iceberg.udg.edu\/wp-content\/uploads\/2025\/06\/mem2017-2018metodologies.pdf\">Metodologies docents<\/a><\/li>\n\n\n\n<li><a href=\"https:\/\/iceberg.udg.edu\/wp-content\/uploads\/2025\/06\/mem2017-2018recursos.pdf\">Recursos docents<\/a><\/li>\n\n\n\n<li><a href=\"https:\/\/iceberg.udg.edu\/wp-content\/uploads\/2025\/06\/mem2017-2018angles.pdf\">Angl\u00e8s per a la doc\u00e8ncia<\/a><\/li>\n\n\n\n<li><a href=\"https:\/\/iceberg.udg.edu\/wp-content\/uploads\/2025\/06\/mem2017-2018tic.pdf\">Eines TIC<\/a><\/li>\n\n\n\n<li><a href=\"https:\/\/iceberg.udg.edu\/wp-content\/uploads\/2025\/06\/mem2017-2018gestio.pdf\">Gesti\u00f3 universit\u00e0ria<\/a><\/li>\n\n\n\n<li><a href=\"https:\/\/iceberg.udg.edu\/wp-content\/uploads\/2025\/06\/mem2017-2018seguretat.pdf\">Salut i seguretat laboral<\/a><\/li>\n\n\n\n<li><a href=\"https:\/\/iceberg.udg.edu\/wp-content\/uploads\/2025\/06\/mem2017-2018recerca.pdf\">Gesti\u00f3 de la recerca<\/a><\/li>\n<\/ul>\n<\/div><\/div>\n<\/div>\n<\/div>\n\n\n\n<div class=\"wp-block-columns is-layout-flex wp-container-core-columns-is-layout-9d6595d7 wp-block-columns-is-layout-flex\">\n<div class=\"wp-block-column is-layout-flow wp-block-column-is-layout-flow\">\n<div class=\"wp-block-media-text alignwide is-stacked-on-mobile is-vertically-aligned-top\"><figure class=\"wp-block-media-text__media\"><img loading=\"lazy\" decoding=\"async\" width=\"426\" height=\"604\" src=\"https:\/\/iceberg.udg.edu\/wp-content\/uploads\/2025\/06\/pila-llibres-retallat.jpg\" alt=\"\" class=\"wp-image-20232 size-full\" srcset=\"https:\/\/iceberg.udg.edu\/wp-content\/uploads\/2025\/06\/pila-llibres-retallat.jpg 426w, https:\/\/iceberg.udg.edu\/wp-content\/uploads\/2025\/06\/pila-llibres-retallat-212x300.jpg 212w\" sizes=\"auto, (max-width: 426px) 100vw, 426px\" \/><\/figure><div class=\"wp-block-media-text__content\">\n<h2 class=\"has-medium-font-size wp-block-heading\">Valoracions<\/h2>\n\n\n\n<ul class=\"has-small-font-size wp-block-list\">\n<li><a href=\"https:\/\/iceberg.udg.edu\/wp-content\/uploads\/2025\/06\/mem2017-2018valoracio_participants.pdf\">Valoraci\u00f3 per part dels participants<\/a><\/li>\n\n\n\n<li><a href=\"https:\/\/iceberg.udg.edu\/wp-content\/uploads\/2025\/06\/mem2017-2018valoracio_formadors.pdf\">Valoraci\u00f3 per part dels formadors<\/a><\/li>\n<\/ul>\n<\/div><\/div>\n<\/div>\n\n\n\n<div class=\"wp-block-column is-layout-flow wp-block-column-is-layout-flow\">\n<div class=\"wp-block-media-text alignwide is-stacked-on-mobile is-vertically-aligned-top\"><figure class=\"wp-block-media-text__media\"><img loading=\"lazy\" decoding=\"async\" width=\"431\" height=\"609\" src=\"https:\/\/iceberg.udg.edu\/wp-content\/uploads\/2025\/06\/biblioteca-retallat.jpg\" alt=\"\" class=\"wp-image-20233 size-full\" srcset=\"https:\/\/iceberg.udg.edu\/wp-content\/uploads\/2025\/06\/biblioteca-retallat.jpg 431w, https:\/\/iceberg.udg.edu\/wp-content\/uploads\/2025\/06\/biblioteca-retallat-212x300.jpg 212w\" sizes=\"auto, (max-width: 431px) 100vw, 431px\" \/><\/figure><div class=\"wp-block-media-text__content\">\n<h2 class=\"has-medium-font-size wp-block-heading\">Actuacions d&#8217;innovaci\u00f3 docent<\/h2>\n\n\n\n<ul class=\"has-small-font-size wp-block-list\">\n<li><a href=\"https:\/\/iceberg.udg.edu\/wp-content\/uploads\/2025\/06\/mem2017-2018xids.pdf\">Xarxes d&#8217;Innovaci\u00f3 Docent (XID) ICE UdG<\/a><\/li>\n\n\n\n<li><a href=\"https:\/\/iceberg.udg.edu\/wp-content\/uploads\/2025\/06\/mem2017-2018xids1718.pdf\">XID actives durant aquest curs<\/a><\/li>\n\n\n\n<li><a href=\"https:\/\/iceberg.udg.edu\/wp-content\/uploads\/2025\/06\/mem2017-2018gids.pdf\">Grups d&#8217;Innovaci\u00f3 Docent (GID) ICE UdG<\/a><\/li>\n\n\n\n<li><a href=\"https:\/\/iceberg.udg.edu\/wp-content\/uploads\/2025\/06\/mem2017-2018gids1718.pdf\">GID actius durant aquest curs<\/a><\/li>\n<\/ul>\n\n\n\n<h2 class=\"has-medium-font-size wp-block-heading\">Implementaci\u00f3 de la semipresencialitat<\/h2>\n\n\n\n<ul class=\"has-small-font-size wp-block-list\">\n<li><a href=\"https:\/\/iceberg.udg.edu\/wp-content\/uploads\/2025\/06\/mem2017-2018semipresencialitat.pdf\">Actuacions de coordinaci\u00f3<\/a><\/li>\n<\/ul>\n<\/div><\/div>\n<\/div>\n<\/div>\n\n\n\n<div class=\"wp-block-columns is-layout-flex wp-container-core-columns-is-layout-9d6595d7 wp-block-columns-is-layout-flex\">\n<div class=\"wp-block-column is-layout-flow wp-block-column-is-layout-flow\">\n<div class=\"wp-block-media-text alignwide is-stacked-on-mobile is-vertically-aligned-top\"><figure class=\"wp-block-media-text__media\"><img loading=\"lazy\" decoding=\"async\" width=\"526\" height=\"735\" src=\"https:\/\/iceberg.udg.edu\/wp-content\/uploads\/2025\/06\/ice2-retallat.jpg\" alt=\"\" class=\"wp-image-20235 size-full\" srcset=\"https:\/\/iceberg.udg.edu\/wp-content\/uploads\/2025\/06\/ice2-retallat.jpg 526w, https:\/\/iceberg.udg.edu\/wp-content\/uploads\/2025\/06\/ice2-retallat-215x300.jpg 215w\" sizes=\"auto, (max-width: 526px) 100vw, 526px\" \/><\/figure><div class=\"wp-block-media-text__content\">\n<h2 class=\"has-medium-font-size wp-block-heading\">Congressos i simposis<\/h2>\n\n\n\n<ul class=\"has-small-font-size wp-block-list\">\n<li><a href=\"https:\/\/iceberg.udg.edu\/wp-content\/uploads\/2025\/06\/mem2017-2018CIDUI.pdf\">X CIDUI. Congr\u00e9s Internacional de Doc\u00e8ncia Universit\u00e0ria i Innovaci\u00f3<\/a><\/li>\n\n\n\n<li><a href=\"https:\/\/iceberg.udg.edu\/wp-content\/uploads\/2025\/06\/mem2017-2018engagement.pdf\">Simposi UNIVEST. Engagement a la universitat: un repte de present i futur<\/a><\/li>\n<\/ul>\n<\/div><\/div>\n<\/div>\n\n\n\n<div class=\"wp-block-column is-layout-flow wp-block-column-is-layout-flow\">\n<div class=\"wp-block-media-text alignwide is-stacked-on-mobile is-vertically-aligned-top\"><figure class=\"wp-block-media-text__media\"><img loading=\"lazy\" decoding=\"async\" width=\"426\" height=\"605\" src=\"https:\/\/iceberg.udg.edu\/wp-content\/uploads\/2025\/06\/study-retallat.jpg\" alt=\"\" class=\"wp-image-20236 size-full\" srcset=\"https:\/\/iceberg.udg.edu\/wp-content\/uploads\/2025\/06\/study-retallat.jpg 426w, https:\/\/iceberg.udg.edu\/wp-content\/uploads\/2025\/06\/study-retallat-211x300.jpg 211w\" sizes=\"auto, (max-width: 426px) 100vw, 426px\" \/><\/figure><div class=\"wp-block-media-text__content\">\n<h2 class=\"has-medium-font-size wp-block-heading\">ICEberg Days<\/h2>\n\n\n\n<ul class=\"has-small-font-size wp-block-list\">\n<li><a href=\"https:\/\/iceberg.udg.edu\/wp-content\/uploads\/2025\/06\/mem2017-2018akeeler.pdf\">Engage students and use technology to interact better. ICEberg Day amb Alice Keeler i Manel Trenchs<\/a><\/li>\n\n\n\n<li><a href=\"https:\/\/iceberg.udg.edu\/wp-content\/uploads\/2025\/06\/mem2017-2018cobo.pdf\">Re-pensar el aprendizaje en la era de la hiper-complejidad y el positivismo digital. ICEberg Day amb Crist\u00f3bal Cobo<\/a><\/li>\n<\/ul>\n<\/div><\/div>\n<\/div>\n<\/div>\n\n\n\n<div class=\"wp-block-columns is-layout-flex wp-container-core-columns-is-layout-9d6595d7 wp-block-columns-is-layout-flex\">\n<div class=\"wp-block-column is-layout-flow wp-block-column-is-layout-flow\">\n<div class=\"wp-block-media-text alignwide is-stacked-on-mobile is-vertically-aligned-top\"><figure class=\"wp-block-media-text__media\"><img loading=\"lazy\" decoding=\"async\" width=\"455\" height=\"640\" src=\"https:\/\/iceberg.udg.edu\/wp-content\/uploads\/2025\/06\/muralla-retallat.jpg\" alt=\"\" class=\"wp-image-20237 size-full\" srcset=\"https:\/\/iceberg.udg.edu\/wp-content\/uploads\/2025\/06\/muralla-retallat.jpg 455w, https:\/\/iceberg.udg.edu\/wp-content\/uploads\/2025\/06\/muralla-retallat-213x300.jpg 213w\" sizes=\"auto, (max-width: 455px) 100vw, 455px\" \/><\/figure><div class=\"wp-block-media-text__content\">\n<h2 class=\"has-medium-font-size wp-block-heading\">Dades de participaci\u00f3<\/h2>\n\n\n\n<ul class=\"has-small-font-size wp-block-list\">\n<li><a href=\"https:\/\/iceberg.udg.edu\/wp-content\/uploads\/2025\/06\/mem2017-2018dades_generals.pdf\">Dades generals<\/a><\/li>\n\n\n\n<li><a href=\"https:\/\/iceberg.udg.edu\/wp-content\/uploads\/2025\/06\/mem2017-2018dades_centres.pdf\">Participaci\u00f3 per centres<\/a><\/li>\n\n\n\n<li><a href=\"https:\/\/iceberg.udg.edu\/wp-content\/uploads\/2025\/06\/mem2017-2018participacio_departaments.pdf\">Participaci\u00f3 per departaments<\/a><\/li>\n\n\n\n<li><a href=\"https:\/\/iceberg.udg.edu\/wp-content\/uploads\/2025\/06\/mem2017-2018participacio_categoria.pdf\">Participaci\u00f3 per categoria del PDI<\/a><\/li>\n<\/ul>\n<\/div><\/div>\n<\/div>\n\n\n\n<div class=\"wp-block-column is-layout-flow wp-block-column-is-layout-flow\">\n<div class=\"wp-block-media-text alignwide is-stacked-on-mobile is-vertically-aligned-top\"><figure class=\"wp-block-media-text__media\"><img loading=\"lazy\" decoding=\"async\" width=\"752\" height=\"1024\" src=\"https:\/\/iceberg.udg.edu\/wp-content\/uploads\/2025\/06\/parc-retallat-752x1024.jpg\" alt=\"\" class=\"wp-image-20238 size-full\" srcset=\"https:\/\/iceberg.udg.edu\/wp-content\/uploads\/2025\/06\/parc-retallat-752x1024.jpg 752w, https:\/\/iceberg.udg.edu\/wp-content\/uploads\/2025\/06\/parc-retallat-220x300.jpg 220w, https:\/\/iceberg.udg.edu\/wp-content\/uploads\/2025\/06\/parc-retallat-768x1045.jpg 768w, https:\/\/iceberg.udg.edu\/wp-content\/uploads\/2025\/06\/parc-retallat.jpg 1000w\" sizes=\"auto, (max-width: 752px) 100vw, 752px\" \/><\/figure><div class=\"wp-block-media-text__content\">\n<h2 class=\"has-medium-font-size wp-block-heading\">Publicacions<\/h2>\n\n\n\n<ul class=\"has-small-font-size wp-block-list\">\n<li><a href=\"https:\/\/www.udg.edu\/ca\/viu\/Serveis-Universitaris\/Llibres-i-revistes-UdG\/cataleg\/detall?ID=2152\">L&#8217;Aprenentatge Servei Universitari. Guia sobre l&#8217;ApS de la Xarxa d&#8217;Innovaci\u00f3 Docent ICE UdG<\/a><\/li>\n\n\n\n<li><a href=\"https:\/\/www.cidui.org\/publicacio-cidui\/\">Doc\u00e8ncia universit\u00e0ria i innovaci\u00f3. Evoluci\u00f3 i reptes a trav\u00e9s dels CIDUI<\/a><\/li>\n<\/ul>\n<\/div><\/div>\n<\/div>\n<\/div>\n\n\n\n<div class=\"wp-block-columns is-layout-flex wp-container-core-columns-is-layout-9d6595d7 wp-block-columns-is-layout-flex\">\n<div class=\"wp-block-column is-layout-flow wp-block-column-is-layout-flow\">\n<div class=\"wp-block-media-text alignwide is-stacked-on-mobile is-vertically-aligned-top\"><figure class=\"wp-block-media-text__media\"><img loading=\"lazy\" decoding=\"async\" width=\"405\" height=\"571\" src=\"https:\/\/iceberg.udg.edu\/wp-content\/uploads\/2025\/06\/davesa-retallat.jpg\" alt=\"\" class=\"wp-image-20239 size-full\" srcset=\"https:\/\/iceberg.udg.edu\/wp-content\/uploads\/2025\/06\/davesa-retallat.jpg 405w, https:\/\/iceberg.udg.edu\/wp-content\/uploads\/2025\/06\/davesa-retallat-213x300.jpg 213w\" sizes=\"auto, (max-width: 405px) 100vw, 405px\" \/><\/figure><div class=\"wp-block-media-text__content\">\n<h2 class=\"has-medium-font-size wp-block-heading\">Difusi\u00f3<\/h2>\n\n\n\n<ul class=\"has-small-font-size wp-block-list\">\n<li><a href=\"https:\/\/iceberg.udg.edu\/\">Butllet\u00ed ICEberg<\/a><\/li>\n\n\n\n<li><a href=\"https:\/\/www.udg.edu\/ca\/ice\">Nova web ICE UdG<\/a><\/li>\n<\/ul>\n<\/div><\/div>\n<\/div>\n\n\n\n<div class=\"wp-block-column is-layout-flow wp-block-column-is-layout-flow\">\n<figure class=\"wp-block-image size-large is-resized\"><img loading=\"lazy\" decoding=\"async\" src=\"https:\/\/iceberg.udg.edu\/wp-content\/uploads\/2025\/06\/ice_negre_sensefons-1024x478.png\" alt=\"Universitat de Girona Institut de Ci\u00e8ncies de l'Educaci\u00f3 Josep Pallach ICE\" class=\"wp-image-20240\" width=\"256\" height=\"120\" srcset=\"https:\/\/iceberg.udg.edu\/wp-content\/uploads\/2025\/06\/ice_negre_sensefons-1024x478.png 1024w, https:\/\/iceberg.udg.edu\/wp-content\/uploads\/2025\/06\/ice_negre_sensefons-300x140.png 300w, https:\/\/iceberg.udg.edu\/wp-content\/uploads\/2025\/06\/ice_negre_sensefons-768x358.png 768w, https:\/\/iceberg.udg.edu\/wp-content\/uploads\/2025\/06\/ice_negre_sensefons-1536x716.png 1536w, https:\/\/iceberg.udg.edu\/wp-content\/uploads\/2025\/06\/ice_negre_sensefons-1320x616.png 1320w, https:\/\/iceberg.udg.edu\/wp-content\/uploads\/2025\/06\/ice_negre_sensefons.png 1848w\" sizes=\"auto, (max-width: 256px) 100vw, 256px\" \/><\/figure>\n<\/div>\n<\/div>\n","protected":false},"excerpt":{"rendered":"<p>Detecci\u00f3 de necessitats formatives del PDI Programaci\u00f3 d&#8217;activitats Activitats formatives Descripci\u00f3 de les activitats: Valoracions Actuacions d&#8217;innovaci\u00f3 docent Implementaci\u00f3 de la semipresencialitat Congressos i simposis ICEberg Days Dades de participaci\u00f3 Publicacions Difusi\u00f3<\/p>\n","protected":false},"author":1,"featured_media":0,"parent":12856,"menu_order":0,"comment_status":"closed","ping_status":"closed","template":"","meta":{"footnotes":""},"class_list":["post-20229","page","type-page","status-publish","hentry"],"_links":{"self":[{"href":"https:\/\/iceberg.udg.edu\/index.php?rest_route=\/wp\/v2\/pages\/20229","targetHints":{"allow":["GET"]}}],"collection":[{"href":"https:\/\/iceberg.udg.edu\/index.php?rest_route=\/wp\/v2\/pages"}],"about":[{"href":"https:\/\/iceberg.udg.edu\/index.php?rest_route=\/wp\/v2\/types\/page"}],"author":[{"embeddable":true,"href":"https:\/\/iceberg.udg.edu\/index.php?rest_route=\/wp\/v2\/users\/1"}],"replies":[{"embeddable":true,"href":"https:\/\/iceberg.udg.edu\/index.php?rest_route=%2Fwp%2Fv2%2Fcomments&post=20229"}],"version-history":[{"count":12,"href":"https:\/\/iceberg.udg.edu\/index.php?rest_route=\/wp\/v2\/pages\/20229\/revisions"}],"predecessor-version":[{"id":20282,"href":"https:\/\/iceberg.udg.edu\/index.php?rest_route=\/wp\/v2\/pages\/20229\/revisions\/20282"}],"up":[{"embeddable":true,"href":"https:\/\/iceberg.udg.edu\/index.php?rest_route=\/wp\/v2\/pages\/12856"}],"wp:attachment":[{"href":"https:\/\/iceberg.udg.edu\/index.php?rest_route=%2Fwp%2Fv2%2Fmedia&parent=20229"}],"curies":[{"name":"wp","href":"https:\/\/api.w.org\/{rel}","templated":true}]}}