{"id":20903,"date":"2025-09-09T12:02:48","date_gmt":"2025-09-09T10:02:48","guid":{"rendered":"https:\/\/icebergng.udg.edu\/?page_id=20903"},"modified":"2025-10-01T10:33:24","modified_gmt":"2025-10-01T08:33:24","slug":"pla-anual-de-formacio-2024-2025","status":"publish","type":"page","link":"https:\/\/iceberg.udg.edu\/?page_id=20903","title":{"rendered":"Pla anual de formaci\u00f3 2024-2025"},"content":{"rendered":"\n<p>El curs 2024-2025, la Universitat de Girona ha elaborat un pla de formaci\u00f3 destinat al conjunt del personal de la instituci\u00f3: PDI i PTGAS. Fins ara, es proposaven dos plans, un per a cada col\u00b7lectiu, i s&#8217;executaven des de diferents unitats. Fruit de la creaci\u00f3 de l&#8217;Institut de Ci\u00e8ncies de l&#8217;Educaci\u00f3 &#8211; Servei d&#8217;Aprenentatge i Innovaci\u00f3 Docent (ICE-SAID), les accions relacionades amb la formaci\u00f3 ara s&#8217;organitzen de manera conjunta. <\/p>\n\n\n\n<p>El <a rel=\"noreferrer noopener\" href=\"https:\/\/www.udg.edu\/ca\/Portals\/51\/Pla%20Anual%20de%20Formacio%2024-25_1.pdf\" target=\"_blank\">Pla anual de formaci\u00f3 2024-2025<\/a> es va aprovar el 17 d&#8217;octubre de 2024 en la sessi\u00f3 ordin\u00e0ria n\u00fam. 2 de la Comissi\u00f3 de Formaci\u00f3 del Personal Docent i Investigador i de la Comissi\u00f3 de Foramci\u00f3 del Personal T\u00e8cnic i d&#8217;Administraci\u00f3 i Serveis de la Universitat de Girona.<\/p>\n\n\n\n<p>El pla ha incl\u00f2s 323 activitats de formaci\u00f3 organitzades en cinc \u00e0mbits: capacitaci\u00f3 per a c\u00e0rrecs de gesti\u00f3; doc\u00e8ncia; gesti\u00f3, administraci\u00f3 i tecnificaci\u00f3; habilitats toves i coneixements transversals; i recerca i transfer\u00e8ncia de coneixement.<\/p>\n\n\n\n<p>Per con\u00e8ixer com ha estat l&#8217;execuci\u00f3 del pla, <a href=\"https:\/\/iceberg.udg.edu\/?page_id=18668\" target=\"_blank\" rel=\"noreferrer noopener\">podeu fer clic aqu\u00ed<\/a>.<\/p>\n\n\n\n<p><strong>Detecci\u00f3 de necessitats de formaci\u00f3<br><\/strong>Per dissenyar el pla, l&#8217;ICE-SAID realitza una detecci\u00f3 de les necessitats formatives del personal. En aquest curs, la crida es va dur a terme de manera diferenciada per darrera vegada. La identificaci\u00f3 de les propostes de formaci\u00f3 \u00e9s molt \u00fatil per elaborar el document. El Pla anual de formaci\u00f3 del curs 2024-2025 ha incl\u00f2s la majoria de les propostes, demandes i suggeriments de centres, direccions de departaments i instituts, aix\u00ed com les de les diferents unitats i serveis.<\/p>\n\n\n\n<p>El proc\u00e9s de detecci\u00f3 d&#8217;activitats formatives per al PDI es va realitzar durant el mes de maig a trav\u00e9s d\u2019un formulari de Microsoft. Es van recollir propostes procedents de l&#8217;\u00c0rea de Dret Processal, dels departaments de Pedagogia i de Dret P\u00fablic, i de les facultats de Dret, Infermeria i Medicina. Els temes demanats han tingut a veure amb l&#8217;\u00fas de la intel\u00b7lig\u00e8ncia artificial, q\u00fcestions sobre g\u00e8nere i diversitat, metodologies docents, i gesti\u00f3 de l&#8217;estr\u00e8s i les emocions, entre d&#8217;altres.<\/p>\n\n\n\n<p>El proc\u00e9s de detecci\u00f3 d&#8217;activitats formatives per al PTGAS es va realitzar durant el mes de juny a trav\u00e9s d\u2019un formulari de Microsoft. Aquest formulari el poden respondre responsables de PTGAS dels serveis i les facultats de la UdG. En aquest cas, el formulari no nom\u00e9s recull les necessitats de formaci\u00f3 dels equips sin\u00f3 tamb\u00e9 aquelles propostes d&#8217;activitats que els serveis poden impartir per la resta del personal. En total es van recollir 260 propostes, de les quals 140 eren peticions de formaci\u00f3 i 120 cursos per impartir des dels serveis.<\/p>\n\n\n\n<p><\/p>\n\n\n\n<p><\/p>\n","protected":false},"excerpt":{"rendered":"<p>El curs 2024-2025, la Universitat de Girona ha elaborat un pla de formaci\u00f3 destinat al conjunt del personal de la instituci\u00f3: PDI i PTGAS. Fins ara, es proposaven dos plans, un per a cada col\u00b7lectiu, i s&#8217;executaven des de diferents unitats. Fruit de la creaci\u00f3 de l&#8217;Institut de Ci\u00e8ncies de l&#8217;Educaci\u00f3 &#8211; Servei d&#8217;Aprenentatge i [&hellip;]<\/p>\n","protected":false},"author":1,"featured_media":0,"parent":20902,"menu_order":0,"comment_status":"closed","ping_status":"closed","template":"","meta":{"footnotes":""},"class_list":["post-20903","page","type-page","status-publish","hentry"],"_links":{"self":[{"href":"https:\/\/iceberg.udg.edu\/index.php?rest_route=\/wp\/v2\/pages\/20903","targetHints":{"allow":["GET"]}}],"collection":[{"href":"https:\/\/iceberg.udg.edu\/index.php?rest_route=\/wp\/v2\/pages"}],"about":[{"href":"https:\/\/iceberg.udg.edu\/index.php?rest_route=\/wp\/v2\/types\/page"}],"author":[{"embeddable":true,"href":"https:\/\/iceberg.udg.edu\/index.php?rest_route=\/wp\/v2\/users\/1"}],"replies":[{"embeddable":true,"href":"https:\/\/iceberg.udg.edu\/index.php?rest_route=%2Fwp%2Fv2%2Fcomments&post=20903"}],"version-history":[{"count":2,"href":"https:\/\/iceberg.udg.edu\/index.php?rest_route=\/wp\/v2\/pages\/20903\/revisions"}],"predecessor-version":[{"id":21325,"href":"https:\/\/iceberg.udg.edu\/index.php?rest_route=\/wp\/v2\/pages\/20903\/revisions\/21325"}],"up":[{"embeddable":true,"href":"https:\/\/iceberg.udg.edu\/index.php?rest_route=\/wp\/v2\/pages\/20902"}],"wp:attachment":[{"href":"https:\/\/iceberg.udg.edu\/index.php?rest_route=%2Fwp%2Fv2%2Fmedia&parent=20903"}],"curies":[{"name":"wp","href":"https:\/\/api.w.org\/{rel}","templated":true}]}}