{"id":20917,"date":"2025-09-09T12:40:46","date_gmt":"2025-09-09T10:40:46","guid":{"rendered":"https:\/\/icebergng.udg.edu\/?page_id=20917"},"modified":"2025-09-19T12:57:39","modified_gmt":"2025-09-19T10:57:39","slug":"examens-dacreditacio-de-llengues","status":"publish","type":"page","link":"https:\/\/iceberg.udg.edu\/?page_id=20917","title":{"rendered":"Ex\u00e0mens d\u2019acreditaci\u00f3 de lleng\u00fces"},"content":{"rendered":"\n<table style=\"border: none;border-collapse: collapse;width:735pt;\"> \n\n    <tbody> \n\n        <tr> \n\n            <td style=\"color:black;font-size:16px;font-weight:700;font-style:italic;text-decoration:none;font-family:Arial, serif;text-align:center;vertical-align:bottom;border:none;background:#FBAA5A;height:12.75pt;width:66pt;\">Llengua<\/td> \n\n            <td style=\"color:windowtext;font-size:16px;font-weight:700;font-style:italic;text-decoration:none;font-family:Arial, serif;text-align:center;vertical-align:top;border:none;background:#FBAA5A;width:238pt;\">Tipus d&#8217;examen i nivell<\/td> \n\n            <td style=\"color:windowtext;font-size:16px;font-weight:700;font-style:italic;text-decoration:none;font-family:Arial, serif;text-align:center;vertical-align:top;border:none;background:#FBAA5A;width:258pt;\">calendari<\/td> \n\n            <td style=\"color:windowtext;font-size:16px;font-weight:700;font-style:italic;text-decoration:none;font-family:Arial, serif;text-align:center;vertical-align:top;border:none;background:#FBAA5A;width:173pt;\">col\u00b7lectiu<\/td> \n\n        <\/tr> \n\n        <tr> \n\n            <td style=\"color:windowtext;font-size:16px;font-weight:400;font-style:normal;text-decoration:none;font-family:Arial, serif;text-align:left;vertical-align:middle;border:.5pt solid #FBAA5A;height:30.75pt;\">Alemany<\/td> \n\n            <td style=\"color:windowtext;font-size:13px;font-weight:400;font-style:normal;text-decoration:none;font-family:Arial, serif;text-align:general;vertical-align:middle;border:.5pt solid #FBAA5A;border-left:none;width:238pt;\">Examen d&#8217;Alemany A2 ACLES<\/td> \n\n            <td style=\"color:windowtext;font-size:13px;font-weight:400;font-style:normal;text-decoration:none;font-family:Arial, serif;text-align:left;vertical-align:middle;border:.5pt solid #FBAA5A;border-left:none;width:258pt;\">Convocat\u00f2ria d&#8217;abril 2025 &nbsp;<\/td> \n\n            <td style=\"color:windowtext;font-size:13px;font-weight:400;font-style:normal;text-decoration:none;font-family:Arial, serif;text-align:left;vertical-align:middle;border:.5pt solid #FBAA5A;border-left:none;width:173pt;\">Comunitat universit\u00e0ria i externs<\/td> \n\n        <\/tr> \n\n        <tr> \n\n            <td rowspan=\"6\" style=\"color:windowtext;font-size:16px;font-weight:400;font-style:normal;text-decoration:none;font-family:Arial, serif;text-align:left;vertical-align:top;border:.5pt solid #FBAA5A;height:184.5pt;border-top:none;\">Angl\u00e8s<\/td> \n\n            <td style=\"color:windowtext;font-size:13px;font-weight:400;font-style:normal;text-decoration:none;font-family:Arial, serif;text-align:general;vertical-align:middle;border:.5pt solid #FBAA5A;border-top:none;border-left:none;width:238pt;\">Examen d&#8217;Angl\u00e8s B1 CertAcles<\/td> \n\n            <td style=\"color:windowtext;font-size:13px;font-weight:400;font-style:normal;text-decoration:none;font-family:Arial, serif;text-align:left;vertical-align:middle;border:.5pt solid #FBAA5A;border-top:none;border-left:none;width:258pt;\">Convocat\u00f2ria de maig-juny 2025<\/td> \n\n            <td style=\"color:windowtext;font-size:13px;font-weight:400;font-style:normal;text-decoration:none;font-family:Arial, serif;text-align:left;vertical-align:middle;border:.5pt solid #FBAA5A;border-top:none;border-left:none;width:173pt;\">Comunitat universit\u00e0ria i externs<\/td> \n\n        <\/tr> \n\n        <tr> \n\n            <td style=\"color:windowtext;font-size:13px;font-weight:400;font-style:normal;text-decoration:none;font-family:Arial, serif;text-align:general;vertical-align:middle;border:.5pt solid #FBAA5A;height:30.75pt;border-top:none;border-left:none;width:238pt;\">Examen CertAcles CLUC d\u2019angl\u00e8s B2 i requisit d&#8217;angl\u00e8s per Erasmus B2.1&nbsp;<\/td> \n\n            <td style=\"color:windowtext;font-size:13px;font-weight:400;font-style:normal;text-decoration:none;font-family:Arial, serif;text-align:left;vertical-align:middle;border:.5pt solid #FBAA5A;border-top:none;border-left:none;width:258pt;\">Convocat\u00f2ria de desembre 2024<\/td> \n\n            <td style=\"color:windowtext;font-size:13px;font-weight:400;font-style:normal;text-decoration:none;font-family:Arial, serif;text-align:left;vertical-align:middle;border:.5pt solid #FBAA5A;border-top:none;border-left:none;width:173pt;\">Comunitat universit\u00e0ria<\/td> \n\n        <\/tr> \n\n        <tr> \n\n            <td rowspan=\"2\" style=\"color:windowtext;font-size:13px;font-weight:400;font-style:normal;text-decoration:none;font-family:Arial, serif;text-align:left;vertical-align:middle;border:none;border-top:none;border-right:.5pt solid #FBAA5A;border-bottom:.5pt solid #FBAA5A;border-left:.5pt solid #FBAA5A;height:61.5pt;width:238pt;\">Examen d&#8217;Angl\u00e8s B2 CLUC<\/td> \n\n            <td style=\"color:windowtext;font-size:13px;font-weight:400;font-style:normal;text-decoration:none;font-family:Arial, serif;text-align:left;vertical-align:middle;border:.5pt solid #FBAA5A;border-top:none;border-left:none;width:258pt;\">Convocat\u00f2ria de juny 2025<\/td> \n\n            <td style=\"color:windowtext;font-size:13px;font-weight:400;font-style:normal;text-decoration:none;font-family:Arial, serif;text-align:left;vertical-align:middle;border:.5pt solid #FBAA5A;border-top:none;border-left:none;width:173pt;\">Comunitat universit\u00e0ria i externs<\/td> \n\n        <\/tr> \n\n        <tr> \n\n            <td style=\"color:windowtext;font-size:13px;font-weight:400;font-style:normal;text-decoration:none;font-family:Arial, serif;text-align:left;vertical-align:middle;border:.5pt solid #FBAA5A;height:30.75pt;border-top:none;border-left:none;width:258pt;\">Convocat\u00f2ria de juliol 2025<\/td> \n\n            <td style=\"color:windowtext;font-size:13px;font-weight:400;font-style:normal;text-decoration:none;font-family:Arial, serif;text-align:left;vertical-align:middle;border:.5pt solid #FBAA5A;border-top:none;border-left:none;width:173pt;\">Comunitat universit\u00e0ria i externs<\/td> \n\n        <\/tr> \n\n        <tr> \n\n            <td style=\"color:windowtext;font-size:13px;font-weight:400;font-style:normal;text-decoration:none;font-family:Arial, serif;text-align:general;vertical-align:middle;border:.5pt solid #FBAA5A;height:30.75pt;border-top:none;border-left:none;width:238pt;\">Examen d&#8217;Angl\u00e8s C1 CertAcles<\/td> \n\n            <td style=\"color:windowtext;font-size:13px;font-weight:400;font-style:normal;text-decoration:none;font-family:Arial, serif;text-align:left;vertical-align:middle;border:.5pt solid #FBAA5A;border-top:none;border-left:none;width:258pt;\">Convocat\u00f2ria de maig-juny 2025<\/td> \n\n            <td style=\"color:windowtext;font-size:13px;font-weight:400;font-style:normal;text-decoration:none;font-family:Arial, serif;text-align:left;vertical-align:middle;border:.5pt solid #FBAA5A;border-top:none;border-left:none;width:173pt;\">Comunitat universit\u00e0ria i externs<\/td> \n\n        <\/tr> \n\n        <tr> \n\n            <td style=\"color:windowtext;font-size:13px;font-weight:400;font-style:normal;text-decoration:none;font-family:Arial, serif;text-align:general;vertical-align:middle;border:.5pt solid #FBAA5A;height:30.75pt;border-top:none;border-left:none;width:238pt;\">Examen de capacitaci\u00f3 per a la doc\u00e8ncia en angl\u00e8s<\/td> \n\n            <td style=\"color:windowtext;font-size:13px;font-weight:400;font-style:normal;text-decoration:none;font-family:Arial, serif;text-align:left;vertical-align:middle;border:.5pt solid #FBAA5A;border-top:none;border-left:none;width:258pt;\">Convocat\u00f2ria de juny 2025<\/td> \n\n            <td style=\"color:windowtext;font-size:13px;font-weight:400;font-style:normal;text-decoration:none;font-family:Arial, serif;text-align:left;vertical-align:middle;border:.5pt solid #FBAA5A;border-top:none;border-left:none;width:173pt;\">Personal docent i investigador<\/td> \n\n        <\/tr> \n\n        <tr> \n\n            <td rowspan=\"9\" style=\"color:windowtext;font-size:16px;font-weight:400;font-style:normal;text-decoration:none;font-family:Arial, serif;text-align:left;vertical-align:top;border:none;border-top:none;border-right:.5pt solid #FBAA5A;border-bottom:.5pt solid #FBAA5A;border-left:.5pt solid #FBAA5A;height:246.0pt;\">Catal\u00e0<\/td> \n\n            <td rowspan=\"5\" style=\"color:windowtext;font-size:13px;font-weight:400;font-style:normal;text-decoration:none;font-family:Arial, serif;text-align:general;vertical-align:middle;border:.5pt solid #FBAA5A;border-top:none;width:238pt;\">Examen oficial de catal\u00e0 de nivell de sufici\u00e8ncia (C1)<\/td> \n\n            <td style=\"color:windowtext;font-size:13px;font-weight:400;font-style:normal;text-decoration:none;font-family:Arial, serif;text-align:left;vertical-align:middle;border:.5pt solid #FBAA5A;border-top:none;border-left:none;width:258pt;\">Sufici\u00e8ncia PDI. Convocat\u00f2ria d&#8217;octubre 2024<\/td> \n\n            <td style=\"color:windowtext;font-size:13px;font-weight:400;font-style:normal;text-decoration:none;font-family:Arial, serif;text-align:left;vertical-align:middle;border:.5pt solid #FBAA5A;border-top:none;border-left:none;width:173pt;\">Comunitat universit\u00e0ria i externs<\/td> \n\n        <\/tr> \n\n        <tr> \n\n            <td style=\"color:windowtext;font-size:13px;font-weight:400;font-style:normal;text-decoration:none;font-family:Arial, serif;text-align:left;vertical-align:middle;border:.5pt solid #FBAA5A;height:30.75pt;border-top:none;border-left:none;width:258pt;\">Sufici\u00e8ncia PDI. Convocat\u00f2ria de febrer 2025<\/td> \n\n            <td style=\"color:windowtext;font-size:13px;font-weight:400;font-style:normal;text-decoration:none;font-family:Arial, serif;text-align:left;vertical-align:middle;border:.5pt solid #FBAA5A;border-top:none;border-left:none;width:173pt;\">Comunitat universit\u00e0ria i externs<\/td> \n\n        <\/tr> \n\n         <tr> \n\n            <td style=\"color:windowtext;font-size:13px;font-weight:400;font-style:normal;text-decoration:none;font-family:Arial, serif;text-align:left;vertical-align:middle;border:.5pt solid #FBAA5A;height:30.75pt;border-top:none;border-left:none;width:258pt;\">Sufici\u00e8ncia. Convocat\u00f2ria de febrer 2025<\/td> \n\n            <td style=\"color:windowtext;font-size:13px;font-weight:400;font-style:normal;text-decoration:none;font-family:Arial, serif;text-align:left;vertical-align:middle;border:.5pt solid #FBAA5A;border-top:none;border-left:none;width:173pt;\">Comunitat universit\u00e0ria i externs<\/td> \n\n        <\/tr> \n<tr> \n\n            <td style=\"color:windowtext;font-size:13px;font-weight:400;font-style:normal;text-decoration:none;font-family:Arial, serif;text-align:left;vertical-align:middle;border:.5pt solid #FBAA5A;height:30.75pt;border-top:none;border-left:none;width:258pt;\">Sufici\u00e8ncia PDI. Convocat\u00f2ria de juny 2025<\/td> \n\n            <td style=\"color:windowtext;font-size:13px;font-weight:400;font-style:normal;text-decoration:none;font-family:Arial, serif;text-align:left;vertical-align:middle;border:.5pt solid #FBAA5A;border-top:none;border-left:none;width:173pt;\">Comunitat universit\u00e0ria i externs<\/td> \n\n        <\/tr> \n\n        <tr> \n\n            <td style=\"color:windowtext;font-size:13px;font-weight:400;font-style:normal;text-decoration:none;font-family:Arial, serif;text-align:left;vertical-align:middle;border:.5pt solid #FBAA5A;height:30.75pt;border-top:none;border-left:none;width:258pt;\">Sufici\u00e8ncia. Convocat\u00f2ria de juny 2025<\/td> \n\n            <td style=\"color:windowtext;font-size:13px;font-weight:400;font-style:normal;text-decoration:none;font-family:Arial, serif;text-align:left;vertical-align:middle;border:.5pt solid #FBAA5A;border-top:none;border-left:none;width:173pt;\">Comunitat universit\u00e0ria i externs<\/td> \n\n        <\/tr> \n\n        <tr> \n\n            <td rowspan=\"2\" style=\"color:windowtext;font-size:13px;font-weight:400;font-style:normal;text-decoration:none;font-family:Arial, serif;text-align:general;vertical-align:middle;border:.5pt solid #FBAA5A;height:61.5pt;border-top:  none;width:238pt;\">Examen oficial de catal\u00e0 de nivell superior (C2)<\/td> \n\n            <td style=\"color:windowtext;font-size:13px;font-weight:400;font-style:normal;text-decoration:none;font-family:Arial, serif;text-align:left;vertical-align:middle;border:.5pt solid #FBAA5A;border-top:none;border-left:none;width:258pt;\">Convocat\u00f2ria de febrer 2025<\/td> \n\n            <td style=\"color:windowtext;font-size:13px;font-weight:400;font-style:normal;text-decoration:none;font-family:Arial, serif;text-align:left;vertical-align:middle;border:.5pt solid #FBAA5A;border-top:none;border-left:none;width:173pt;\">Comunitat universit\u00e0ria i externs<\/td> \n\n        <\/tr> \n\n        <tr> \n\n            <td style=\"color:windowtext;font-size:13px;font-weight:400;font-style:normal;text-decoration:none;font-family:Arial, serif;text-align:left;vertical-align:middle;border:.5pt solid #FBAA5A;height:30.75pt;border-top:none;border-left:none;width:258pt;\">Convocat\u00f2ria de juny 2025<\/td> \n\n            <td style=\"color:windowtext;font-size:13px;font-weight:400;font-style:normal;text-decoration:none;font-family:Arial, serif;text-align:left;vertical-align:middle;border:.5pt solid #FBAA5A;border-top:none;border-left:none;width:173pt;\">Comunitat universit\u00e0ria i externs<\/td> \n\n        <\/tr> \n\n        <tr> \n\n            <td style=\"color:windowtext;font-size:13px;font-weight:400;font-style:normal;text-decoration:none;font-family:Arial, serif;text-align:general;vertical-align:middle;border:.5pt solid #FBAA5A;height:30.75pt;border-top:none;border-left:none;width:238pt;\">Examen oficial de llenguatge jur\u00eddic catal\u00e0<\/td> \n\n            <td style=\"color:windowtext;font-size:13px;font-weight:400;font-style:normal;text-decoration:none;font-family:Arial, serif;text-align:left;vertical-align:middle;border:.5pt solid #FBAA5A;border-top:none;border-left:none;width:258pt;\">Convocat\u00f2ria de juny 2025<\/td> \n\n            <td style=\"color:windowtext;font-size:13px;font-weight:400;font-style:normal;text-decoration:none;font-family:Arial, serif;text-align:left;vertical-align:middle;border:.5pt solid #FBAA5A;border-top:none;border-left:none;width:173pt;\">Comunitat universit\u00e0ria i externs<\/td> \n\n        <\/tr> \n\n        <tr> \n\n            <td style=\"color:windowtext;font-size:13px;font-weight:400;font-style:normal;text-decoration:none;font-family:Arial, serif;text-align:general;vertical-align:middle;border:.5pt solid #FBAA5A;height:30.75pt;border-top:none;border-left:none;width:238pt;\">Prova diagn\u00f2stica de Catal\u00e0<\/td> \n\n            <td style=\"color:windowtext;font-size:13px;font-weight:400;font-style:normal;text-decoration:none;font-family:Arial, serif;text-align:left;vertical-align:middle;border:.5pt solid #FBAA5A;border-top:none;border-left:none;width:258pt;\">Convocat\u00f2ria de novembre-desembre 2024<\/td> \n\n            <td style=\"color:windowtext;font-size:13px;font-weight:400;font-style:normal;text-decoration:none;font-family:Arial, serif;text-align:left;vertical-align:middle;border:.5pt solid #FBAA5A;border-top:none;border-left:none;width:173pt;\">Estudiants de la FEP<\/td> \n\n        <\/tr> \n\n        <tr> \n\n            <td style=\"color:windowtext;font-size:16px;font-weight:400;font-style:normal;text-decoration:none;font-family:Arial, serif;text-align:left;vertical-align:top;border:.5pt solid #FBAA5A;height:26.25pt;border-top:none;\">Franc\u00e8s<\/td> \n\n            <td style=\"color:windowtext;font-size:13px;font-weight:400;font-style:normal;text-decoration:none;font-family:Arial, serif;text-align:general;vertical-align:middle;border:.5pt solid #FBAA5A;border-top:none;border-left:none;width:238pt;\">Examen de Franc\u00e8s B1 ACLES<\/td> \n\n            <td style=\"color:windowtext;font-size:13px;font-weight:400;font-style:normal;text-decoration:none;font-family:Arial, serif;text-align:left;vertical-align:middle;border:.5pt solid #FBAA5A;border-top:none;border-left:none;width:258pt;\">Convocat\u00f2ria de juny 2025<\/td> \n\n            <td style=\"color:windowtext;font-size:13px;font-weight:400;font-style:normal;text-decoration:none;font-family:Arial, serif;text-align:left;vertical-align:middle;border:.5pt solid #FBAA5A;border-top:none;border-left:none;width:173pt;\">Comunitat universit\u00e0ria i externs<\/td> \n\n        <\/tr> \n\n    <\/tbody> \n\n<\/table>\n\n","protected":false},"excerpt":{"rendered":"<p>Llengua Tipus d&#8217;examen i nivell calendari col\u00b7lectiu Alemany Examen d&#8217;Alemany A2 ACLES Convocat\u00f2ria d&#8217;abril 2025 &nbsp; Comunitat universit\u00e0ria i externs Angl\u00e8s Examen d&#8217;Angl\u00e8s B1 CertAcles Convocat\u00f2ria de maig-juny 2025 Comunitat universit\u00e0ria i externs Examen CertAcles CLUC d\u2019angl\u00e8s B2 i requisit d&#8217;angl\u00e8s per Erasmus B2.1&nbsp; Convocat\u00f2ria de desembre 2024 Comunitat universit\u00e0ria Examen d&#8217;Angl\u00e8s B2 CLUC Convocat\u00f2ria [&hellip;]<\/p>\n","protected":false},"author":1,"featured_media":0,"parent":20904,"menu_order":0,"comment_status":"closed","ping_status":"closed","template":"","meta":{"footnotes":""},"class_list":["post-20917","page","type-page","status-publish","hentry"],"_links":{"self":[{"href":"https:\/\/iceberg.udg.edu\/index.php?rest_route=\/wp\/v2\/pages\/20917","targetHints":{"allow":["GET"]}}],"collection":[{"href":"https:\/\/iceberg.udg.edu\/index.php?rest_route=\/wp\/v2\/pages"}],"about":[{"href":"https:\/\/iceberg.udg.edu\/index.php?rest_route=\/wp\/v2\/types\/page"}],"author":[{"embeddable":true,"href":"https:\/\/iceberg.udg.edu\/index.php?rest_route=\/wp\/v2\/users\/1"}],"replies":[{"embeddable":true,"href":"https:\/\/iceberg.udg.edu\/index.php?rest_route=%2Fwp%2Fv2%2Fcomments&post=20917"}],"version-history":[{"count":3,"href":"https:\/\/iceberg.udg.edu\/index.php?rest_route=\/wp\/v2\/pages\/20917\/revisions"}],"predecessor-version":[{"id":21150,"href":"https:\/\/iceberg.udg.edu\/index.php?rest_route=\/wp\/v2\/pages\/20917\/revisions\/21150"}],"up":[{"embeddable":true,"href":"https:\/\/iceberg.udg.edu\/index.php?rest_route=\/wp\/v2\/pages\/20904"}],"wp:attachment":[{"href":"https:\/\/iceberg.udg.edu\/index.php?rest_route=%2Fwp%2Fv2%2Fmedia&parent=20917"}],"curies":[{"name":"wp","href":"https:\/\/api.w.org\/{rel}","templated":true}]}}