{"id":20928,"date":"2025-09-09T12:51:50","date_gmt":"2025-09-09T10:51:50","guid":{"rendered":"https:\/\/icebergng.udg.edu\/?page_id=20928"},"modified":"2026-01-26T16:08:50","modified_gmt":"2026-01-26T15:08:50","slug":"valoracions","status":"publish","type":"page","link":"https:\/\/iceberg.udg.edu\/?page_id=20928","title":{"rendered":"Valoracions"},"content":{"rendered":"\n<div class=\"wp-block-columns is-layout-flex wp-container-core-columns-is-layout-9d6595d7 wp-block-columns-is-layout-flex\">\n<div class=\"wp-block-column is-layout-flow wp-block-column-is-layout-flow\">\n<div class=\"wp-block-cover is-light\" style=\"min-height:193px;aspect-ratio:unset;\"><img loading=\"lazy\" decoding=\"async\" width=\"1280\" height=\"853\" class=\"wp-block-cover__image-background wp-image-18683\" alt=\"\" src=\"https:\/\/iceberg.udg.edu\/wp-content\/uploads\/2024\/10\/v_1-1.jpg\" style=\"object-position:50% 97%\" data-object-fit=\"cover\" data-object-position=\"50% 97%\" srcset=\"https:\/\/iceberg.udg.edu\/wp-content\/uploads\/2024\/10\/v_1-1.jpg 1280w, https:\/\/iceberg.udg.edu\/wp-content\/uploads\/2024\/10\/v_1-1-300x200.jpg 300w, https:\/\/iceberg.udg.edu\/wp-content\/uploads\/2024\/10\/v_1-1-1024x682.jpg 1024w, https:\/\/iceberg.udg.edu\/wp-content\/uploads\/2024\/10\/v_1-1-768x512.jpg 768w, https:\/\/iceberg.udg.edu\/wp-content\/uploads\/2024\/10\/v_1-1-1200x800.jpg 1200w\" sizes=\"auto, (max-width: 1280px) 100vw, 1280px\" \/><span aria-hidden=\"true\" class=\"wp-block-cover__background has-background-dim\"><\/span><div class=\"wp-block-cover__inner-container is-layout-flow wp-block-cover-is-layout-flow\">\n<div class=\"wp-block-buttons is-content-justification-center is-layout-flex wp-container-core-buttons-is-layout-16018d1d wp-block-buttons-is-layout-flex\">\n<div class=\"wp-block-button has-custom-width wp-block-button__width-100\"><a class=\"wp-block-button__link has-luminous-vivid-orange-to-vivid-red-gradient-background has-background has-small-font-size has-custom-font-size wp-element-button\" href=\"https:\/\/iceberg.udg.edu\/?page_id=20929\" style=\"border-radius:14px\"><strong>Valoraci\u00f3 de les activitats realitzades per part del PDI i PTGAS<\/strong><\/a><\/div>\n<\/div>\n<\/div><\/div>\n<\/div>\n\n\n\n<div class=\"wp-block-column is-layout-flow wp-block-column-is-layout-flow\">\n<div class=\"wp-block-cover is-light\" style=\"min-height:197px;aspect-ratio:unset;\"><img loading=\"lazy\" decoding=\"async\" width=\"1280\" height=\"853\" class=\"wp-block-cover__image-background wp-image-18684\" alt=\"\" src=\"https:\/\/iceberg.udg.edu\/wp-content\/uploads\/2024\/10\/v_2.jpg\" style=\"object-position:49% 37%\" data-object-fit=\"cover\" data-object-position=\"49% 37%\" srcset=\"https:\/\/iceberg.udg.edu\/wp-content\/uploads\/2024\/10\/v_2.jpg 1280w, https:\/\/iceberg.udg.edu\/wp-content\/uploads\/2024\/10\/v_2-300x200.jpg 300w, https:\/\/iceberg.udg.edu\/wp-content\/uploads\/2024\/10\/v_2-1024x682.jpg 1024w, https:\/\/iceberg.udg.edu\/wp-content\/uploads\/2024\/10\/v_2-768x512.jpg 768w, https:\/\/iceberg.udg.edu\/wp-content\/uploads\/2024\/10\/v_2-1200x800.jpg 1200w\" sizes=\"auto, (max-width: 1280px) 100vw, 1280px\" \/><span aria-hidden=\"true\" class=\"wp-block-cover__background has-background-dim\"><\/span><div class=\"wp-block-cover__inner-container is-layout-flow wp-block-cover-is-layout-flow\">\n<div class=\"wp-block-buttons is-content-justification-center is-layout-flex wp-container-core-buttons-is-layout-16018d1d wp-block-buttons-is-layout-flex\">\n<div class=\"wp-block-button has-custom-width wp-block-button__width-100\"><a class=\"wp-block-button__link has-luminous-vivid-orange-to-vivid-red-gradient-background has-background has-small-font-size has-custom-font-size wp-element-button\" href=\"https:\/\/iceberg.udg.edu\/?page_id=20930\" style=\"border-radius:15px\"><strong>Valoraci\u00f3 dels participants en la formaci\u00f3 i acreditaci\u00f3 en lleng\u00fces<\/strong><\/a><\/div>\n<\/div>\n<\/div><\/div>\n<\/div>\n<\/div>\n\n\n\n<p><\/p>\n","protected":false},"excerpt":{"rendered":"","protected":false},"author":1,"featured_media":17473,"parent":20902,"menu_order":0,"comment_status":"closed","ping_status":"closed","template":"","meta":{"footnotes":""},"class_list":["post-20928","page","type-page","status-publish","has-post-thumbnail","hentry"],"_links":{"self":[{"href":"https:\/\/iceberg.udg.edu\/index.php?rest_route=\/wp\/v2\/pages\/20928","targetHints":{"allow":["GET"]}}],"collection":[{"href":"https:\/\/iceberg.udg.edu\/index.php?rest_route=\/wp\/v2\/pages"}],"about":[{"href":"https:\/\/iceberg.udg.edu\/index.php?rest_route=\/wp\/v2\/types\/page"}],"author":[{"embeddable":true,"href":"https:\/\/iceberg.udg.edu\/index.php?rest_route=\/wp\/v2\/users\/1"}],"replies":[{"embeddable":true,"href":"https:\/\/iceberg.udg.edu\/index.php?rest_route=%2Fwp%2Fv2%2Fcomments&post=20928"}],"version-history":[{"count":6,"href":"https:\/\/iceberg.udg.edu\/index.php?rest_route=\/wp\/v2\/pages\/20928\/revisions"}],"predecessor-version":[{"id":21840,"href":"https:\/\/iceberg.udg.edu\/index.php?rest_route=\/wp\/v2\/pages\/20928\/revisions\/21840"}],"up":[{"embeddable":true,"href":"https:\/\/iceberg.udg.edu\/index.php?rest_route=\/wp\/v2\/pages\/20902"}],"wp:featuredmedia":[{"embeddable":true,"href":"https:\/\/iceberg.udg.edu\/index.php?rest_route=\/wp\/v2\/media\/17473"}],"wp:attachment":[{"href":"https:\/\/iceberg.udg.edu\/index.php?rest_route=%2Fwp%2Fv2%2Fmedia&parent=20928"}],"curies":[{"name":"wp","href":"https:\/\/api.w.org\/{rel}","templated":true}]}}