{"id":20949,"date":"2025-09-09T13:06:42","date_gmt":"2025-09-09T11:06:42","guid":{"rendered":"https:\/\/icebergng.udg.edu\/?page_id=20949"},"modified":"2025-10-01T11:12:26","modified_gmt":"2025-10-01T09:12:26","slug":"jornada-de-reflexio-sobre-les-xid-i-gid-i-la-seva-connexio-amb-el-model-udg-xxi","status":"publish","type":"page","link":"https:\/\/iceberg.udg.edu\/?page_id=20949","title":{"rendered":"Jornada de reflexi\u00f3 sobre les XID i GID i la seva connexi\u00f3 amb el model UdG XXI"},"content":{"rendered":"\n<p><strong>3 de juliol&nbsp;de 2025<br>Auditori de l&#8217;Edifici Giroempr\u00e8n del Parc de Recerca<\/strong><\/p>\n\n\n\n<p>Aquesta jornada es va plantejar amb la finalitat d&#8217;analitzar la traject\u00f2ria i situaci\u00f3 actual de les xarxes i els grups d&#8217;innovaci\u00f3 docent. <\/p>\n\n\n\n<p>En concret, els objectius plantejats van ser: <\/p>\n\n\n\n<blockquote class=\"wp-block-quote is-layout-flow wp-block-quote-is-layout-flow\">\n<ul class=\"wp-block-list\">\n<li>Analitzar la traject\u00f2ria que han seguit les XID i GID<\/li>\n<\/ul>\n\n\n\n<ul class=\"wp-block-list\">\n<li>Detectar punts forts i punts febles.<\/li>\n\n\n\n<li>Fer propostes de millora<\/li>\n<\/ul>\n\n\n\n<ul class=\"wp-block-list\">\n<li>Repensar les formes d&#8217;organitzaci\u00f3 per promoure la innovaci\u00f3 docent a la UdG<\/li>\n<\/ul>\n\n\n\n<ul class=\"wp-block-list\">\n<li>Plantejar la contribuci\u00f3 de XID i GID al model UdG XXI&nbsp;<\/li>\n<\/ul>\n<\/blockquote>\n\n\n\n<p>La jornada va comptar amb intervencions de David Ballester i S\u00edlvia Aznar, en relaci\u00f3 amb l&#8217;evoluci\u00f3 i situaci\u00f3 de les XID i els GID, d&#8217;Esther Barrab\u00e9s, vicerectora de Doc\u00e8ncia i Planificaci\u00f3 Acad\u00e8mica, i Julie Waddington, delegada del rector per al model UdG XXI, en relaci\u00f3 amb la presentaci\u00f3 de les l\u00ednies d&#8217;implementaci\u00f3 d&#8217;aquest model.<\/p>\n\n\n\n<p>La jornada va incloure din\u00e0miques de participaci\u00f3 per detectar i analitzar els punts forts i febles de xarxes i grups, aix\u00ed com per identificar accions i possibles aportacions al desplegament del model UdG XXI. <\/p>\n\n\n\n<p>Van participar-hi 36 membres de XID i GID. <\/p>\n\n\n\n<p>A partir dels elements compartits i els plantejaments debatuts s&#8217;elaborar\u00e0 una proposta que es portar\u00e0 a debat en properes reunions de les xarxes i els grups. <\/p>\n","protected":false},"excerpt":{"rendered":"<p>3 de juliol&nbsp;de 2025Auditori de l&#8217;Edifici Giroempr\u00e8n del Parc de Recerca Aquesta jornada es va plantejar amb la finalitat d&#8217;analitzar la traject\u00f2ria i situaci\u00f3 actual de les xarxes i els grups d&#8217;innovaci\u00f3 docent. En concret, els objectius plantejats van ser: La jornada va comptar amb intervencions de David Ballester i S\u00edlvia Aznar, en relaci\u00f3 amb [&hellip;]<\/p>\n","protected":false},"author":1,"featured_media":0,"parent":20948,"menu_order":0,"comment_status":"closed","ping_status":"closed","template":"","meta":{"footnotes":""},"class_list":["post-20949","page","type-page","status-publish","hentry"],"_links":{"self":[{"href":"https:\/\/iceberg.udg.edu\/index.php?rest_route=\/wp\/v2\/pages\/20949","targetHints":{"allow":["GET"]}}],"collection":[{"href":"https:\/\/iceberg.udg.edu\/index.php?rest_route=\/wp\/v2\/pages"}],"about":[{"href":"https:\/\/iceberg.udg.edu\/index.php?rest_route=\/wp\/v2\/types\/page"}],"author":[{"embeddable":true,"href":"https:\/\/iceberg.udg.edu\/index.php?rest_route=\/wp\/v2\/users\/1"}],"replies":[{"embeddable":true,"href":"https:\/\/iceberg.udg.edu\/index.php?rest_route=%2Fwp%2Fv2%2Fcomments&post=20949"}],"version-history":[{"count":3,"href":"https:\/\/iceberg.udg.edu\/index.php?rest_route=\/wp\/v2\/pages\/20949\/revisions"}],"predecessor-version":[{"id":21354,"href":"https:\/\/iceberg.udg.edu\/index.php?rest_route=\/wp\/v2\/pages\/20949\/revisions\/21354"}],"up":[{"embeddable":true,"href":"https:\/\/iceberg.udg.edu\/index.php?rest_route=\/wp\/v2\/pages\/20948"}],"wp:attachment":[{"href":"https:\/\/iceberg.udg.edu\/index.php?rest_route=%2Fwp%2Fv2%2Fmedia&parent=20949"}],"curies":[{"name":"wp","href":"https:\/\/api.w.org\/{rel}","templated":true}]}}