{"id":20953,"date":"2025-09-09T13:08:53","date_gmt":"2025-09-09T11:08:53","guid":{"rendered":"https:\/\/icebergng.udg.edu\/?page_id=20953"},"modified":"2025-10-01T10:54:46","modified_gmt":"2025-10-01T08:54:46","slug":"1a-jornada-interunivesitaria-aula-inversa-xarxa-universitats-catalanes","status":"publish","type":"page","link":"https:\/\/iceberg.udg.edu\/?page_id=20953","title":{"rendered":"1a Jornada Interuniversit\u00e0ria d&#8217;Aula Inversa de les Universitats Catalanes"},"content":{"rendered":"\n<p><strong>Divendres, 24&nbsp;de gener&nbsp;de 2025<br>Sala de Graus de la Facultat d\u2019Infermeria i Medicina de la UdG<\/strong><\/p>\n\n\n\n<p>El divendres 24 de gener va tenir lloc a la Universitat de Girona la&nbsp;<a rel=\"noreferrer noopener\" href=\"https:\/\/esdeveniments.udg.edu\/127148\/detail\/1a-jornada-xarxa-aula-inversa-universitats-catalanes.html\" target=\"_blank\">Primera Jornada Interuniversit\u00e0ria d&#8217;Aula Inversa de les universitats catalanes<\/a>&nbsp;.<\/p>\n\n\n\n<p>La\u00a0<a rel=\"noreferrer noopener\" href=\"https:\/\/www.udg.edu\/ca\/ice\/innovacio-docent\/xarxes-dinnovacio-docent\/xid-classe-inversa\" target=\"_blank\">Xarxa d\u2019Innovaci\u00f3 Docent Classe Inversa de l\u2019ICE de la UdG<\/a>, juntament amb altres membres de les universitats catalanes que treballen amb Aula Inversa (AI), van proposar aquesta jornada amb l\u2019objectiu de con\u00e8ixer qu\u00e8 s\u2019est\u00e0 fent en relaci\u00f3 amb l\u2019AI en l&#8217;\u00e0mbit de les universitats. D&#8217;aquesta manera es van compartir experi\u00e8ncies personals en l&#8217;aplicaci\u00f3 d\u2019AI en la doc\u00e8ncia universit\u00e0ria.<\/p>\n\n\n\n<p>La jornada, a m\u00e9s de posar en com\u00fa qu\u00e8 fa cada universitat en relaci\u00f3 amb aquesta metodologia, tamb\u00e9 va incloure una reuni\u00f3 per avan\u00e7ar en la constituci\u00f3 d\u2019aquesta xarxa interuniversit\u00e0ria.<\/p>\n\n\n\n<p>La voluntat va ser crear una Xarxa Catalana Interuniversit\u00e0ria sobre Aula Inversa en la qual han manifestat la voluntat de participar-hi professorat de pr\u00e0cticament totes les universitats catalanes: Universitat de Girona, Universitat de Barcelona, Universitat Aut\u00f2noma de Barcelona,\u00a0 la Universitat Polit\u00e8cnica de Catalunya, Universitat Pompeu Fabra,\u00a0 Universitat de Lleida, Universitat Rovira i Virgili, Universitat de Vic-Universitat Central de Catalunya, Universitat Abat Oliva CEU, Universitat\u00a0 Ramon Llull, Universitat Internacional de Catalunya. Els objectius que van plantejar per aquesta Xarxa Interuniversit\u00e0ria s\u2019han recollit en un document de declaraci\u00f3 d\u2019intencions que s&#8217;ha fet arribar als vicerectorats de l&#8217;\u00e0mbit d&#8217;aquestes universitats.<\/p>\n\n\n\n<p>Van participar en la jornada deu docents de la Universitat de Girona del total d&#8217;una trentena de professors i professores de les universitats esmentades.<\/p>\n\n\n\n<figure class=\"wp-block-image size-large is-resized\"><img loading=\"lazy\" decoding=\"async\" src=\"https:\/\/iceberg.udg.edu\/wp-content\/uploads\/2025\/07\/discussio2-1024x464.jpg\" alt=\"\" class=\"wp-image-20571\" width=\"458\" height=\"207\" srcset=\"https:\/\/iceberg.udg.edu\/wp-content\/uploads\/2025\/07\/discussio2-1024x464.jpg 1024w, https:\/\/iceberg.udg.edu\/wp-content\/uploads\/2025\/07\/discussio2-300x136.jpg 300w, https:\/\/iceberg.udg.edu\/wp-content\/uploads\/2025\/07\/discussio2-768x348.jpg 768w, https:\/\/iceberg.udg.edu\/wp-content\/uploads\/2025\/07\/discussio2-1320x598.jpg 1320w, https:\/\/iceberg.udg.edu\/wp-content\/uploads\/2025\/07\/discussio2.jpg 1500w\" sizes=\"auto, (max-width: 458px) 100vw, 458px\" \/><\/figure>\n\n\n\n<p style=\"font-size:16px\"><br><strong><a rel=\"noreferrer noopener\" href=\"https:\/\/esdeveniments.udg.edu\/127148\/detail\/1a-jornada-xarxa-aula-inversa-universitats-catalanes.html\" data-type=\"URL\" data-id=\"https:\/\/esdeveniments.udg.edu\/127148\/detail\/1a-jornada-xarxa-aula-inversa-universitats-catalanes.html\" target=\"_blank\">Programa i informaci\u00f3<\/a><\/strong><br><\/p>\n","protected":false},"excerpt":{"rendered":"<p>Divendres, 24&nbsp;de gener&nbsp;de 2025Sala de Graus de la Facultat d\u2019Infermeria i Medicina de la UdG El divendres 24 de gener va tenir lloc a la Universitat de Girona la&nbsp;Primera Jornada Interuniversit\u00e0ria d&#8217;Aula Inversa de les universitats catalanes&nbsp;. La\u00a0Xarxa d\u2019Innovaci\u00f3 Docent Classe Inversa de l\u2019ICE de la UdG, juntament amb altres membres de les universitats catalanes [&hellip;]<\/p>\n","protected":false},"author":1,"featured_media":0,"parent":20948,"menu_order":0,"comment_status":"closed","ping_status":"closed","template":"","meta":{"footnotes":""},"class_list":["post-20953","page","type-page","status-publish","hentry"],"_links":{"self":[{"href":"https:\/\/iceberg.udg.edu\/index.php?rest_route=\/wp\/v2\/pages\/20953","targetHints":{"allow":["GET"]}}],"collection":[{"href":"https:\/\/iceberg.udg.edu\/index.php?rest_route=\/wp\/v2\/pages"}],"about":[{"href":"https:\/\/iceberg.udg.edu\/index.php?rest_route=\/wp\/v2\/types\/page"}],"author":[{"embeddable":true,"href":"https:\/\/iceberg.udg.edu\/index.php?rest_route=\/wp\/v2\/users\/1"}],"replies":[{"embeddable":true,"href":"https:\/\/iceberg.udg.edu\/index.php?rest_route=%2Fwp%2Fv2%2Fcomments&post=20953"}],"version-history":[{"count":2,"href":"https:\/\/iceberg.udg.edu\/index.php?rest_route=\/wp\/v2\/pages\/20953\/revisions"}],"predecessor-version":[{"id":21342,"href":"https:\/\/iceberg.udg.edu\/index.php?rest_route=\/wp\/v2\/pages\/20953\/revisions\/21342"}],"up":[{"embeddable":true,"href":"https:\/\/iceberg.udg.edu\/index.php?rest_route=\/wp\/v2\/pages\/20948"}],"wp:attachment":[{"href":"https:\/\/iceberg.udg.edu\/index.php?rest_route=%2Fwp%2Fv2%2Fmedia&parent=20953"}],"curies":[{"name":"wp","href":"https:\/\/api.w.org\/{rel}","templated":true}]}}