{"id":20965,"date":"2025-09-09T13:12:51","date_gmt":"2025-09-09T11:12:51","guid":{"rendered":"https:\/\/icebergng.udg.edu\/?page_id=20965"},"modified":"2025-09-09T13:12:51","modified_gmt":"2025-09-09T11:12:51","slug":"premi-iceberg","status":"publish","type":"page","link":"https:\/\/iceberg.udg.edu\/?page_id=20965","title":{"rendered":"Premi ICEberg"},"content":{"rendered":"\n<h2 class=\"wp-block-heading\">Premi d\u2019innovaci\u00f3 docent ICEberg UdG 4a edici\u00f3<\/h2>\n\n\n\n<p>L\u2019<a rel=\"noreferrer noopener\" href=\"https:\/\/www.udg.edu\/ca\/ice\/\" target=\"_blank\">Institut de Ci\u00e8ncies de l\u2019Educaci\u00f3 Josep Pallach<\/a>&nbsp;ha convocat aquest curs la quarta edici\u00f3 del Premi ICEberg UdG, amb la finalitat de fomentar la innovaci\u00f3 docent a la Universitat de Girona i premiar les millors iniciatives dutes a terme en el context d\u2019un o varis estudis de la Universitat de Girona.<\/p>\n\n\n\n<p>Amb aquest premi es pret\u00e9n impulsar el reconeixement als docents implicats en projectes d\u2019innovaci\u00f3 docent i de millora dels estudis de la nostra universitat. Tamb\u00e9, contribuir a l\u2019impuls i la consolidaci\u00f3 d\u2019una doc\u00e8ncia centrada en l\u2019estudiant, en la qual es fomenti la seva implicaci\u00f3 i participaci\u00f3 activa en el seu proc\u00e9s d\u2019aprenentatge.<\/p>\n\n\n\n<p>La convocat\u00f2ria de la quarta edici\u00f3 va concloure el 30 de novembre de 2024.<\/p>\n\n\n\n<p>El projecte guanyador de la quarta edici\u00f3 del Premi d\u2019innovaci\u00f3 docent \u00e9s el que porta per t\u00edtol \u201c<strong>AVATREQ: L&#8217;avaluaci\u00f3 del treball en equip en els estudis universitaris<\/strong>&#8220;, presentat per Joan Josep Su\u00f1ol, Gerard Arbat, L\u00eddia Feliu, Sara Malo, Carolina Mart\u00ed, Anna Planas i Joan Pujol, membres de la Xarxa d\u2019Innovaci\u00f3 Docent sobre Avaluaci\u00f3 de l&#8217;ICE UdG.<\/p>\n\n\n\n<ul class=\"wp-block-list\">\n<li><a href=\"https:\/\/www.udg.edu\/ca\/Portals\/51\/DOCUMENTS-FU\/PREMI%20Innovaci%C3%B3%20ICEberg\/4a%20edici%C3%B3\/bases%20quarta%20edicio.pdf?ver=RTngbPTUll7h2Ey1qbf8Yg%3d%3d\" data-type=\"URL\" data-id=\"https:\/\/www.udg.edu\/ca\/Portals\/51\/DOCUMENTS-FU\/PREMI%20Innovaci%C3%B3%20ICEberg\/4a%20edici%C3%B3\/bases%20quarta%20edicio.pdf?ver=RTngbPTUll7h2Ey1qbf8Yg%3d%3d\" target=\"_blank\" rel=\"noreferrer noopener\">Bases del premi<\/a><\/li>\n\n\n\n<li><a rel=\"noreferrer noopener\" href=\"https:\/\/www.udg.edu\/ca\/ice\/beques-i-premis\/premi-iceberg\" target=\"_blank\">M\u00e9s informaci\u00f3 sobre el Premi d\u2019Innovaci\u00f3 Docent ICEberg UdG<\/a><\/li>\n<\/ul>\n","protected":false},"excerpt":{"rendered":"<p>Premi d\u2019innovaci\u00f3 docent ICEberg UdG 4a edici\u00f3 L\u2019Institut de Ci\u00e8ncies de l\u2019Educaci\u00f3 Josep Pallach&nbsp;ha convocat aquest curs la quarta edici\u00f3 del Premi ICEberg UdG, amb la finalitat de fomentar la innovaci\u00f3 docent a la Universitat de Girona i premiar les millors iniciatives dutes a terme en el context d\u2019un o varis estudis de la Universitat [&hellip;]<\/p>\n","protected":false},"author":1,"featured_media":0,"parent":20962,"menu_order":0,"comment_status":"closed","ping_status":"closed","template":"","meta":{"footnotes":""},"class_list":["post-20965","page","type-page","status-publish","hentry"],"_links":{"self":[{"href":"https:\/\/iceberg.udg.edu\/index.php?rest_route=\/wp\/v2\/pages\/20965","targetHints":{"allow":["GET"]}}],"collection":[{"href":"https:\/\/iceberg.udg.edu\/index.php?rest_route=\/wp\/v2\/pages"}],"about":[{"href":"https:\/\/iceberg.udg.edu\/index.php?rest_route=\/wp\/v2\/types\/page"}],"author":[{"embeddable":true,"href":"https:\/\/iceberg.udg.edu\/index.php?rest_route=\/wp\/v2\/users\/1"}],"replies":[{"embeddable":true,"href":"https:\/\/iceberg.udg.edu\/index.php?rest_route=%2Fwp%2Fv2%2Fcomments&post=20965"}],"version-history":[{"count":1,"href":"https:\/\/iceberg.udg.edu\/index.php?rest_route=\/wp\/v2\/pages\/20965\/revisions"}],"predecessor-version":[{"id":20967,"href":"https:\/\/iceberg.udg.edu\/index.php?rest_route=\/wp\/v2\/pages\/20965\/revisions\/20967"}],"up":[{"embeddable":true,"href":"https:\/\/iceberg.udg.edu\/index.php?rest_route=\/wp\/v2\/pages\/20962"}],"wp:attachment":[{"href":"https:\/\/iceberg.udg.edu\/index.php?rest_route=%2Fwp%2Fv2%2Fmedia&parent=20965"}],"curies":[{"name":"wp","href":"https:\/\/api.w.org\/{rel}","templated":true}]}}