{"id":20995,"date":"2025-09-09T14:03:25","date_gmt":"2025-09-09T12:03:25","guid":{"rendered":"https:\/\/icebergng.udg.edu\/?page_id=20995"},"modified":"2025-10-02T11:06:16","modified_gmt":"2025-10-02T09:06:16","slug":"innovacio-docent-i-recursos-digitals","status":"publish","type":"page","link":"https:\/\/iceberg.udg.edu\/?page_id=20995","title":{"rendered":"Innovaci\u00f3 docent i recursos digitals"},"content":{"rendered":"\n<p>Durant el curs 2024-2025 s\u2019han dut a terme diverses actuacions relacionades amb la innovaci\u00f3 docent i els recursos digitals.<\/p>\n\n\n\n<p>En general, aquestes actuacions es centren en:<\/p>\n\n\n\n<ol class=\"wp-block-list\" type=\"1\">\n<li>Assessorament i atenci\u00f3 a la doc\u00e8ncia i a l\u2019avaluaci\u00f3<\/li>\n\n\n\n<li>Sala de gravaci\u00f3 de l\u2019ICE-SAID<\/li>\n\n\n\n<li>Coordinaci\u00f3 amb el Servei Inform\u00e0tic de la UdG<\/li>\n\n\n\n<li>Projecte openUdG<\/li>\n\n\n\n<li>Participaci\u00f3 en els projectes interuniversitaris relacionats amb la Compet\u00e8ncia Digital Docent <\/li>\n\n\n\n<li>Disseny i elaboraci\u00f3 d&#8217;un curs sobre recursos digitals per a la doc\u00e8ncia<\/li>\n\n\n\n<li>Explorar l&#8217;adquisici\u00f3 de llic\u00e8ncies de campus de recursos digitals did\u00e0ctics<\/li>\n\n\n\n<li>Assist\u00e8ncia a jornades i congressos<\/li>\n<\/ol>\n\n\n\n<p><strong>1. Assessorament i atenci\u00f3 a la doc\u00e8ncia i a l\u2019avaluaci\u00f3<\/strong><\/p>\n\n\n\n<p>En general, tot i que al llarg del curs es dona atenci\u00f3 individualitzada sobre Moodle i recursos digitals, les consultes s\u2019incrementen en els inicis i finals dels semestres docents. A l\u2019inici dels semestres les consultes van lligades a l\u2019organitzaci\u00f3 de les assignatures dins l\u2019entorn Moodle i a estructurar la doc\u00e8ncia virtual. Al final dels semestres les consultes se centren en la gesti\u00f3 de l\u2019avaluaci\u00f3 i en com vincular Moodle i actes de forma efectiva.<\/p>\n\n\n\n<p>El suport es dona b\u00e0sicament a trav\u00e9s del correu electr\u00f2nic, per\u00f2, cada cop m\u00e9s, amb l&#8217;\u00fas de la plataforma JIRA, que \u00e9s el mateix sistema utilitzat per la UdG per gestionar les incid\u00e8ncies inform\u00e0tiques.<\/p>\n\n\n\n<p>Els eixos b\u00e0sics d\u2019actuaci\u00f3 han sigut:<\/p>\n\n\n\n<ul class=\"wp-block-list\">\n<li>Suport i atenci\u00f3 personalitzada a tot el PDI de la UdG. Aquesta atenci\u00f3 s\u2019ha fet, majorit\u00e0riament, en format telef\u00f2nic i per videoconfer\u00e8ncia, tot i que es va consolidant la plataforma de consultes JIRA (se&#8217;n parla m\u00e9s endavant)<\/li>\n\n\n\n<li>Gesti\u00f3 de recursos de suport aut\u00f2nom. Hi destaquen, especialment, el seguiment de l&#8217;elaboraci\u00f3 del curs <a href=\"https:\/\/cursos.udg.edu\/course\/view.php?id=1897\" target=\"_blank\" rel=\"noreferrer noopener\">Moodle a l&#8217;abast<\/a>. <\/li>\n\n\n\n<li>Selecci\u00f3 de recursos \u00fatils per a la doc\u00e8ncia. Es fa a trav\u00e9s de l\u2019espai web de l\u2019ICEberg (<a href=\"https:\/\/iceberg.udg.edu\/\">https:\/\/iceberg.udg.edu<\/a>) i t\u00e9 la intenci\u00f3 de fer descobrir diverses eines i recursos tecnol\u00f2gics que el professorat pot utilitzar en la seva doc\u00e8ncia. Queden recollits a l\u2019apartat de\u00a0<strong>Recursos<\/strong>. Aquest curs hi ha hagut for\u00e7a recomanacions relacionades amb l&#8217;\u00fas de la antel\u00b7lig\u00e8ncia artificial en entorns d&#8217;aprenentatge.<\/li>\n\n\n\n<li>Formaci\u00f3 espec\u00edfica en l\u2019avaluaci\u00f3 des de Moodle, preparar l\u2019assignatura de Moodle i sobre eines telem\u00e0tiques per a un aprenentatge en l\u00ednia.<\/li>\n<\/ul>\n\n\n\n<p><strong>2. Sala de gravaci\u00f3 de l\u2019ICE-SAID<\/strong><\/p>\n\n\n\n<p>Durant aquest curs s\u2019ha seguit consolidant la sala de gravaci\u00f3, que ha vist com va augmentat el nombre de reserves. Les tasques relacionades amb aquesta sala de gravaci\u00f3 han estat relacionades amb:<\/p>\n\n\n\n<ul class=\"wp-block-list\">\n<li>Configuraci\u00f3 dels diversos ordinadors i aparells.<\/li>\n\n\n\n<li>Gesti\u00f3 de les reserves.<\/li>\n\n\n\n<li>Formaci\u00f3 i coordinaci\u00f3 amb els becaris que donen suport a la sala.<\/li>\n<\/ul>\n\n\n\n<p>Tamb\u00e9 s&#8217;han comprat diversos elements per millorar la qualitat de les gravacions:<\/p>\n\n\n\n<ul class=\"wp-block-list\">\n<li>Blackmagic Ultimate 12 4k: millora la gesti\u00f3 de l&#8217;efecte croma i permet realitzar gravacions amb qualitat 4K.<\/li>\n\n\n\n<li>Blackmagic Hyperdeck Studio 4k pro: sistema d&#8217;enregistrament.<\/li>\n\n\n\n<li>Colorama: hem canviat els rotlles  de colors de fons (verd, blanc i negre) perqu\u00e8 els que ten\u00edem ja havien quedat molt malmesos.<\/li>\n\n\n\n<li>Focus: hem renovat tots els focus per garantir una bona il\u00b7luminaci\u00f3 a la sala.<\/li>\n<\/ul>\n\n\n\n<p>Recentment s&#8217;ha adquirit nou maquinari destinat a millorar la qualitat de les gravacions que es fan. Entre aquest final de curs i l&#8217;inici del pr\u00f2xim, es configurar\u00e0 correctament tot aquest maquinari per poder-lo posar al servei del professorat.<\/p>\n\n\n\n<p><strong>3. Coordinaci\u00f3 amb el Servei Inform\u00e0tic de la UdG<\/strong><\/p>\n\n\n\n<p>\u00c9s important tenir un contacte constant amb les persones del Servei Inform\u00e0tic de la UdG que tenen la tasca de mantenir la plataforma virtual d\u2019ensenyament i aprenentatge Moodle. En aquest sentit, es pot destacar:<\/p>\n\n\n\n<ul class=\"wp-block-list\">\n<li>Fer de pont entre el PDI i el Servei Inform\u00e0tic per detectar les necessitats del professorat i tamb\u00e9 per donar resposta i soluci\u00f3 a problemes o mancances globals de la plataforma.<\/li>\n\n\n\n<li>Determinar quines s\u00f3n les millores (tant t\u00e8cniques com did\u00e0ctiques) que es poden aplicar a la plataforma per garantir un millor funcionament i estabilitat, i per oferir el m\u00e0xim de recursos docents al professorat.<\/li>\n\n\n\n<li>Acordar conjuntament les millors dates per a l\u2019actualitzaci\u00f3 de la plataforma.<\/li>\n\n\n\n<li>Explorar noves eines i recursos que poden ser \u00fatils no nom\u00e9s al personal docent sin\u00f3 a tota la comunitat universit\u00e0ria.<\/li>\n<\/ul>\n\n\n\n<p><strong>4. Projecte openUdG<\/strong><\/p>\n\n\n\n<p>Els cursos i assignatures de curr\u00edculum que s\u2019ofereixen des de la plataforma Moodle de la UdG nom\u00e9s s\u00f3n accessibles per a totes aquelles persones que gaudeixen d\u2019un perfil propi de la UdG. Ja fa uns anys que s\u2019havia detectat la necessitat de gaudir d\u2019un espai on el professorat de la UdG pogu\u00e9s oferir cursos i formacions obertes a persones que no tinguessin perfil UdG.<\/p>\n\n\n\n<p>Durant el curs 2020-2021 es va explorar la possibilitat de gaudir d\u2019un espai propi de la UdG per poder allotjar tota aquella oferta que naixia de professorat de la UdG o de projectes on participava la comunitat UdG. Despr\u00e9s d\u2019una valoraci\u00f3 conjunta per part del Servei Inform\u00e0tic i pels vicerectorats de Doc\u00e8ncia i Planificaci\u00f3 Acad\u00e8mica, de Qualitat i Transpar\u00e8ncia i de Comunicaci\u00f3 i Relacions Exteriors, es va acordar donar llum verda al projecte. Es va recuperar el nom d\u2019openUdG per donar a entendre que es tracta d\u2019un espai de la UdG obert al m\u00f3n.<\/p>\n\n\n\n<p>Durant aquest curs 2024-2025 aquesta plataforma ha allotjat diversos cursos destinats a col\u00b7lectius de la UdG i d&#8217;altres universitats, i tamb\u00e9 els cursos que s&#8217;han elaborat des de la UdG referents al projecte de la Compet\u00e8ncia Digital Docent.<\/p>\n\n\n\n<p><strong>5. Participaci\u00f3 en projectes interuniversitaris <\/strong><\/p>\n\n\n\n<p>Dins el marc europeu del desenvolupament de la compet\u00e8ncia digital docent (DigCompEdu), s&#8217;est\u00e0 participant en tres projectes universitaris:<\/p>\n\n\n\n<ul class=\"wp-block-list\">\n<li>Disseny i coordinaci\u00f3 de la formaci\u00f3 dels nivells A2 i B1 sobre la compet\u00e8ncia digital per a tot el professorat de la UdG; aquesta tasca es treballa de forma conjunta entre totes les universitats catalanes. L&#8217;elaboraci\u00f3 de la formaci\u00f3 s&#8217;ha encarregat a una empresa externa.<\/li>\n\n\n\n<li>Disseny i coordinaci\u00f3 de la formaci\u00f3 dels nivells A2 i B1 en l&#8217;\u00e0mbit de l&#8217;Estat espanyol.<\/li>\n\n\n\n<li>Anal\u00edtiques d&#8217;aprenentatge; en aquest cas, es fa conjuntament amb universitats catalanes i algunes de l&#8217;estat espanyol.<\/li>\n<\/ul>\n\n\n\n<p><strong>6. Disseny i elaboraci\u00f3 d&#8217;un curs sobre recursos digitals per a la doc\u00e8ncia<\/strong><\/p>\n\n\n\n<p>Des de l&#8217;ICE-SAID s&#8217;ha creat aquest curs que forma part dels cursos que la UdG oferir\u00e0 en el marc de la participaci\u00f3 en projectes interuniversitaris (descrits en el punt 5)<\/p>\n\n\n\n<p><strong>7. Explorar l&#8217;adquisici\u00f3 de llic\u00e8ncies de campus de recursos digitals did\u00e0ctics<\/strong><\/p>\n\n\n\n<p>Durant aquest curs s&#8217;ha explorat la possibilitat d&#8217;adquirir una llic\u00e8ncia de campus per a aplicacions com Panopto, de gesti\u00f3 de v\u00eddeos; Wooclap, una eina per crear activitats interactives; ReadSpeaker, una eina per augmentar l&#8217;accessibilitat a l&#8217;entorn Moodle.<\/p>\n\n\n\n<p>Algunes opcions semblen m\u00e9s clares que altres i, en aquests moments, s&#8217;est\u00e0 valorant la compra d&#8217;aquestes llic\u00e8ncies.<\/p>\n\n\n\n<p><strong>8. Assist\u00e8ncia a jornades i a congressos<\/strong><\/p>\n\n\n\n<p>Durant aquest curs s&#8217;ha participat en diversos esdeveniments per adquirir coneixements sobre tecnologia educativa que pugui revertir a la UdG:<\/p>\n\n\n\n<ul class=\"wp-block-list\">\n<li>SIMO Educacion: Sal\u00f3 Internacional de Tecnologia i Innovaci\u00f3 Educativa (Madrid)<\/li>\n\n\n\n<li>EdTech: Congr\u00e9s que representa un punt de trobada de la investigaci\u00f3, la reflexi\u00f3 i la pr\u00e0ctica educativa (Barcelona)<\/li>\n\n\n\n<li>MoodleMoot Espa\u00f1a: Esdeveniment que representa un punt de trobada de totes aquelles persones que treballen amb Moodle (Val\u00e8ncia)<\/li>\n\n\n\n<li>eLearning Experience: VII trobada d&#8217;Innovaci\u00f3 Educativa en Universitats, Administraci\u00f3 P\u00fablica i Grans Corporacions (El Puig de Santa Maria)<\/li>\n\n\n\n<li>JUTE 2025: Jornada Universit\u00e0ria de Tecnologia Educativa (Valladolid)<\/li>\n\n\n\n<li>CIDUI: Congr\u00e9s Internacional de Doc\u00e8ncia Universit\u00e0ria i Innovaci\u00f3 (Barcelona)<\/li>\n<\/ul>\n\n\n\n<hr class=\"wp-block-separator has-alpha-channel-opacity\"\/>\n","protected":false},"excerpt":{"rendered":"<p>Durant el curs 2024-2025 s\u2019han dut a terme diverses actuacions relacionades amb la innovaci\u00f3 docent i els recursos digitals. En general, aquestes actuacions es centren en: 1. Assessorament i atenci\u00f3 a la doc\u00e8ncia i a l\u2019avaluaci\u00f3 En general, tot i que al llarg del curs es dona atenci\u00f3 individualitzada sobre Moodle i recursos digitals, les [&hellip;]<\/p>\n","protected":false},"author":1,"featured_media":0,"parent":20902,"menu_order":0,"comment_status":"closed","ping_status":"closed","template":"","meta":{"footnotes":""},"class_list":["post-20995","page","type-page","status-publish","hentry"],"_links":{"self":[{"href":"https:\/\/iceberg.udg.edu\/index.php?rest_route=\/wp\/v2\/pages\/20995","targetHints":{"allow":["GET"]}}],"collection":[{"href":"https:\/\/iceberg.udg.edu\/index.php?rest_route=\/wp\/v2\/pages"}],"about":[{"href":"https:\/\/iceberg.udg.edu\/index.php?rest_route=\/wp\/v2\/types\/page"}],"author":[{"embeddable":true,"href":"https:\/\/iceberg.udg.edu\/index.php?rest_route=\/wp\/v2\/users\/1"}],"replies":[{"embeddable":true,"href":"https:\/\/iceberg.udg.edu\/index.php?rest_route=%2Fwp%2Fv2%2Fcomments&post=20995"}],"version-history":[{"count":2,"href":"https:\/\/iceberg.udg.edu\/index.php?rest_route=\/wp\/v2\/pages\/20995\/revisions"}],"predecessor-version":[{"id":21364,"href":"https:\/\/iceberg.udg.edu\/index.php?rest_route=\/wp\/v2\/pages\/20995\/revisions\/21364"}],"up":[{"embeddable":true,"href":"https:\/\/iceberg.udg.edu\/index.php?rest_route=\/wp\/v2\/pages\/20902"}],"wp:attachment":[{"href":"https:\/\/iceberg.udg.edu\/index.php?rest_route=%2Fwp%2Fv2%2Fmedia&parent=20995"}],"curies":[{"name":"wp","href":"https:\/\/api.w.org\/{rel}","templated":true}]}}