{"id":74,"date":"2020-09-28T16:39:44","date_gmt":"2020-09-28T14:39:44","guid":{"rendered":"http:\/\/icewp.udg.edu\/?page_id=74"},"modified":"2023-03-13T09:46:17","modified_gmt":"2023-03-13T08:46:17","slug":"metodologies","status":"publish","type":"page","link":"https:\/\/iceberg.udg.edu\/?page_id=74","title":{"rendered":"Metodologies"},"content":{"rendered":"\n<p class=\"format-intro\">Incentivar la introducci\u00f3 de Metodologies Docents Actives (MDA) a les aules de la UdG \u00e9s una de les nostres l\u00ednies d\u2019acci\u00f3 priorit\u00e0ries. Les&nbsp;<a rel=\"noreferrer noopener\" href=\"https:\/\/www.udg.edu\/ca\/ice\/Innovacio-docent\/Xarxes-dinnovacio-docent\/Presentacio\" target=\"_blank\">Xarxes d\u2019Innovaci\u00f3 Docent<\/a>, impulsades per l\u2019ICE des de l\u2019any 2009, i m\u00e9s recentment els <a href=\"https:\/\/www.udg.edu\/ca\/ice\/Innovacio-docent\/Grups-dinnovacio-docent\/Presentacio\" target=\"_blank\" rel=\"noreferrer noopener\">Grups d\u2019Innovaci\u00f3 Docent<\/a>, que es van comen\u00e7ar a constituir l\u2019any 2016, han estat i continuen essent un dels motors constants d\u2019aquest proc\u00e9s.<\/p>\n\n\n\n<div class=\"wp-block-columns is-layout-flex wp-container-core-columns-is-layout-9d6595d7 wp-block-columns-is-layout-flex\">\n<div class=\"wp-block-column is-vertically-aligned-top is-layout-flow wp-block-column-is-layout-flow\">\n<div class=\"wp-block-cover is-light\" style=\"min-height:225px;aspect-ratio:unset;\"><span aria-hidden=\"true\" class=\"wp-block-cover__background has-background-dim-30 has-background-dim\"><\/span><img loading=\"lazy\" decoding=\"async\" width=\"500\" height=\"334\" class=\"wp-block-cover__image-background wp-image-10730\" alt=\"\" src=\"\/wp-content\/uploads\/2020\/11\/img_met_deco_3.jpg\" data-object-fit=\"cover\" srcset=\"https:\/\/iceberg.udg.edu\/wp-content\/uploads\/2020\/11\/img_met_deco_3.jpg 500w, https:\/\/iceberg.udg.edu\/wp-content\/uploads\/2020\/11\/img_met_deco_3-300x200.jpg 300w\" sizes=\"auto, (max-width: 500px) 100vw, 500px\" \/><div class=\"wp-block-cover__inner-container is-layout-flow wp-block-cover-is-layout-flow\">\n<div class=\"wp-block-buttons is-content-justification-center is-layout-flex wp-container-core-buttons-is-layout-16018d1d wp-block-buttons-is-layout-flex\">\n<div class=\"wp-block-button is-style-fill\"><a class=\"wp-block-button__link\" href=\"\/?page_id=10617\" rel=\"\/?page_id=10283\">Aprenentatge basat en problemes<\/a><\/div>\n<\/div>\n<\/div><\/div>\n<\/div>\n\n\n\n<div class=\"wp-block-column is-vertically-aligned-top is-layout-flow wp-block-column-is-layout-flow\">\n<div class=\"wp-block-cover is-light\" style=\"min-height:225px;aspect-ratio:unset;\"><span aria-hidden=\"true\" class=\"wp-block-cover__background has-background-dim-30 has-background-dim\"><\/span><img loading=\"lazy\" decoding=\"async\" width=\"500\" height=\"334\" class=\"wp-block-cover__image-background wp-image-10756\" alt=\"\" src=\"\/wp-content\/uploads\/2020\/11\/img_met_deco_12.jpg\" data-object-fit=\"cover\" srcset=\"https:\/\/iceberg.udg.edu\/wp-content\/uploads\/2020\/11\/img_met_deco_12.jpg 500w, https:\/\/iceberg.udg.edu\/wp-content\/uploads\/2020\/11\/img_met_deco_12-300x200.jpg 300w\" sizes=\"auto, (max-width: 500px) 100vw, 500px\" \/><div class=\"wp-block-cover__inner-container is-layout-flow wp-block-cover-is-layout-flow\">\n<div class=\"wp-block-buttons is-content-justification-center is-layout-flex wp-container-core-buttons-is-layout-16018d1d wp-block-buttons-is-layout-flex\">\n<div class=\"wp-block-button is-style-fill\"><a class=\"wp-block-button__link\" href=\"\/?page_id=10680\" rel=\"\/?page_id=10283\">Aprenentatge per projectes<\/a><\/div>\n<\/div>\n<\/div><\/div>\n<\/div>\n\n\n\n<div class=\"wp-block-column is-vertically-aligned-top is-layout-flow wp-block-column-is-layout-flow\">\n<div class=\"wp-block-cover is-light\" style=\"min-height:225px;aspect-ratio:unset;\"><span aria-hidden=\"true\" class=\"wp-block-cover__background has-background-dim-30 has-background-dim\"><\/span><img loading=\"lazy\" decoding=\"async\" width=\"500\" height=\"334\" class=\"wp-block-cover__image-background wp-image-10752\" alt=\"\" src=\"\/wp-content\/uploads\/2020\/11\/img_met_deco_8.jpg\" data-object-fit=\"cover\" srcset=\"https:\/\/iceberg.udg.edu\/wp-content\/uploads\/2020\/11\/img_met_deco_8.jpg 500w, https:\/\/iceberg.udg.edu\/wp-content\/uploads\/2020\/11\/img_met_deco_8-300x200.jpg 300w\" sizes=\"auto, (max-width: 500px) 100vw, 500px\" \/><div class=\"wp-block-cover__inner-container is-layout-flow wp-block-cover-is-layout-flow\">\n<div class=\"wp-block-buttons is-content-justification-center is-layout-flex wp-container-core-buttons-is-layout-16018d1d wp-block-buttons-is-layout-flex\">\n<div class=\"wp-block-button\"><a class=\"wp-block-button__link\" href=\"\/?page_id=10699\" rel=\"\/?page_id=10283\">Aprenentatge cooperatiu<\/a><\/div>\n<\/div>\n<\/div><\/div>\n<\/div>\n<\/div>\n\n\n\n<div class=\"wp-block-columns are-vertically-aligned-top is-layout-flex wp-container-core-columns-is-layout-9d6595d7 wp-block-columns-is-layout-flex\">\n<div class=\"wp-block-column is-vertically-aligned-top is-layout-flow wp-block-column-is-layout-flow\">\n<div class=\"wp-block-cover is-light\" style=\"min-height:225px;aspect-ratio:unset;\"><span aria-hidden=\"true\" class=\"wp-block-cover__background has-background-dim-30 has-background-dim\"><\/span><img loading=\"lazy\" decoding=\"async\" width=\"500\" height=\"334\" class=\"wp-block-cover__image-background wp-image-10746\" alt=\"\" src=\"\/wp-content\/uploads\/2020\/11\/img_met_deco_5.jpg\" style=\"object-position:49% 34%\" data-object-fit=\"cover\" data-object-position=\"49% 34%\" srcset=\"https:\/\/iceberg.udg.edu\/wp-content\/uploads\/2020\/11\/img_met_deco_5.jpg 500w, https:\/\/iceberg.udg.edu\/wp-content\/uploads\/2020\/11\/img_met_deco_5-300x200.jpg 300w\" sizes=\"auto, (max-width: 500px) 100vw, 500px\" \/><div class=\"wp-block-cover__inner-container is-layout-flow wp-block-cover-is-layout-flow\">\n<div class=\"wp-block-buttons is-content-justification-center is-layout-flex wp-container-core-buttons-is-layout-16018d1d wp-block-buttons-is-layout-flex\">\n<div class=\"wp-block-button\"><a class=\"wp-block-button__link\" href=\"\/?page_id=10707\" rel=\"\/?page_id=10283\">Aprenentatge basat en el joc<\/a><\/div>\n<\/div>\n<\/div><\/div>\n<\/div>\n\n\n\n<div class=\"wp-block-column is-vertically-aligned-top is-layout-flow wp-block-column-is-layout-flow\">\n<div class=\"wp-block-cover is-light\" style=\"min-height:225px;aspect-ratio:unset;\"><span aria-hidden=\"true\" class=\"wp-block-cover__background has-background-dim-30 has-background-dim\"><\/span><img loading=\"lazy\" decoding=\"async\" width=\"500\" height=\"334\" class=\"wp-block-cover__image-background wp-image-10732\" alt=\"\" src=\"\/wp-content\/uploads\/2020\/11\/img_met_deco_1.jpg\" data-object-fit=\"cover\" srcset=\"https:\/\/iceberg.udg.edu\/wp-content\/uploads\/2020\/11\/img_met_deco_1.jpg 500w, https:\/\/iceberg.udg.edu\/wp-content\/uploads\/2020\/11\/img_met_deco_1-300x200.jpg 300w\" sizes=\"auto, (max-width: 500px) 100vw, 500px\" \/><div class=\"wp-block-cover__inner-container is-layout-flow wp-block-cover-is-layout-flow\">\n<div class=\"wp-block-buttons is-content-justification-center is-layout-flex wp-container-core-buttons-is-layout-16018d1d wp-block-buttons-is-layout-flex\">\n<div class=\"wp-block-button\"><a class=\"wp-block-button__link\" href=\"\/?page_id=10712\" rel=\"\/?page_id=10283\">Aprenentatge reflexiu<\/a><\/div>\n<\/div>\n<\/div><\/div>\n<\/div>\n\n\n\n<div class=\"wp-block-column is-vertically-aligned-top is-layout-flow wp-block-column-is-layout-flow\">\n<div class=\"wp-block-cover is-light\" style=\"min-height:225px;aspect-ratio:unset;\"><span aria-hidden=\"true\" class=\"wp-block-cover__background has-background-dim-30 has-background-dim\"><\/span><img loading=\"lazy\" decoding=\"async\" width=\"500\" height=\"334\" class=\"wp-block-cover__image-background wp-image-10754\" alt=\"\" src=\"\/wp-content\/uploads\/2020\/11\/img_met_deco_9.jpg\" data-object-fit=\"cover\" srcset=\"https:\/\/iceberg.udg.edu\/wp-content\/uploads\/2020\/11\/img_met_deco_9.jpg 500w, https:\/\/iceberg.udg.edu\/wp-content\/uploads\/2020\/11\/img_met_deco_9-300x200.jpg 300w\" sizes=\"auto, (max-width: 500px) 100vw, 500px\" \/><div class=\"wp-block-cover__inner-container is-layout-flow wp-block-cover-is-layout-flow\">\n<div class=\"wp-block-buttons is-content-justification-center is-layout-flex wp-container-core-buttons-is-layout-16018d1d wp-block-buttons-is-layout-flex\">\n<div class=\"wp-block-button\"><a class=\"wp-block-button__link\" href=\"\/?page_id=10716\" rel=\"\/?page_id=10283\">Classe inversa<\/a><\/div>\n<\/div>\n<\/div><\/div>\n<\/div>\n<\/div>\n\n\n\n<div class=\"wp-block-columns is-layout-flex wp-container-core-columns-is-layout-9d6595d7 wp-block-columns-is-layout-flex\">\n<div class=\"wp-block-column is-vertically-aligned-top is-layout-flow wp-block-column-is-layout-flow\">\n<div class=\"wp-block-cover\" style=\"min-height:225px;aspect-ratio:unset;\"><span aria-hidden=\"true\" class=\"wp-block-cover__background has-background-dim-30 has-background-dim\"><\/span><img loading=\"lazy\" decoding=\"async\" width=\"500\" height=\"334\" class=\"wp-block-cover__image-background wp-image-10753\" alt=\"\" src=\"\/wp-content\/uploads\/2020\/11\/img_met_deco_10.jpg\" data-object-fit=\"cover\" srcset=\"https:\/\/iceberg.udg.edu\/wp-content\/uploads\/2020\/11\/img_met_deco_10.jpg 500w, https:\/\/iceberg.udg.edu\/wp-content\/uploads\/2020\/11\/img_met_deco_10-300x200.jpg 300w\" sizes=\"auto, (max-width: 500px) 100vw, 500px\" \/><div class=\"wp-block-cover__inner-container is-layout-flow wp-block-cover-is-layout-flow\">\n<div class=\"wp-block-buttons is-content-justification-center is-layout-flex wp-container-core-buttons-is-layout-16018d1d wp-block-buttons-is-layout-flex\">\n<div class=\"wp-block-button\"><a class=\"wp-block-button__link\" href=\"\/?page_id=10723\" rel=\"\/?page_id=10283\">Aprenentatge servei<\/a><\/div>\n<\/div>\n<\/div><\/div>\n<\/div>\n\n\n\n<div class=\"wp-block-column is-vertically-aligned-center is-layout-flow wp-block-column-is-layout-flow\">\n<div class=\"wp-block-cover is-light\" style=\"min-height:222px;aspect-ratio:unset;\"><span aria-hidden=\"true\" class=\"wp-block-cover__background has-background-dim-30 has-background-dim\"><\/span><img loading=\"lazy\" decoding=\"async\" width=\"1024\" height=\"683\" class=\"wp-block-cover__image-background wp-image-15254\" alt=\"\" src=\"https:\/\/iceberg.udg.edu\/wp-content\/uploads\/2022\/09\/depositphotos_52459259-stock-photo-group-of-busy-people-working.jpg\" style=\"object-position:50% 49%\" data-object-fit=\"cover\" data-object-position=\"50% 49%\" srcset=\"https:\/\/iceberg.udg.edu\/wp-content\/uploads\/2022\/09\/depositphotos_52459259-stock-photo-group-of-busy-people-working.jpg 1024w, https:\/\/iceberg.udg.edu\/wp-content\/uploads\/2022\/09\/depositphotos_52459259-stock-photo-group-of-busy-people-working-300x200.jpg 300w, https:\/\/iceberg.udg.edu\/wp-content\/uploads\/2022\/09\/depositphotos_52459259-stock-photo-group-of-busy-people-working-768x512.jpg 768w\" sizes=\"auto, (max-width: 1024px) 100vw, 1024px\" \/><div class=\"wp-block-cover__inner-container is-layout-flow wp-block-cover-is-layout-flow\">\n<div class=\"wp-block-buttons is-content-justification-center is-layout-flex wp-container-core-buttons-is-layout-16018d1d wp-block-buttons-is-layout-flex\">\n<div class=\"wp-block-button\"><a class=\"wp-block-button__link\" href=\"\/?page_id=15255\">Aprenentatge per Reptes<\/a><\/div>\n<\/div>\n<\/div><\/div>\n<\/div>\n\n\n\n<div class=\"wp-block-column is-vertically-aligned-center is-layout-flow wp-block-column-is-layout-flow\">\n<div class=\"wp-block-cover is-light\" style=\"min-height:225px;aspect-ratio:unset;\"><span aria-hidden=\"true\" class=\"wp-block-cover__background has-background-dim\"><\/span><img loading=\"lazy\" decoding=\"async\" width=\"1920\" height=\"1281\" class=\"wp-block-cover__image-background wp-image-15805\" alt=\"\" src=\"https:\/\/iceberg.udg.edu\/wp-content\/uploads\/2023\/01\/scott-graham-5fNmWej4tAA-unsplash.jpg\" data-object-fit=\"cover\" srcset=\"https:\/\/iceberg.udg.edu\/wp-content\/uploads\/2023\/01\/scott-graham-5fNmWej4tAA-unsplash.jpg 1920w, https:\/\/iceberg.udg.edu\/wp-content\/uploads\/2023\/01\/scott-graham-5fNmWej4tAA-unsplash-300x200.jpg 300w, https:\/\/iceberg.udg.edu\/wp-content\/uploads\/2023\/01\/scott-graham-5fNmWej4tAA-unsplash-1024x683.jpg 1024w, https:\/\/iceberg.udg.edu\/wp-content\/uploads\/2023\/01\/scott-graham-5fNmWej4tAA-unsplash-768x512.jpg 768w, https:\/\/iceberg.udg.edu\/wp-content\/uploads\/2023\/01\/scott-graham-5fNmWej4tAA-unsplash-1536x1025.jpg 1536w, https:\/\/iceberg.udg.edu\/wp-content\/uploads\/2023\/01\/scott-graham-5fNmWej4tAA-unsplash-1200x800.jpg 1200w, https:\/\/iceberg.udg.edu\/wp-content\/uploads\/2023\/01\/scott-graham-5fNmWej4tAA-unsplash-1320x881.jpg 1320w\" sizes=\"auto, (max-width: 1920px) 100vw, 1920px\" \/><div class=\"wp-block-cover__inner-container is-layout-flow wp-block-cover-is-layout-flow\">\n<div class=\"wp-block-buttons is-content-justification-center is-layout-flex wp-container-core-buttons-is-layout-16018d1d wp-block-buttons-is-layout-flex\">\n<div class=\"wp-block-button\"><a class=\"wp-block-button__link\" href=\"?page_id=15795\">Collaborative On line International Learning<\/a><\/div>\n<\/div>\n<\/div><\/div>\n<\/div>\n<\/div>\n\n\n\n<div class=\"wp-block-columns is-layout-flex wp-container-core-columns-is-layout-9d6595d7 wp-block-columns-is-layout-flex\">\n<div class=\"wp-block-column is-layout-flow wp-block-column-is-layout-flow\">\n<div class=\"wp-block-cover is-light\" style=\"min-height:225px;aspect-ratio:unset;\"><span aria-hidden=\"true\" class=\"wp-block-cover__background has-background-dim\"><\/span><img loading=\"lazy\" decoding=\"async\" width=\"1920\" height=\"1440\" class=\"wp-block-cover__image-background wp-image-15835\" alt=\"\" src=\"https:\/\/iceberg.udg.edu\/wp-content\/uploads\/2023\/01\/virtual-exchange-00000002.jpg\" style=\"object-position:16% 47%\" data-object-fit=\"cover\" data-object-position=\"16% 47%\" srcset=\"https:\/\/iceberg.udg.edu\/wp-content\/uploads\/2023\/01\/virtual-exchange-00000002.jpg 1920w, https:\/\/iceberg.udg.edu\/wp-content\/uploads\/2023\/01\/virtual-exchange-00000002-300x225.jpg 300w, https:\/\/iceberg.udg.edu\/wp-content\/uploads\/2023\/01\/virtual-exchange-00000002-1024x768.jpg 1024w, https:\/\/iceberg.udg.edu\/wp-content\/uploads\/2023\/01\/virtual-exchange-00000002-768x576.jpg 768w, https:\/\/iceberg.udg.edu\/wp-content\/uploads\/2023\/01\/virtual-exchange-00000002-1536x1152.jpg 1536w, https:\/\/iceberg.udg.edu\/wp-content\/uploads\/2023\/01\/virtual-exchange-00000002-1320x990.jpg 1320w\" sizes=\"auto, (max-width: 1920px) 100vw, 1920px\" \/><div class=\"wp-block-cover__inner-container is-layout-flow wp-block-cover-is-layout-flow\">\n<div class=\"wp-block-buttons is-content-justification-center is-layout-flex wp-container-core-buttons-is-layout-16018d1d wp-block-buttons-is-layout-flex\">\n<div class=\"wp-block-button\"><a class=\"wp-block-button__link\" href=\"\/?page_id=16095\">English as a Medium of Education<\/a><\/div>\n<\/div>\n<\/div><\/div>\n<\/div>\n\n\n\n<div class=\"wp-block-column is-layout-flow wp-block-column-is-layout-flow\"><\/div>\n\n\n\n<div class=\"wp-block-column is-layout-flow wp-block-column-is-layout-flow\"><\/div>\n<\/div>\n\n\n\n<hr class=\"wp-block-separator has-css-opacity\"\/>\n\n\n\n<p><\/p>\n","protected":false},"excerpt":{"rendered":"<p>Incentivar la introducci\u00f3 de Metodologies Docents Actives (MDA) a les aules de la UdG \u00e9s una de les nostres l\u00ednies d\u2019acci\u00f3 priorit\u00e0ries. Les&nbsp;Xarxes d\u2019Innovaci\u00f3 Docent, impulsades per l\u2019ICE des de l\u2019any 2009, i m\u00e9s recentment els Grups d\u2019Innovaci\u00f3 Docent, que es van comen\u00e7ar a constituir l\u2019any 2016, han estat i continuen essent un dels motors [&hellip;]<\/p>\n","protected":false},"author":1,"featured_media":0,"parent":0,"menu_order":0,"comment_status":"closed","ping_status":"closed","template":"","meta":{"footnotes":""},"class_list":["post-74","page","type-page","status-publish","hentry"],"_links":{"self":[{"href":"https:\/\/iceberg.udg.edu\/index.php?rest_route=\/wp\/v2\/pages\/74","targetHints":{"allow":["GET"]}}],"collection":[{"href":"https:\/\/iceberg.udg.edu\/index.php?rest_route=\/wp\/v2\/pages"}],"about":[{"href":"https:\/\/iceberg.udg.edu\/index.php?rest_route=\/wp\/v2\/types\/page"}],"author":[{"embeddable":true,"href":"https:\/\/iceberg.udg.edu\/index.php?rest_route=\/wp\/v2\/users\/1"}],"replies":[{"embeddable":true,"href":"https:\/\/iceberg.udg.edu\/index.php?rest_route=%2Fwp%2Fv2%2Fcomments&post=74"}],"version-history":[{"count":84,"href":"https:\/\/iceberg.udg.edu\/index.php?rest_route=\/wp\/v2\/pages\/74\/revisions"}],"predecessor-version":[{"id":21847,"href":"https:\/\/iceberg.udg.edu\/index.php?rest_route=\/wp\/v2\/pages\/74\/revisions\/21847"}],"wp:attachment":[{"href":"https:\/\/iceberg.udg.edu\/index.php?rest_route=%2Fwp%2Fv2%2Fmedia&parent=74"}],"curies":[{"name":"wp","href":"https:\/\/api.w.org\/{rel}","templated":true}]}}